CRAN Package Check Results for Package tsfa

Last updated on 2016-02-13 19:47:27.

Flavor Version Tinstall Tcheck Ttotal Status Flags
r-devel-linux-x86_64-debian-gcc 2014.10-1 0.85 21.06 21.91 NOTE
r-devel-linux-x86_64-fedora-clang 2014.10-1 42.17 NOTE
r-devel-linux-x86_64-fedora-gcc 2014.10-1 40.86 NOTE
r-devel-osx-x86_64-clang 2014.10-1 47.86 NOTE
r-devel-windows-ix86+x86_64 2014.10-1 6.00 40.00 46.00 NOTE
r-patched-linux-x86_64 2014.10-1 1.07 24.35 25.42 OK
r-patched-solaris-sparc 2014.10-1 280.20 OK
r-patched-solaris-x86 2014.10-1 59.20 OK
r-release-linux-x86_64 2014.10-1 1.24 24.48 25.72 OK
r-release-osx-x86_64-mavericks 2014.10-1 OK
r-release-windows-ix86+x86_64 2014.10-1 5.00 44.00 49.00 OK
r-oldrel-windows-ix86+x86_64 2014.10-1 7.00 56.00 63.00 OK

Check Details

Version: 2014.10-1
Check: R code for possible problems
Result: NOTE
    DstandardizedLoadings.TSFmodel: no visible global function definition
     for ‘cov’
    FAfitStats.TSFmodel: no visible global function definition for ‘cov’
    FAfitStats.default: no visible global function definition for ‘cor’
    FAfitStats.default: no visible global function definition for
     ‘factanal’
    FAfitStats.default: no visible global function definition for ‘pchisq’
    FAmodelFitStats: no visible global function definition for ‘pchisq’
    checkResiduals.TSFmodel: no visible global function definition for
     ‘cov’
    distribution.factorsEstEval: no visible global function definition for
     ‘par’
    distribution.factorsEstEval: no visible binding for global variable
     ‘par’
    distribution.factorsEstEval: no visible global function definition for
     ‘density’
    distribution.factorsEstEval: no visible global function definition for
     ‘matplot’
    distribution.factorsEstEval: no visible global function definition for
     ‘title’
    summary.TSFmodel: no visible global function definition for ‘start’
    summary.TSFmodel: no visible global function definition for ‘end’
    Undefined global functions or variables:
     cor cov density end factanal matplot par pchisq start title
    Consider adding
     importFrom("graphics", "matplot", "par", "title")
     importFrom("stats", "cor", "cov", "density", "end", "factanal",
     "pchisq", "start")
    to your NAMESPACE file.
Flavors: r-devel-linux-x86_64-debian-gcc, r-devel-linux-x86_64-fedora-clang, r-devel-linux-x86_64-fedora-gcc, r-devel-osx-x86_64-clang, r-devel-windows-ix86+x86_64