CRAN Package Check Results for Package tsfa

Last updated on 2014-04-25 05:47:27.

Flavor Version Tinstall Tcheck Ttotal Status Flags
r-devel-linux-x86_64-debian-clang 2014.2-2 1.22 29.50 30.72 OK
r-devel-linux-x86_64-debian-gcc 2014.2-2 1.22 29.42 30.63 OK
r-devel-linux-x86_64-fedora-clang 2014.2-2 62.68 OK
r-devel-linux-x86_64-fedora-gcc 2014.2-2 60.19 OK
r-devel-osx-x86_64-clang 2014.2-2 60.35 OK
r-devel-osx-x86_64-gcc 2014.2-2 OK
r-devel-windows-ix86+x86_64 2014.2-2 4.00 43.00 47.00 OK
r-patched-linux-x86_64 2014.2-2 1.21 29.33 30.54 OK
r-patched-solaris-sparc 2014.2-2 368.80 OK
r-patched-solaris-x86 2014.2-2 79.50 OK
r-release-linux-ix86 2014.2-2 2.00 53.00 55.00 OK
r-release-linux-x86_64 2014.2-2 1.22 29.24 30.46 OK
r-release-osx-x86_64-mavericks 2014.2-2 WARN
r-release-osx-x86_64-snowleopard 2014.2-2 OK
r-release-windows-ix86+x86_64 2014.2-2 4.00 43.00 47.00 OK
r-oldrel-windows-ix86+x86_64 2014.2-2 5.00 46.00 51.00 OK

Check Details

Version: 2014.2-2
Check: PDF version of manual
Result: WARNING
    LaTeX errors when creating PDF version.
    This typically indicates Rd problems.
    LaTeX errors found:
    ! LaTeX Error: File `upquote.sty' not found.
    
    Type X to quit or <RETURN> to proceed,
    or enter new name. (Default extension: sty)
    
    107ce9ba/Rd2.tex:8: ==> Fatal error occurred, no output PDF file produced!
Flavor: r-release-osx-x86_64-mavericks