CRAN Package Check Results for Package tsfa

Last updated on 2016-06-29 12:47:16.

Flavor Version Tinstall Tcheck Ttotal Status Flags
r-devel-linux-x86_64-debian-gcc 2014.10-1 0.90 24.23 25.13 NOTE
r-devel-linux-x86_64-fedora-clang 2014.10-1 42.53 NOTE
r-devel-linux-x86_64-fedora-gcc 2014.10-1 42.36 NOTE
r-devel-osx-x86_64-clang 2014.10-1 36.11 NOTE
r-devel-windows-ix86+x86_64 2014.10-1 3.00 63.00 66.00 NOTE
r-patched-linux-x86_64 2014.10-1 0.91 23.71 24.62 NOTE
r-patched-solaris-sparc 2014.10-1 257.30 NOTE
r-patched-solaris-x86 2014.10-1 54.60 NOTE
r-release-linux-x86_64 2014.10-1 1.09 22.31 23.40 NOTE
r-release-osx-x86_64-mavericks 2014.10-1 NOTE
r-release-windows-ix86+x86_64 2014.10-1 5.00 97.00 102.00 NOTE
r-oldrel-windows-ix86+x86_64 2014.10-1 6.00 54.00 60.00 OK

Check Details

Version: 2014.10-1
Check: R code for possible problems
Result: NOTE
    DstandardizedLoadings.TSFmodel: no visible global function definition
     for ‘cov’
    FAfitStats.TSFmodel: no visible global function definition for ‘cov’
    FAfitStats.default: no visible global function definition for ‘cor’
    FAfitStats.default: no visible global function definition for
     ‘factanal’
    FAfitStats.default: no visible global function definition for ‘pchisq’
    FAmodelFitStats: no visible global function definition for ‘pchisq’
    checkResiduals.TSFmodel: no visible global function definition for
     ‘cov’
    distribution.factorsEstEval: no visible global function definition for
     ‘par’
    distribution.factorsEstEval: no visible binding for global variable
     ‘par’
    distribution.factorsEstEval: no visible global function definition for
     ‘density’
    distribution.factorsEstEval: no visible global function definition for
     ‘matplot’
    distribution.factorsEstEval: no visible global function definition for
     ‘title’
    summary.TSFmodel: no visible global function definition for ‘start’
    summary.TSFmodel: no visible global function definition for ‘end’
    Undefined global functions or variables:
     cor cov density end factanal matplot par pchisq start title
    Consider adding
     importFrom("graphics", "matplot", "par", "title")
     importFrom("stats", "cor", "cov", "density", "end", "factanal",
     "pchisq", "start")
    to your NAMESPACE file.
Flavors: r-devel-linux-x86_64-debian-gcc, r-devel-linux-x86_64-fedora-clang, r-devel-linux-x86_64-fedora-gcc, r-devel-osx-x86_64-clang, r-devel-windows-ix86+x86_64, r-patched-linux-x86_64, r-patched-solaris-sparc, r-patched-solaris-x86, r-release-linux-x86_64, r-release-osx-x86_64-mavericks, r-release-windows-ix86+x86_64