CRAN Package Check Results for Package tsfa

Last updated on 2014-10-31 08:47:21.

Flavor Version Tinstall Tcheck Ttotal Status Flags
r-devel-linux-x86_64-debian-clang 2014.2-2 1.19 28.82 30.01 NOTE
r-devel-linux-x86_64-debian-gcc 2014.2-2 1.16 28.59 29.75 NOTE
r-devel-linux-x86_64-fedora-clang 2014.2-2 59.55 NOTE
r-devel-linux-x86_64-fedora-gcc 2014.2-2 57.73 NOTE
r-devel-osx-x86_64-clang 2014.2-2 57.89 NOTE
r-devel-windows-ix86+x86_64 2014.2-2 5.00 45.00 50.00 NOTE
r-patched-linux-x86_64 2014.2-2 1.21 30.06 31.27 NOTE
r-patched-solaris-sparc 2014.2-2 335.10 NOTE
r-patched-solaris-x86 2014.2-2 77.80 NOTE
r-release-linux-ix86 2014.2-2 1.60 39.68 41.28 OK
r-release-linux-x86_64 2014.2-2 1.18 30.54 31.72 OK
r-release-osx-x86_64-mavericks 2014.2-2 OK
r-release-osx-x86_64-snowleopard 2014.2-2 OK
r-release-windows-ix86+x86_64 2014.2-2 5.00 47.00 52.00 OK
r-oldrel-windows-ix86+x86_64 2014.2-2 5.00 49.00 54.00 OK

Check Details

Version: 2014.2-2
Check: R code for possible problems
Result: NOTE
    simulate.TSFmodel: no visible global function definition for
     ‘makeTSnoise’
Flavors: r-devel-linux-x86_64-debian-clang, r-devel-linux-x86_64-debian-gcc, r-devel-linux-x86_64-fedora-clang, r-devel-linux-x86_64-fedora-gcc, r-devel-osx-x86_64-clang, r-devel-windows-ix86+x86_64, r-patched-linux-x86_64, r-patched-solaris-sparc, r-patched-solaris-x86