CRAN Package Check Results for Package tsfa

Last updated on 2014-08-30 17:47:19.

Flavor Version Tinstall Tcheck Ttotal Status Flags
r-devel-linux-x86_64-debian-clang 2014.2-2 1.09 26.29 27.38 NOTE
r-devel-linux-x86_64-debian-gcc 2014.2-2 1.06 25.90 26.95 NOTE
r-devel-linux-x86_64-fedora-clang 2014.2-2 59.75 NOTE
r-devel-linux-x86_64-fedora-gcc 2014.2-2 57.33 NOTE
r-devel-osx-x86_64-clang 2014.2-2 54.05 NOTE
r-devel-windows-ix86+x86_64 2014.2-2 6.00 45.00 51.00 NOTE
r-patched-linux-x86_64 2014.2-2 1.12 27.68 28.80 OK
r-patched-solaris-sparc 2014.2-2 329.30 OK
r-patched-solaris-x86 2014.2-2 78.90 OK
r-release-linux-ix86 2014.2-2 1.59 38.76 40.35 OK
r-release-linux-x86_64 2014.2-2 1.18 28.40 29.58 OK
r-release-osx-x86_64-mavericks 2014.2-2 OK
r-release-osx-x86_64-snowleopard 2014.2-2 OK
r-release-windows-ix86+x86_64 2014.2-2 5.00 45.00 50.00 OK
r-oldrel-windows-ix86+x86_64 2014.2-2 4.00 45.00 49.00 OK

Check Details

Version: 2014.2-2
Check: R code for possible problems
Result: NOTE
    simulate.TSFmodel: no visible global function definition for
     ‘makeTSnoise’
Flavors: r-devel-linux-x86_64-debian-clang, r-devel-linux-x86_64-debian-gcc, r-devel-linux-x86_64-fedora-clang, r-devel-linux-x86_64-fedora-gcc, r-devel-osx-x86_64-clang, r-devel-windows-ix86+x86_64