CRAN Package Check Results for Package tsfa

Last updated on 2017-03-31 01:49:34.

Flavor Version Tinstall Tcheck Ttotal Status Flags
r-devel-linux-x86_64-debian-clang 2014.10-1 0.98 27.00 27.98 NOTE
r-devel-linux-x86_64-debian-gcc 2014.10-1 1.21 26.07 27.28 NOTE
r-devel-linux-x86_64-fedora-clang 2014.10-1 50.51 NOTE --no-stop-on-test-error
r-devel-linux-x86_64-fedora-gcc 2014.10-1 48.57 NOTE --no-stop-on-test-error
r-devel-macos-x86_64-clang 2014.10-1 41.77 NOTE --no-stop-on-test-error
r-devel-windows-ix86+x86_64 2014.10-1 3.00 70.00 73.00 NOTE
r-patched-linux-x86_64 2014.10-1 1.05 27.01 28.06 NOTE
r-patched-solaris-sparc 2014.10-1 291.70 NOTE
r-patched-solaris-x86 2014.10-1 62.00 NOTE
r-release-linux-x86_64 2014.10-1 0.90 22.41 23.32 NOTE
r-release-osx-x86_64-mavericks 2014.10-1 NOTE
r-release-windows-ix86+x86_64 2014.10-1 6.00 111.00 117.00 NOTE
r-oldrel-windows-ix86+x86_64 2014.10-1 6.00 67.00 73.00 OK

Check Details

Version: 2014.10-1
Check: R code for possible problems
Result: NOTE
    DstandardizedLoadings.TSFmodel: no visible global function definition
     for ‘cov’
    FAfitStats.TSFmodel: no visible global function definition for ‘cov’
    FAfitStats.default: no visible global function definition for ‘cor’
    FAfitStats.default: no visible global function definition for
     ‘factanal’
    FAfitStats.default: no visible global function definition for ‘pchisq’
    FAmodelFitStats: no visible global function definition for ‘pchisq’
    checkResiduals.TSFmodel: no visible global function definition for
     ‘cov’
    distribution.factorsEstEval: no visible global function definition for
     ‘par’
    distribution.factorsEstEval: no visible binding for global variable
     ‘par’
    distribution.factorsEstEval: no visible global function definition for
     ‘density’
    distribution.factorsEstEval: no visible global function definition for
     ‘matplot’
    distribution.factorsEstEval: no visible global function definition for
     ‘title’
    summary.TSFmodel: no visible global function definition for ‘start’
    summary.TSFmodel: no visible global function definition for ‘end’
    Undefined global functions or variables:
     cor cov density end factanal matplot par pchisq start title
    Consider adding
     importFrom("graphics", "matplot", "par", "title")
     importFrom("stats", "cor", "cov", "density", "end", "factanal",
     "pchisq", "start")
    to your NAMESPACE file.
Flavors: r-devel-linux-x86_64-debian-clang, r-devel-linux-x86_64-debian-gcc, r-devel-windows-ix86+x86_64, r-patched-linux-x86_64, r-patched-solaris-sparc, r-patched-solaris-x86, r-release-linux-x86_64, r-release-osx-x86_64-mavericks, r-release-windows-ix86+x86_64

Version: 2014.10-1
Flags: --no-stop-on-test-error
Check: R code for possible problems
Result: NOTE
    DstandardizedLoadings.TSFmodel: no visible global function definition
     for ‘cov’
    FAfitStats.TSFmodel: no visible global function definition for ‘cov’
    FAfitStats.default: no visible global function definition for ‘cor’
    FAfitStats.default: no visible global function definition for
     ‘factanal’
    FAfitStats.default: no visible global function definition for ‘pchisq’
    FAmodelFitStats: no visible global function definition for ‘pchisq’
    checkResiduals.TSFmodel: no visible global function definition for
     ‘cov’
    distribution.factorsEstEval: no visible global function definition for
     ‘par’
    distribution.factorsEstEval: no visible binding for global variable
     ‘par’
    distribution.factorsEstEval: no visible global function definition for
     ‘density’
    distribution.factorsEstEval: no visible global function definition for
     ‘matplot’
    distribution.factorsEstEval: no visible global function definition for
     ‘title’
    summary.TSFmodel: no visible global function definition for ‘start’
    summary.TSFmodel: no visible global function definition for ‘end’
    Undefined global functions or variables:
     cor cov density end factanal matplot par pchisq start title
    Consider adding
     importFrom("graphics", "matplot", "par", "title")
     importFrom("stats", "cor", "cov", "density", "end", "factanal",
     "pchisq", "start")
    to your NAMESPACE file.
Flavors: r-devel-linux-x86_64-fedora-clang, r-devel-linux-x86_64-fedora-gcc, r-devel-macos-x86_64-clang