CRAN Package Check Results for Package tsfa

Last updated on 2016-05-28 05:48:00.

Flavor Version Tinstall Tcheck Ttotal Status Flags
r-devel-linux-x86_64-debian-gcc 2014.10-1 0.90 23.11 24.01 NOTE
r-devel-linux-x86_64-fedora-clang 2014.10-1 43.72 NOTE
r-devel-linux-x86_64-fedora-gcc 2014.10-1 40.69 NOTE
r-devel-osx-x86_64-clang 2014.10-1 48.38 NOTE
r-devel-windows-ix86+x86_64 2014.10-1 3.00 50.00 53.00 NOTE
r-patched-linux-x86_64 2014.10-1 1.13 22.28 23.41 NOTE
r-patched-solaris-sparc 2014.10-1 256.70 NOTE
r-patched-solaris-x86 2014.10-1 55.60 NOTE
r-release-linux-x86_64 2014.10-1 0.91 22.56 23.47 NOTE
r-release-osx-x86_64-mavericks 2014.10-1 NOTE
r-release-windows-ix86+x86_64 2014.10-1 6.00 50.00 56.00 NOTE

Check Details

Version: 2014.10-1
Check: R code for possible problems
Result: NOTE
    DstandardizedLoadings.TSFmodel: no visible global function definition
     for ‘cov’
    FAfitStats.TSFmodel: no visible global function definition for ‘cov’
    FAfitStats.default: no visible global function definition for ‘cor’
    FAfitStats.default: no visible global function definition for
     ‘factanal’
    FAfitStats.default: no visible global function definition for ‘pchisq’
    FAmodelFitStats: no visible global function definition for ‘pchisq’
    checkResiduals.TSFmodel: no visible global function definition for
     ‘cov’
    distribution.factorsEstEval: no visible global function definition for
     ‘par’
    distribution.factorsEstEval: no visible binding for global variable
     ‘par’
    distribution.factorsEstEval: no visible global function definition for
     ‘density’
    distribution.factorsEstEval: no visible global function definition for
     ‘matplot’
    distribution.factorsEstEval: no visible global function definition for
     ‘title’
    summary.TSFmodel: no visible global function definition for ‘start’
    summary.TSFmodel: no visible global function definition for ‘end’
    Undefined global functions or variables:
     cor cov density end factanal matplot par pchisq start title
    Consider adding
     importFrom("graphics", "matplot", "par", "title")
     importFrom("stats", "cor", "cov", "density", "end", "factanal",
     "pchisq", "start")
    to your NAMESPACE file.
Flavors: r-devel-linux-x86_64-debian-gcc, r-devel-linux-x86_64-fedora-clang, r-devel-linux-x86_64-fedora-gcc, r-devel-osx-x86_64-clang, r-devel-windows-ix86+x86_64, r-patched-linux-x86_64, r-patched-solaris-sparc, r-patched-solaris-x86, r-release-linux-x86_64, r-release-osx-x86_64-mavericks, r-release-windows-ix86+x86_64