CRAN Package Check Results for Package tsfa

Last updated on 2017-09-19 19:47:01.

Flavor Version Tinstall Tcheck Ttotal Status Flags
r-devel-linux-x86_64-debian-clang 2014.10-1 0.96 28.62 29.58 NOTE
r-devel-linux-x86_64-debian-gcc 2014.10-1 1.14 27.50 28.63 NOTE
r-devel-linux-x86_64-fedora-clang 2014.10-1 58.19 NOTE
r-devel-linux-x86_64-fedora-gcc 2014.10-1 51.34 NOTE
r-devel-windows-ix86+x86_64 2014.10-1 4.00 76.00 80.00 NOTE
r-patched-linux-x86_64 2014.10-1 1.01 26.92 27.93 NOTE
r-patched-solaris-x86 2014.10-1 63.90 NOTE
r-release-linux-x86_64 2014.10-1 0.98 26.99 27.97 NOTE
r-release-windows-ix86+x86_64 2014.10-1 3.00 59.00 62.00 NOTE
r-release-osx-x86_64 2014.10-1 NOTE
r-oldrel-windows-ix86+x86_64 2014.10-1 3.00 53.00 56.00 NOTE
r-oldrel-osx-x86_64 2014.10-1 NOTE

Check Details

Version: 2014.10-1
Check: R code for possible problems
Result: NOTE
    DstandardizedLoadings.TSFmodel: no visible global function definition
     for ‘cov’
    FAfitStats.TSFmodel: no visible global function definition for ‘cov’
    FAfitStats.default: no visible global function definition for ‘cor’
    FAfitStats.default: no visible global function definition for
     ‘factanal’
    FAfitStats.default: no visible global function definition for ‘pchisq’
    FAmodelFitStats: no visible global function definition for ‘pchisq’
    checkResiduals.TSFmodel: no visible global function definition for
     ‘cov’
    distribution.factorsEstEval: no visible global function definition for
     ‘par’
    distribution.factorsEstEval: no visible binding for global variable
     ‘par’
    distribution.factorsEstEval: no visible global function definition for
     ‘density’
    distribution.factorsEstEval: no visible global function definition for
     ‘matplot’
    distribution.factorsEstEval: no visible global function definition for
     ‘title’
    summary.TSFmodel: no visible global function definition for ‘start’
    summary.TSFmodel: no visible global function definition for ‘end’
    Undefined global functions or variables:
     cor cov density end factanal matplot par pchisq start title
    Consider adding
     importFrom("graphics", "matplot", "par", "title")
     importFrom("stats", "cor", "cov", "density", "end", "factanal",
     "pchisq", "start")
    to your NAMESPACE file.
Flavors: r-devel-linux-x86_64-debian-clang, r-devel-linux-x86_64-debian-gcc, r-devel-linux-x86_64-fedora-clang, r-devel-linux-x86_64-fedora-gcc, r-devel-windows-ix86+x86_64, r-patched-linux-x86_64, r-patched-solaris-x86, r-release-linux-x86_64, r-release-windows-ix86+x86_64, r-release-osx-x86_64, r-oldrel-windows-ix86+x86_64, r-oldrel-osx-x86_64