CRAN Package Check Results for Package tsfa

Last updated on 2014-12-21 23:47:15.

Flavor Version Tinstall Tcheck Ttotal Status Flags
r-devel-linux-x86_64-debian-clang 2014.2-2 1.17 28.44 29.61 NOTE
r-devel-linux-x86_64-debian-gcc 2014.2-2 1.11 28.32 29.43 NOTE
r-devel-linux-x86_64-fedora-clang 2014.2-2 62.35 NOTE
r-devel-linux-x86_64-fedora-gcc 2014.2-2 58.53 NOTE
r-devel-osx-x86_64-clang 2014.2-2 57.84 NOTE
r-devel-windows-ix86+x86_64 2014.2-2 6.00 44.00 50.00 NOTE
r-patched-linux-x86_64 2014.2-2 1.16 29.12 30.28 NOTE
r-patched-solaris-sparc 2014.2-2 335.10 NOTE
r-patched-solaris-x86 2014.2-2 75.80 NOTE
r-release-linux-ix86 2014.2-2 1.56 37.25 38.80 NOTE
r-release-linux-x86_64 2014.2-2 1.19 29.96 31.15 NOTE
r-release-osx-x86_64-mavericks 2014.2-2 OK
r-release-osx-x86_64-snowleopard 2014.2-2 OK
r-release-windows-ix86+x86_64 2014.2-2 5.00 53.00 58.00 NOTE
r-oldrel-windows-ix86+x86_64 2014.2-2 5.00 52.00 57.00 OK

Check Details

Version: 2014.2-2
Check: R code for possible problems
Result: NOTE
    simulate.TSFmodel: no visible global function definition for
     ‘makeTSnoise’
Flavors: r-devel-linux-x86_64-debian-clang, r-devel-linux-x86_64-debian-gcc, r-devel-linux-x86_64-fedora-clang, r-devel-linux-x86_64-fedora-gcc, r-devel-osx-x86_64-clang, r-devel-windows-ix86+x86_64, r-patched-linux-x86_64, r-patched-solaris-sparc, r-patched-solaris-x86, r-release-linux-ix86, r-release-linux-x86_64, r-release-windows-ix86+x86_64