CRAN Package Check Results for Package tsfa

Last updated on 2014-09-03 03:50:42.

Flavor Version Tinstall Tcheck Ttotal Status Flags
r-devel-linux-x86_64-debian-clang 2014.2-2 1.18 26.02 27.20 NOTE
r-devel-linux-x86_64-debian-gcc 2014.2-2 1.05 26.29 27.34 NOTE
r-devel-linux-x86_64-fedora-clang 2014.2-2 60.96 NOTE
r-devel-linux-x86_64-fedora-gcc 2014.2-2 57.33 NOTE
r-devel-osx-x86_64-clang 2014.2-2 54.64 NOTE
r-devel-windows-ix86+x86_64 2014.2-2 5.00 50.00 55.00 NOTE
r-patched-linux-x86_64 2014.2-2 1.11 27.85 28.96 OK
r-patched-solaris-sparc 2014.2-2 329.30 OK
r-patched-solaris-x86 2014.2-2 78.90 OK
r-release-linux-ix86 2014.2-2 1.57 38.88 40.45 OK
r-release-linux-x86_64 2014.2-2 1.15 28.21 29.36 OK
r-release-osx-x86_64-mavericks 2014.2-2 OK
r-release-osx-x86_64-snowleopard 2014.2-2 OK
r-release-windows-ix86+x86_64 2014.2-2 5.00 50.00 55.00 OK
r-oldrel-windows-ix86+x86_64 2014.2-2 5.00 46.00 51.00 OK

Check Details

Version: 2014.2-2
Check: R code for possible problems
Result: NOTE
    simulate.TSFmodel: no visible global function definition for
     ‘makeTSnoise’
Flavors: r-devel-linux-x86_64-debian-clang, r-devel-linux-x86_64-debian-gcc, r-devel-linux-x86_64-fedora-clang, r-devel-linux-x86_64-fedora-gcc, r-devel-osx-x86_64-clang, r-devel-windows-ix86+x86_64