CRAN Package Check Results for Package tsfa

Last updated on 2014-11-26 11:48:50.

Flavor Version Tinstall Tcheck Ttotal Status Flags
r-devel-linux-x86_64-debian-clang 2014.2-2 1.18 28.60 29.78 NOTE
r-devel-linux-x86_64-debian-gcc 2014.2-2 1.19 29.01 30.20 NOTE
r-devel-linux-x86_64-fedora-clang 2014.2-2 61.38 NOTE
r-devel-linux-x86_64-fedora-gcc 2014.2-2 58.99 NOTE
r-devel-osx-x86_64-clang 2014.2-2 58.25 NOTE
r-devel-windows-ix86+x86_64 2014.2-2 5.00 43.00 48.00 NOTE
r-patched-linux-x86_64 2014.2-2 1.14 30.34 31.48 NOTE
r-patched-solaris-sparc 2014.2-2 335.10 NOTE
r-patched-solaris-x86 2014.2-2 78.50 NOTE
r-release-linux-ix86 2014.2-2 1.55 37.44 38.99 NOTE
r-release-linux-x86_64 2014.2-2 1.28 29.38 30.66 NOTE
r-release-osx-x86_64-mavericks 2014.2-2 OK
r-release-osx-x86_64-snowleopard 2014.2-2 OK
r-release-windows-ix86+x86_64 2014.2-2 5.00 45.00 50.00 NOTE
r-oldrel-windows-ix86+x86_64 2014.2-2 5.00 47.00 52.00 OK

Check Details

Version: 2014.2-2
Check: R code for possible problems
Result: NOTE
    simulate.TSFmodel: no visible global function definition for
     ‘makeTSnoise’
Flavors: r-devel-linux-x86_64-debian-clang, r-devel-linux-x86_64-debian-gcc, r-devel-linux-x86_64-fedora-clang, r-devel-linux-x86_64-fedora-gcc, r-devel-osx-x86_64-clang, r-devel-windows-ix86+x86_64, r-patched-linux-x86_64, r-patched-solaris-sparc, r-patched-solaris-x86, r-release-linux-ix86, r-release-linux-x86_64, r-release-windows-ix86+x86_64