CRAN Package Check Results for Package tsfa

Last updated on 2015-08-31 17:48:41.

Flavor Version Tinstall Tcheck Ttotal Status Flags
r-devel-linux-x86_64-debian-clang 2014.10-1 0.83 23.46 24.29 NOTE
r-devel-linux-x86_64-debian-gcc 2014.10-1 0.84 23.31 24.16 NOTE
r-devel-linux-x86_64-fedora-clang 2014.10-1 48.33 NOTE
r-devel-linux-x86_64-fedora-gcc 2014.10-1 45.81 NOTE
r-devel-osx-x86_64-clang 2014.10-1 40.87 OK
r-devel-windows-ix86+x86_64 2014.10-1 5.00 61.00 66.00 NOTE
r-patched-linux-x86_64 2014.10-1 0.92 24.20 25.12 OK
r-patched-solaris-sparc 2014.10-1 302.20 OK
r-patched-solaris-x86 2014.10-1 65.70 OK
r-release-linux-x86_64 2014.10-1 0.96 25.03 25.99 OK
r-release-osx-x86_64-mavericks 2014.10-1 OK
r-release-windows-ix86+x86_64 2014.10-1 6.00 45.00 51.00 OK
r-oldrel-windows-ix86+x86_64 2014.10-1 7.00 50.00 57.00 OK

Check Details

Version: 2014.10-1
Check: R code for possible problems
Result: NOTE
    DstandardizedLoadings.TSFmodel: no visible global function definition
     for ‘cov’
    FAfitStats.TSFmodel: no visible global function definition for ‘cov’
    FAfitStats.default: no visible global function definition for ‘cor’
    FAfitStats.default: no visible global function definition for
     ‘factanal’
    FAfitStats.default: no visible global function definition for ‘pchisq’
    FAmodelFitStats: no visible global function definition for ‘pchisq’
    checkResiduals.TSFmodel: no visible global function definition for
     ‘cov’
    distribution.factorsEstEval: no visible global function definition for
     ‘par’
    distribution.factorsEstEval: no visible binding for global variable
     ‘par’
    distribution.factorsEstEval: no visible global function definition for
     ‘density’
    distribution.factorsEstEval: no visible global function definition for
     ‘matplot’
    distribution.factorsEstEval: no visible global function definition for
     ‘title’
    summary.TSFmodel: no visible global function definition for ‘start’
    summary.TSFmodel: no visible global function definition for ‘end’
    Undefined global functions or variables:
     cor cov density end factanal matplot par pchisq start title
    Consider adding
     importFrom("graphics", "matplot", "par", "title")
     importFrom("stats", "cor", "cov", "density", "end", "factanal",
     "pchisq", "start")
    to your NAMESPACE.
Flavors: r-devel-linux-x86_64-debian-clang, r-devel-linux-x86_64-debian-gcc, r-devel-linux-x86_64-fedora-clang, r-devel-linux-x86_64-fedora-gcc, r-devel-windows-ix86+x86_64