CRAN Package Check Results for Package tslars

Last updated on 2015-01-25 04:47:19.

Flavor Version Tinstall Tcheck Ttotal Status Flags
r-devel-linux-x86_64-debian-clang 1.0 0.57 10.68 11.25 OK
r-devel-linux-x86_64-debian-gcc 1.0 0.54 10.30 10.84 OK
r-devel-linux-x86_64-fedora-clang 1.0 23.39 NOTE
r-devel-linux-x86_64-fedora-gcc 1.0 21.72 NOTE
r-devel-osx-x86_64-clang 1.0 26.42 OK
r-devel-windows-ix86+x86_64 1.0 3.00 18.00 21.00 OK
r-patched-linux-x86_64 1.0 0.58 10.71 11.29 OK
r-patched-solaris-sparc 1.0 123.00 OK
r-patched-solaris-x86 1.0 32.00 OK
r-release-linux-ix86 1.0 0.83 15.64 16.48 OK
r-release-linux-x86_64 1.0 0.67 10.50 11.17 OK
r-release-osx-x86_64-mavericks 1.0 OK
r-release-windows-ix86+x86_64 1.0 2.00 23.00 25.00 OK
r-oldrel-windows-ix86+x86_64 1.0 2.00 18.00 20.00 OK

Check Details

Version: 1.0
Check: S3 generic/method consistency
Result: NOTE
    Found the following apparent S3 methods exported but not registered:
     print.summary.tslars print.tslars summary.tslars coef.tslars
     predict.tslars
    See section ‘Registering S3 methods’ in the ‘Writing R Extensions’
    manual.
Flavors: r-devel-linux-x86_64-fedora-clang, r-devel-linux-x86_64-fedora-gcc