CRAN Package Check Results for Package tslars

Last updated on 2015-03-04 00:47:25.

Flavor Version Tinstall Tcheck Ttotal Status Flags
r-devel-linux-x86_64-debian-clang 1.0 0.56 10.00 10.56 NOTE
r-devel-linux-x86_64-debian-gcc 1.0 0.51 9.73 10.24 NOTE
r-devel-linux-x86_64-fedora-clang 1.0 20.11 NOTE
r-devel-linux-x86_64-fedora-gcc 1.0 18.97 NOTE
r-devel-osx-x86_64-clang 1.0 24.93 NOTE
r-devel-windows-ix86+x86_64 1.0 2.00 19.00 21.00 OK
r-patched-linux-x86_64 1.0 0.57 11.10 11.68 OK
r-patched-solaris-sparc 1.0 145.30 OK
r-patched-solaris-x86 1.0 33.50 OK
r-release-linux-ix86 1.0 0.90 16.28 17.18 OK
r-release-linux-x86_64 1.0 0.72 11.19 11.91 OK
r-release-osx-x86_64-mavericks 1.0 OK
r-release-windows-ix86+x86_64 1.0 2.00 23.00 25.00 OK
r-oldrel-windows-ix86+x86_64 1.0 2.00 18.00 20.00 OK

Check Details

Version: 1.0
Check: S3 generic/method consistency
Result: NOTE
    Found the following apparent S3 methods exported but not registered:
     coef.tslars predict.tslars print.summary.tslars print.tslars
     summary.tslars
    See section ‘Registering S3 methods’ in the ‘Writing R Extensions’
    manual.
Flavors: r-devel-linux-x86_64-debian-clang, r-devel-linux-x86_64-debian-gcc, r-devel-linux-x86_64-fedora-clang, r-devel-linux-x86_64-fedora-gcc, r-devel-osx-x86_64-clang