CRAN Package Check Results for Package tslars

Last updated on 2014-04-24 07:52:39.

Flavor Version Tinstall Tcheck Ttotal Status Flags
r-devel-linux-x86_64-debian-clang 1.0 0.60 10.14 10.73 OK
r-devel-linux-x86_64-debian-gcc 1.0 0.57 10.23 10.80 OK
r-devel-linux-x86_64-fedora-clang 1.0 21.16 OK
r-devel-linux-x86_64-fedora-gcc 1.0 19.60 OK
r-devel-osx-x86_64-clang 1.0 23.23 OK
r-devel-osx-x86_64-gcc 1.0 OK
r-devel-windows-ix86+x86_64 1.0 2.00 16.00 18.00 OK
r-patched-linux-x86_64 1.0 0.52 10.15 10.67 OK
r-patched-solaris-sparc 1.0 136.30 OK
r-patched-solaris-x86 1.0 29.50 OK
r-release-linux-ix86 1.0 1.00 22.00 23.00 OK
r-release-linux-x86_64 1.0 0.64 10.15 10.78 OK
r-release-osx-x86_64-mavericks 1.0 WARN
r-release-windows-ix86+x86_64 1.0 4.00 17.00 21.00 OK
r-oldrel-windows-ix86+x86_64 1.0 2.00 18.00 20.00 OK

Check Details

Version: 1.0
Check: PDF version of manual
Result: WARNING
    LaTeX errors when creating PDF version.
    This typically indicates Rd problems.
    LaTeX errors found:
    ! LaTeX Error: File `upquote.sty' not found.
    
    Type X to quit or <RETURN> to proceed,
    or enter new name. (Default extension: sty)
    
    4a440500/Rd2.tex:8: ==> Fatal error occurred, no output PDF file produced!
Flavor: r-release-osx-x86_64-mavericks