CRAN Package Check Results for Package tslars

Last updated on 2015-05-28 12:48:11.

Flavor Version Tinstall Tcheck Ttotal Status Flags
r-devel-linux-x86_64-debian-clang 1.0 0.55 10.53 11.08 NOTE
r-devel-linux-x86_64-debian-gcc 1.0 0.61 10.05 10.66 NOTE
r-devel-linux-x86_64-fedora-clang 1.0 20.32 NOTE
r-devel-linux-x86_64-fedora-gcc 1.0 19.69 NOTE
r-devel-osx-x86_64-clang 1.0 24.98 NOTE
r-devel-windows-ix86+x86_64 1.0 2.00 17.00 19.00 OK
r-patched-linux-x86_64 1.0 0.60 10.26 10.86 NOTE
r-patched-solaris-sparc 1.0 114.50 NOTE
r-patched-solaris-x86 1.0 28.70 NOTE
r-release-linux-x86_64 1.0 0.55 10.10 10.66 NOTE
r-release-osx-x86_64-mavericks 1.0 OK
r-release-osx-x86_64-snowleopard 1.0 OK
r-release-windows-ix86+x86_64 1.0 2.00 18.00 20.00 OK
r-oldrel-windows-ix86+x86_64 1.0 3.00 19.00 22.00 OK

Check Details

Version: 1.0
Check: S3 generic/method consistency
Result: NOTE
    Found the following apparent S3 methods exported but not registered:
     coef.tslars predict.tslars print.summary.tslars print.tslars
     summary.tslars
    See section ‘Registering S3 methods’ in the ‘Writing R Extensions’
    manual.
Flavors: r-devel-linux-x86_64-debian-clang, r-devel-linux-x86_64-debian-gcc, r-devel-linux-x86_64-fedora-clang, r-devel-linux-x86_64-fedora-gcc, r-devel-osx-x86_64-clang, r-patched-linux-x86_64, r-patched-solaris-sparc, r-patched-solaris-x86, r-release-linux-x86_64