CRAN Package Check Results for Package tsmp

Last updated on 2020-05-26 07:49:25 CEST.

Flavor Version Tinstall Tcheck Ttotal Status Flags
r-devel-linux-x86_64-debian-clang 0.4.14 56.48 102.23 158.71 NOTE
r-devel-linux-x86_64-debian-gcc 0.4.14 43.51 76.64 120.15 NOTE
r-devel-linux-x86_64-fedora-clang 0.4.14 216.57 NOTE
r-devel-linux-x86_64-fedora-gcc 0.4.14 191.59 NOTE
r-devel-windows-ix86+x86_64 0.4.14 135.00 207.00 342.00 NOTE
r-patched-linux-x86_64 0.4.14 44.45 103.01 147.46 NOTE
r-patched-solaris-x86 0.4.14 216.50 NOTE
r-release-linux-x86_64 0.4.14 46.09 102.76 148.85 NOTE
r-release-osx-x86_64 0.4.14 NOTE
r-release-windows-ix86+x86_64 0.4.14 105.00 201.00 306.00 NOTE
r-oldrel-osx-x86_64 0.4.14 NOTE
r-oldrel-windows-ix86+x86_64 0.4.14 98.00 474.00 572.00 NOTE

Additional issues

clang-UBSAN

Check Details

Version: 0.4.14
Check: for GNU extensions in Makefiles
Result: NOTE
    GNU make is a SystemRequirements.
Flavors: r-devel-linux-x86_64-debian-clang, r-devel-linux-x86_64-debian-gcc, r-devel-linux-x86_64-fedora-clang, r-devel-linux-x86_64-fedora-gcc, r-devel-windows-ix86+x86_64, r-patched-linux-x86_64, r-patched-solaris-x86, r-release-linux-x86_64, r-release-osx-x86_64, r-release-windows-ix86+x86_64, r-oldrel-osx-x86_64, r-oldrel-windows-ix86+x86_64

Version: 0.4.14
Check: installed package size
Result: NOTE
     installed size is 8.8Mb
     sub-directories of 1Mb or more:
     data 4.6Mb
     libs 2.8Mb
Flavors: r-devel-linux-x86_64-fedora-clang, r-devel-windows-ix86+x86_64, r-patched-solaris-x86, r-release-osx-x86_64, r-release-windows-ix86+x86_64, r-oldrel-osx-x86_64, r-oldrel-windows-ix86+x86_64