CRAN Package Check Results for Package tsmp

Last updated on 2019-10-20 07:48:18 CEST.

Flavor Version Tinstall Tcheck Ttotal Status Flags
r-devel-linux-x86_64-debian-clang 0.3.5 11.75 85.59 97.34 OK
r-devel-linux-x86_64-debian-gcc 0.3.5 10.48 63.94 74.42 OK
r-devel-linux-x86_64-fedora-clang 0.3.5 115.51 NOTE
r-devel-linux-x86_64-fedora-gcc 0.3.5 116.45 OK
r-devel-windows-ix86+x86_64 0.3.5 20.00 154.00 174.00 NOTE
r-patched-linux-x86_64 0.3.5 11.78 84.61 96.39 OK
r-patched-solaris-x86 0.3.5 173.80 NOTE
r-release-linux-x86_64 0.3.5 11.82 85.82 97.64 OK
r-release-windows-ix86+x86_64 0.3.5 21.00 109.00 130.00 NOTE
r-release-osx-x86_64 0.3.5 NOTE
r-oldrel-windows-ix86+x86_64 0.3.5 16.00 93.00 109.00 NOTE
r-oldrel-osx-x86_64 0.3.5 NOTE

Check Details

Version: 0.3.5
Check: installed package size
Result: NOTE
     installed size is 5.7Mb
     sub-directories of 1Mb or more:
     data 4.6Mb
Flavors: r-devel-linux-x86_64-fedora-clang, r-devel-windows-ix86+x86_64, r-patched-solaris-x86, r-release-windows-ix86+x86_64, r-release-osx-x86_64, r-oldrel-windows-ix86+x86_64, r-oldrel-osx-x86_64