CRAN Package Check Results for Package tspmeta

Last updated on 2019-03-21 19:47:23 CET.

Flavor Version Tinstall Tcheck Ttotal Status Flags
r-devel-linux-x86_64-debian-clang 1.2 14.12 107.29 121.41 OK
r-devel-linux-x86_64-debian-gcc 1.2 11.79 81.73 93.52 OK
r-devel-linux-x86_64-fedora-clang 1.2 143.86 NOTE
r-devel-linux-x86_64-fedora-gcc 1.2 136.42 NOTE
r-devel-windows-ix86+x86_64 1.2 43.00 199.00 242.00 OK
r-patched-linux-x86_64 1.2 8.75 99.53 108.28 OK
r-patched-solaris-x86 1.2 212.60 OK
r-release-linux-x86_64 1.2 8.50 98.26 106.76 OK
r-release-windows-ix86+x86_64 1.2 23.00 210.00 233.00 OK
r-release-osx-x86_64 1.2 OK
r-oldrel-windows-ix86+x86_64 1.2 39.00 198.00 237.00 OK
r-oldrel-osx-x86_64 1.2 OK

Check Details

Version: 1.2
Check: compiled code
Result: NOTE
    File ‘tspmeta/libs/tspmeta.so’:
     Found no calls to: ‘R_registerRoutines’, ‘R_useDynamicSymbols’
    
    It is good practice to register native routines and to disable symbol
    search.
    
    See ‘Writing portable packages’ in the ‘Writing R Extensions’ manual.
Flavors: r-devel-linux-x86_64-fedora-clang, r-devel-linux-x86_64-fedora-gcc