CRAN Package Check Results for Package tspmeta

Last updated on 2018-01-19 03:48:10 CET.

Flavor Version Tinstall Tcheck Ttotal Status Flags
r-devel-linux-x86_64-debian-clang 1.2 6.74 77.15 83.89 NOTE
r-devel-linux-x86_64-debian-gcc 1.2 6.39 68.70 75.09 NOTE
r-devel-linux-x86_64-fedora-clang 1.2 121.67 NOTE
r-devel-linux-x86_64-fedora-gcc 1.2 117.99 NOTE
r-devel-windows-ix86+x86_64 1.2 17.00 124.00 141.00 OK
r-patched-linux-x86_64 1.2 8.43 94.38 102.81 NOTE
r-patched-solaris-x86 1.2 210.60 OK
r-release-linux-x86_64 1.2 8.55 96.01 104.56 NOTE
r-release-windows-ix86+x86_64 1.2 18.00 145.00 163.00 OK
r-release-osx-x86_64 1.2 OK
r-oldrel-windows-ix86+x86_64 1.2 17.00 172.00 189.00 OK
r-oldrel-osx-x86_64 1.2 OK

Check Details

Version: 1.2
Check: compiled code
Result: NOTE
    File ‘tspmeta/libs/tspmeta.so’:
     Found no calls to: ‘R_registerRoutines’, ‘R_useDynamicSymbols’
    
    It is good practice to register native routines and to disable symbol
    search.
    
    See ‘Writing portable packages’ in the ‘Writing R Extensions’ manual.
Flavors: r-devel-linux-x86_64-debian-clang, r-devel-linux-x86_64-debian-gcc, r-devel-linux-x86_64-fedora-clang, r-devel-linux-x86_64-fedora-gcc, r-patched-linux-x86_64, r-release-linux-x86_64