CRAN Package Check Results for Package tspmeta

Last updated on 2018-06-21 22:50:13 CEST.

Flavor Version Tinstall Tcheck Ttotal Status Flags
r-devel-linux-x86_64-debian-clang 1.2 10.20 105.77 115.97 NOTE
r-devel-linux-x86_64-debian-gcc 1.2 7.34 91.75 99.09 NOTE
r-devel-linux-x86_64-fedora-clang 1.2 147.65 NOTE
r-devel-linux-x86_64-fedora-gcc 1.2 141.69 NOTE
r-devel-windows-ix86+x86_64 1.2 30.00 156.00 186.00 OK
r-patched-linux-x86_64 1.2 9.07 95.56 104.63 NOTE
r-patched-solaris-x86 1.2 203.00 OK
r-release-linux-x86_64 1.2 7.88 94.51 102.39 NOTE
r-release-windows-ix86+x86_64 1.2 19.00 208.00 227.00 OK
r-release-osx-x86_64 1.2 OK
r-oldrel-windows-ix86+x86_64 1.2 17.00 136.00 153.00 OK
r-oldrel-osx-x86_64 1.2 OK

Check Details

Version: 1.2
Check: compiled code
Result: NOTE
    File ‘tspmeta/libs/tspmeta.so’:
     Found no calls to: ‘R_registerRoutines’, ‘R_useDynamicSymbols’
    
    It is good practice to register native routines and to disable symbol
    search.
    
    See ‘Writing portable packages’ in the ‘Writing R Extensions’ manual.
Flavors: r-devel-linux-x86_64-debian-clang, r-devel-linux-x86_64-debian-gcc, r-devel-linux-x86_64-fedora-clang, r-devel-linux-x86_64-fedora-gcc, r-patched-linux-x86_64, r-release-linux-x86_64