CRAN Package Check Results for Package tspmeta

Last updated on 2018-10-16 18:51:05 CEST.

Flavor Version Tinstall Tcheck Ttotal Status Flags
r-devel-linux-x86_64-debian-clang 1.2 10.55 122.29 132.84 OK
r-devel-linux-x86_64-debian-gcc 1.2 9.59 95.56 105.15 OK
r-devel-linux-x86_64-fedora-clang 1.2 155.63 NOTE
r-devel-linux-x86_64-fedora-gcc 1.2 159.48 NOTE
r-devel-windows-ix86+x86_64 1.2 33.00 173.00 206.00 OK
r-patched-linux-x86_64 1.2 8.02 98.33 106.35 OK
r-patched-solaris-x86 1.2 213.50 OK
r-release-linux-x86_64 1.2 8.73 97.54 106.27 OK
r-release-windows-ix86+x86_64 1.2 34.00 205.00 239.00 OK
r-release-osx-x86_64 1.2 OK
r-oldrel-windows-ix86+x86_64 1.2 34.00 153.00 187.00 OK
r-oldrel-osx-x86_64 1.2 OK

Check Details

Version: 1.2
Check: compiled code
Result: NOTE
    File ‘tspmeta/libs/tspmeta.so’:
     Found no calls to: ‘R_registerRoutines’, ‘R_useDynamicSymbols’
    
    It is good practice to register native routines and to disable symbol
    search.
    
    See ‘Writing portable packages’ in the ‘Writing R Extensions’ manual.
Flavors: r-devel-linux-x86_64-fedora-clang, r-devel-linux-x86_64-fedora-gcc