CRAN Package Check Results for Package tsutils

Last updated on 2021-01-23 22:55:24 CET.

Flavor Version Tinstall Tcheck Ttotal Status Flags
r-devel-linux-x86_64-debian-clang 0.9.2 14.97 123.43 138.40 OK
r-devel-linux-x86_64-debian-gcc 0.9.2 11.41 91.81 103.22 OK
r-devel-linux-x86_64-fedora-clang 0.9.2 170.88 NOTE
r-devel-linux-x86_64-fedora-gcc 0.9.2 167.28 OK
r-devel-windows-ix86+x86_64 0.9.2 35.00 109.00 144.00 OK
r-patched-linux-x86_64 0.9.2 10.86 110.50 121.36 OK
r-patched-solaris-x86 0.9.2 234.00 OK
r-release-linux-x86_64 0.9.2 10.42 109.83 120.25 OK
r-release-macos-x86_64 0.9.2 OK
r-release-windows-ix86+x86_64 0.9.2 38.00 147.00 185.00 OK
r-oldrel-macos-x86_64 0.9.2 OK
r-oldrel-windows-ix86+x86_64 0.9.2 27.00 120.00 147.00 OK

Check Details

Version: 0.9.2
Check: Rd cross-references
Result: NOTE
    Undeclared package ‘glmnet’ in Rd xrefs
Flavor: r-devel-linux-x86_64-fedora-clang