CRAN Package Check Results for Package ttScreening

Last updated on 2015-05-29 23:48:21.

Flavor Version Tinstall Tcheck Ttotal Status Flags
r-devel-linux-x86_64-debian-clang 1.5 7.68 80.67 88.34 NOTE
r-devel-linux-x86_64-debian-gcc 1.5 7.06 78.14 85.19 NOTE
r-devel-linux-x86_64-fedora-clang 1.5 193.82 NOTE
r-devel-linux-x86_64-fedora-gcc 1.5 178.20 NOTE
r-devel-osx-x86_64-clang 1.5 156.40 NOTE
r-devel-windows-ix86+x86_64 1.5 19.00 123.00 142.00 NOTE
r-patched-linux-x86_64 1.5 9.14 78.29 87.42 NOTE
r-patched-solaris-sparc 1.5 1100.40 NOTE
r-patched-solaris-x86 1.5 246.00 NOTE
r-release-linux-x86_64 1.5 7.22 78.60 85.82 NOTE
r-release-osx-x86_64-mavericks 1.5 NOTE
r-release-osx-x86_64-snowleopard 1.5 ERROR
r-release-windows-ix86+x86_64 1.5 19.00 134.00 153.00 NOTE
r-oldrel-windows-ix86+x86_64 1.5 32.00 150.00 182.00 OK

Check Details

Version: 1.5
Check: DESCRIPTION meta-information
Result: NOTE
    Malformed Title field: should not end in a period.
Flavors: r-devel-linux-x86_64-debian-clang, r-devel-linux-x86_64-debian-gcc, r-devel-linux-x86_64-fedora-clang, r-devel-linux-x86_64-fedora-gcc, r-devel-osx-x86_64-clang, r-devel-windows-ix86+x86_64, r-patched-linux-x86_64, r-patched-solaris-sparc, r-patched-solaris-x86, r-release-linux-x86_64, r-release-osx-x86_64-mavericks, r-release-windows-ix86+x86_64

Version: 1.5
Check: package dependencies
Result: ERROR
    Packages required but not available: ‘sva’ ‘limma’
    
    See section ‘The DESCRIPTION file’ in the ‘Writing R Extensions’
    manual.
Flavor: r-release-osx-x86_64-snowleopard