CRAN Package Check Results for Package ttScreening

Last updated on 2016-08-24 02:48:46.

Flavor Version Tinstall Tcheck Ttotal Status Flags
r-devel-linux-x86_64-debian-clang 1.5 7.19 79.02 86.22 NOTE
r-devel-linux-x86_64-debian-gcc 1.5 7.64 77.68 85.32 NOTE
r-devel-linux-x86_64-fedora-clang 1.5 180.89 NOTE
r-devel-linux-x86_64-fedora-gcc 1.5 173.91 NOTE
r-devel-osx-x86_64-clang 1.5 140.68 NOTE
r-devel-windows-ix86+x86_64 1.5 26.00 182.00 208.00 WARN
r-patched-linux-x86_64 1.5 6.99 72.52 79.52 NOTE
r-patched-solaris-sparc 1.5 1005.50 NOTE
r-patched-solaris-x86 1.5 219.60 NOTE
r-release-linux-x86_64 1.5 6.81 73.84 80.64 NOTE
r-release-osx-x86_64-mavericks 1.5 NOTE
r-release-windows-ix86+x86_64 1.5 26.00 177.00 203.00 NOTE
r-oldrel-windows-ix86+x86_64 1.5 30.00 127.00 157.00 NOTE

Check Details

Version: 1.5
Check: DESCRIPTION meta-information
Result: NOTE
    Malformed Title field: should not end in a period.
Flavors: r-devel-linux-x86_64-debian-clang, r-devel-linux-x86_64-debian-gcc, r-devel-linux-x86_64-fedora-clang, r-devel-linux-x86_64-fedora-gcc, r-devel-osx-x86_64-clang, r-devel-windows-ix86+x86_64, r-patched-linux-x86_64, r-patched-solaris-sparc, r-patched-solaris-x86, r-release-linux-x86_64, r-release-osx-x86_64-mavericks, r-release-windows-ix86+x86_64, r-oldrel-windows-ix86+x86_64

Version: 1.5
Check: R code for possible problems
Result: NOTE
    ttScreening: no visible global function definition for ‘gaussian’
    ttScreening: no visible global function definition for ‘glm.control’
    ttScreening: no visible global function definition for ‘model.response’
    ttScreening: no visible global function definition for ‘is.empty.model’
    ttScreening: no visible global function definition for ‘model.matrix’
    ttScreening: no visible global function definition for ‘na.omit’
    ttScreening: no visible global function definition for ‘terms’
    ttScreening: no visible global function definition for ‘capture.output’
    ttScreening: no visible global function definition for ‘glm’
    ttScreening: no visible binding for global variable ‘gaussian’
    ttScreening: no visible global function definition for ‘pt’
    ttScreening: no visible global function definition for ‘p.adjust’
    Undefined global functions or variables:
     capture.output gaussian glm glm.control is.empty.model model.matrix
     model.response na.omit p.adjust pt terms
    Consider adding
     importFrom("stats", "gaussian", "glm", "glm.control", "is.empty.model",
     "model.matrix", "model.response", "na.omit", "p.adjust",
     "pt", "terms")
     importFrom("utils", "capture.output")
    to your NAMESPACE file.
Flavors: r-devel-linux-x86_64-debian-clang, r-devel-linux-x86_64-debian-gcc, r-devel-linux-x86_64-fedora-clang, r-devel-linux-x86_64-fedora-gcc, r-devel-osx-x86_64-clang, r-devel-windows-ix86+x86_64, r-patched-linux-x86_64, r-patched-solaris-sparc, r-patched-solaris-x86, r-release-linux-x86_64, r-release-osx-x86_64-mavericks, r-release-windows-ix86+x86_64

Version: 1.5
Check: whether package can be installed
Result: WARN
    Found the following significant warnings:
     Warning: multiple methods tables found for 'which.max'
     Warning: multiple methods tables found for 'which.min'
     Warning: multiple methods tables found for 'which'
Flavor: r-devel-windows-ix86+x86_64