CRAN Package Check Results for Package ttScreening

Last updated on 2015-07-03 23:47:59.

Flavor Version Tinstall Tcheck Ttotal Status Flags
r-devel-linux-x86_64-debian-clang 1.5 9.01 78.63 87.64 NOTE
r-devel-linux-x86_64-debian-gcc 1.5 7.34 76.89 84.23 NOTE
r-devel-linux-x86_64-fedora-clang 1.5 187.53 NOTE
r-devel-linux-x86_64-fedora-gcc 1.5 176.74 NOTE
r-devel-osx-x86_64-clang 1.5 140.02 NOTE
r-devel-windows-ix86+x86_64 1.5 29.00 120.00 149.00 NOTE
r-patched-linux-x86_64 1.5 7.71 77.25 84.96 NOTE
r-patched-solaris-sparc 1.5 1100.40 NOTE
r-patched-solaris-x86 1.5 245.60 NOTE
r-release-linux-x86_64 1.5 7.21 78.34 85.55 NOTE
r-release-osx-x86_64-mavericks 1.5 NOTE
r-release-windows-ix86+x86_64 1.5 26.00 129.00 155.00 NOTE
r-oldrel-windows-ix86+x86_64 1.5 29.00 167.00 196.00 OK

Check Details

Version: 1.5
Check: DESCRIPTION meta-information
Result: NOTE
    Malformed Title field: should not end in a period.
Flavors: r-devel-linux-x86_64-debian-clang, r-devel-linux-x86_64-debian-gcc, r-devel-linux-x86_64-fedora-clang, r-devel-linux-x86_64-fedora-gcc, r-devel-osx-x86_64-clang, r-devel-windows-ix86+x86_64, r-patched-linux-x86_64, r-patched-solaris-sparc, r-patched-solaris-x86, r-release-linux-x86_64, r-release-osx-x86_64-mavericks, r-release-windows-ix86+x86_64

Version: 1.5
Check: R code for possible problems
Result: NOTE
    ttScreening: Error while checking: invalid ‘envir’ argument
Flavors: r-devel-linux-x86_64-debian-clang, r-devel-linux-x86_64-debian-gcc, r-devel-linux-x86_64-fedora-clang, r-devel-linux-x86_64-fedora-gcc

Version: 1.5
Check: R code for possible problems
Result: NOTE
    ttScreening: no visible global function definition for 'gaussian'
    ttScreening: no visible global function definition for 'glm.control'
    ttScreening: no visible global function definition for 'model.response'
    ttScreening: no visible global function definition for 'is.empty.model'
    ttScreening: no visible global function definition for 'model.matrix'
    ttScreening: no visible global function definition for 'na.omit'
    ttScreening: no visible global function definition for 'terms'
    ttScreening: no visible global function definition for 'capture.output'
    ttScreening: no visible global function definition for 'glm'
    ttScreening: no visible binding for global variable 'gaussian'
    ttScreening: no visible global function definition for 'pt'
    ttScreening: no visible global function definition for 'p.adjust'
    Undefined global functions or variables:
     capture.output gaussian glm glm.control is.empty.model model.matrix
     model.response na.omit p.adjust pt terms
Flavor: r-devel-windows-ix86+x86_64