CRAN Package Check Results for Package ttScreening

Last updated on 2015-03-05 12:48:16.

Flavor Version Tinstall Tcheck Ttotal Status Flags
r-devel-linux-x86_64-debian-clang 1.5 7.45 79.80 87.26 NOTE
r-devel-linux-x86_64-debian-gcc 1.5 7.08 77.55 84.62 NOTE
r-devel-linux-x86_64-fedora-clang 1.5 190.13 NOTE
r-devel-linux-x86_64-fedora-gcc 1.5 179.13 NOTE
r-devel-osx-x86_64-clang 1.5 167.26 NOTE
r-devel-windows-ix86+x86_64 1.5 18.00 109.00 127.00 NOTE
r-patched-linux-x86_64 1.5 12.46 113.94 126.40 OK
r-patched-solaris-sparc 1.5 1598.80 OK
r-patched-solaris-x86 1.5 361.20 OK
r-release-linux-ix86 1.5 12.89 127.66 140.55 OK
r-release-linux-x86_64 1.5 11.69 113.83 125.52 OK
r-release-osx-x86_64-mavericks 1.5 OK
r-release-osx-x86_64-snowleopard 1.5 OK
r-release-windows-ix86+x86_64 1.5 32.00 164.00 196.00 OK
r-oldrel-windows-ix86+x86_64 1.5 14.00 64.00 78.00 OK

Check Details

Version: 1.5
Check: DESCRIPTION meta-information
Result: NOTE
    Malformed Title field: should not end in a period.
Flavors: r-devel-linux-x86_64-debian-clang, r-devel-linux-x86_64-debian-gcc, r-devel-linux-x86_64-fedora-clang, r-devel-linux-x86_64-fedora-gcc, r-devel-osx-x86_64-clang, r-devel-windows-ix86+x86_64