CRAN Package Check Results for Package ttScreening

Last updated on 2015-04-01 03:49:32.

Flavor Version Tinstall Tcheck Ttotal Status Flags
r-devel-linux-x86_64-debian-clang 1.5 7.34 80.44 87.78 NOTE
r-devel-linux-x86_64-debian-gcc 1.5 7.59 79.10 86.69 NOTE
r-devel-linux-x86_64-fedora-clang 1.5 193.53 NOTE
r-devel-linux-x86_64-fedora-gcc 1.5 180.14 NOTE
r-devel-osx-x86_64-clang 1.5 169.12 NOTE
r-prerel-windows-ix86+x86_64 1.5 28.00 116.00 144.00 NOTE
r-prerel-linux-x86_64 1.5 7.26 78.76 86.02 NOTE
r-prerel-solaris-sparc 1.5 1096.90 NOTE
r-prerel-solaris-x86 1.5 232.20 NOTE
r-release-linux-x86_64 1.5 12.33 112.32 124.64 OK
r-release-osx-x86_64-mavericks 1.5 OK
r-release-osx-x86_64-snowleopard 1.5 OK
r-release-windows-ix86+x86_64 1.5 31.00 168.00 199.00 OK
r-oldrel-windows-ix86+x86_64 1.5 14.00 64.00 78.00 OK

Check Details

Version: 1.5
Check: DESCRIPTION meta-information
Result: NOTE
    Malformed Title field: should not end in a period.
Flavors: r-devel-linux-x86_64-debian-clang, r-devel-linux-x86_64-debian-gcc, r-devel-linux-x86_64-fedora-clang, r-devel-linux-x86_64-fedora-gcc, r-devel-osx-x86_64-clang, r-prerel-windows-ix86+x86_64, r-prerel-linux-x86_64, r-prerel-solaris-sparc, r-prerel-solaris-x86