CRAN Package Check Results for Package ttestshiny

Last updated on 2019-04-22 18:47:28 CEST.

Flavor Version Tinstall Tcheck Ttotal Status Flags
r-devel-linux-x86_64-debian-clang 0.1.0 1.44 15.98 17.42 OK
r-devel-linux-x86_64-debian-gcc 0.1.0 1.15 13.29 14.44 OK
r-devel-linux-x86_64-fedora-clang 0.1.0 21.79 NOTE
r-devel-linux-x86_64-fedora-gcc 0.1.0 20.33 NOTE
r-devel-windows-ix86+x86_64 0.1.0 8.00 29.00 37.00 OK
r-patched-linux-x86_64 0.1.0 1.50 16.06 17.56 OK
r-patched-solaris-x86 0.1.0 36.10 NOTE
r-release-linux-x86_64 0.1.0 0.76 15.38 16.14 OK
r-release-windows-ix86+x86_64 0.1.0 3.00 27.00 30.00 OK
r-release-osx-x86_64 0.1.0 NOTE
r-oldrel-windows-ix86+x86_64 0.1.0 3.00 35.00 38.00 OK
r-oldrel-osx-x86_64 0.1.0 NOTE

Check Details

Version: 0.1.0
Check: dependencies in R code
Result: NOTE
    Namespaces in Imports field not imported from:
     ‘dplyr’ ‘shinyAce’ ‘shinyjs’
     All declared Imports should be used.
Flavors: r-devel-linux-x86_64-fedora-clang, r-devel-linux-x86_64-fedora-gcc, r-patched-solaris-x86, r-release-osx-x86_64, r-oldrel-osx-x86_64