CRAN Package Check Results for Package ttestshiny

Last updated on 2019-08-24 22:46:40 CEST.

Flavor Version Tinstall Tcheck Ttotal Status Flags
r-devel-linux-x86_64-debian-clang 0.1.0 1.95 16.34 18.29 OK
r-devel-linux-x86_64-debian-gcc 0.1.0 1.45 13.52 14.97 OK
r-devel-linux-x86_64-fedora-clang 0.1.0 22.05 NOTE
r-devel-linux-x86_64-fedora-gcc 0.1.0 21.69 NOTE
r-devel-windows-ix86+x86_64 0.1.0 7.00 46.00 53.00 OK
r-patched-linux-x86_64 0.1.0 1.49 16.29 17.78 OK
r-patched-solaris-x86 0.1.0 36.50 NOTE
r-release-linux-x86_64 0.1.0 1.51 16.41 17.92 OK
r-release-windows-ix86+x86_64 0.1.0 8.00 42.00 50.00 OK
r-release-osx-x86_64 0.1.0 NOTE
r-oldrel-windows-ix86+x86_64 0.1.0 7.00 37.00 44.00 OK
r-oldrel-osx-x86_64 0.1.0 NOTE

Check Details

Version: 0.1.0
Check: dependencies in R code
Result: NOTE
    Namespaces in Imports field not imported from:
     ‘dplyr’ ‘shinyAce’ ‘shinyjs’
     All declared Imports should be used.
Flavors: r-devel-linux-x86_64-fedora-clang, r-devel-linux-x86_64-fedora-gcc, r-patched-solaris-x86, r-release-osx-x86_64, r-oldrel-osx-x86_64