CRAN Package Check Results for Package ttestshiny

Last updated on 2019-02-21 00:50:53 CET.

Flavor Version Tinstall Tcheck Ttotal Status Flags
r-devel-linux-x86_64-debian-clang 0.1.0 1.16 16.12 17.28 OK
r-devel-linux-x86_64-debian-gcc 0.1.0 1.02 13.25 14.27 OK
r-devel-linux-x86_64-fedora-clang 0.1.0 22.35 NOTE
r-devel-linux-x86_64-fedora-gcc 0.1.0 20.74 NOTE
r-devel-windows-ix86+x86_64 0.1.0 4.00 39.00 43.00 OK
r-patched-linux-x86_64 0.1.0 OK
r-patched-solaris-x86 0.1.0 32.60 NOTE
r-release-linux-x86_64 0.1.0 OK
r-release-windows-ix86+x86_64 0.1.0 3.00 45.00 48.00 OK
r-release-osx-x86_64 0.1.0 NOTE
r-oldrel-windows-ix86+x86_64 0.1.0 3.00 27.00 30.00 OK
r-oldrel-osx-x86_64 0.1.0 NOTE

Check Details

Version: 0.1.0
Check: dependencies in R code
Result: NOTE
    Namespaces in Imports field not imported from:
     ‘dplyr’ ‘shinyAce’ ‘shinyjs’
     All declared Imports should be used.
Flavors: r-devel-linux-x86_64-fedora-clang, r-devel-linux-x86_64-fedora-gcc, r-patched-solaris-x86, r-release-osx-x86_64, r-oldrel-osx-x86_64