CRAN Package Check Results for Package tth

Last updated on 2014-04-23 07:55:11.

Flavor Version Tinstall Tcheck Ttotal Status Flags
r-devel-linux-x86_64-debian-clang 4.3-1 65.86 8.62 74.48 OK
r-devel-linux-x86_64-debian-gcc 4.3-1 47.55 8.80 56.36 OK
r-devel-linux-x86_64-fedora-clang 4.3-1 135.12 NOTE
r-devel-linux-x86_64-fedora-gcc 4.3-1 99.68 NOTE
r-devel-osx-x86_64-clang 4.3-1 47.41 OK
r-devel-osx-x86_64-gcc 4.3-1 OK
r-devel-windows-ix86+x86_64 4.3-1 22.00 19.00 41.00 OK
r-patched-linux-x86_64 4.3-1 45.29 8.45 53.74 OK
r-patched-solaris-sparc 4.3-1 355.70 OK
r-patched-solaris-x86 4.3-1 83.10 OK
r-release-linux-ix86 4.3-1 75.00 20.00 95.00 OK
r-release-linux-x86_64 4.3-1 43.46 8.63 52.09 OK
r-release-osx-x86_64-mavericks 4.3-1 OK
r-release-windows-ix86+x86_64 4.3-1 26.00 19.00 45.00 OK
r-oldrel-windows-ix86+x86_64 4.3-1 19.00 20.00 39.00 OK

Check Details

Version: 4.3-1
Check: top-level files
Result: NOTE
    Non-standard file/directory found at top level:
     ‘Rplots.pdf’
Flavors: r-devel-linux-x86_64-fedora-clang, r-devel-linux-x86_64-fedora-gcc