CRAN Package Check Results for Package tth

Last updated on 2018-06-22 03:49:51 CEST.

Flavor Version Tinstall Tcheck Ttotal Status Flags
r-devel-linux-x86_64-debian-clang 4.3-2-1 90.43 18.52 108.95 NOTE
r-devel-linux-x86_64-debian-gcc 4.3-2-1 45.46 16.75 62.21 NOTE
r-devel-linux-x86_64-fedora-clang 4.3-2-1 160.42 NOTE
r-devel-linux-x86_64-fedora-gcc 4.3-2-1 83.17 NOTE
r-devel-windows-ix86+x86_64 4.3-2-1 149.00 37.00 186.00 NOTE
r-patched-linux-x86_64 4.3-2-1 42.23 19.31 61.54 NOTE
r-patched-solaris-x86 4.3-2-1 91.10 NOTE
r-release-linux-x86_64 4.3-2-1 45.38 19.04 64.42 NOTE
r-release-windows-ix86+x86_64 4.3-2-1 151.00 35.00 186.00 NOTE
r-release-osx-x86_64 4.3-2-1 NOTE
r-oldrel-windows-ix86+x86_64 4.3-2-1 112.00 33.00 145.00 OK
r-oldrel-osx-x86_64 4.3-2-1 OK

Additional issues

gcc8

Check Details

Version: 4.3-2-1
Check: include directives in Makefiles
Result: NOTE
    Found the following Makefile(s) with an include directive with a pathname using R_HOME:
     src/Makefile.win
    Even though not recommended, variable R_HOME may contain spaces.
    Makefile directives use space as a separator and there is no portable
    way to quote/escape the space in Make rules and directives. However,
    one can and should quote pathnames when passed from Makefile to the
    shell, and this can be done specifically when invoking Make recursively.
    It is therefore recommended to use the Make '-f' option to include files
    in directories specified using R_HOME. This option can be specified
    multiple times to include multiple Makefiles. Note that 'Makeconf' is
    included automatically into top-level makefile of a package.
    More information can be found in 'Writing R Extensions'.
Flavors: r-devel-linux-x86_64-debian-clang, r-devel-linux-x86_64-debian-gcc, r-devel-linux-x86_64-fedora-clang, r-devel-linux-x86_64-fedora-gcc, r-devel-windows-ix86+x86_64, r-patched-linux-x86_64, r-patched-solaris-x86, r-release-linux-x86_64, r-release-windows-ix86+x86_64, r-release-osx-x86_64