CRAN Package Check Results for Package ttwa

Last updated on 2014-04-25 05:47:27.

Flavor Version Tinstall Tcheck Ttotal Status Flags
r-devel-linux-x86_64-debian-clang 0.8.5.1 1.39 19.75 21.14 OK
r-devel-linux-x86_64-debian-gcc 0.8.5.1 1.32 19.77 21.09 OK
r-devel-linux-x86_64-fedora-clang 0.8.5.1 43.29 OK
r-devel-linux-x86_64-fedora-gcc 0.8.5.1 41.34 OK
r-devel-osx-x86_64-clang 0.8.5.1 44.37 OK
r-devel-osx-x86_64-gcc 0.8.5.1 OK
r-devel-windows-ix86+x86_64 0.8.5.1 4.00 31.00 35.00 OK
r-patched-linux-x86_64 0.8.5.1 1.40 19.40 20.79 OK
r-patched-solaris-sparc 0.8.5.1 252.80 OK
r-patched-solaris-x86 0.8.5.1 56.10 OK
r-release-linux-ix86 0.8.5.1 2.00 37.00 39.00 OK
r-release-linux-x86_64 0.8.5.1 1.45 19.59 21.04 OK
r-release-osx-x86_64-mavericks 0.8.5.1 WARN
r-release-osx-x86_64-snowleopard 0.8.5.1 OK
r-release-windows-ix86+x86_64 0.8.5.1 5.00 31.00 36.00 OK
r-oldrel-windows-ix86+x86_64 0.8.5.1 5.00 32.00 37.00 OK

Check Details

Version: 0.8.5.1
Check: PDF version of manual
Result: WARNING
    LaTeX errors when creating PDF version.
    This typically indicates Rd problems.
    LaTeX errors found:
    ! LaTeX Error: File `upquote.sty' not found.
    
    Type X to quit or <RETURN> to proceed,
    or enter new name. (Default extension: sty)
    
    1bf8ab4a/Rd2.tex:8: ==> Fatal error occurred, no output PDF file produced!
Flavor: r-release-osx-x86_64-mavericks