CRAN Package Check Results for Package ttwa

Last updated on 2017-08-16 20:48:35.

Flavor Version Tinstall Tcheck Ttotal Status Flags
r-devel-linux-x86_64-debian-clang 0.8.5.1 0.82 14.86 15.68 NOTE
r-devel-linux-x86_64-debian-gcc 0.8.5.1 0.72 15.17 15.89 NOTE
r-devel-linux-x86_64-fedora-clang 0.8.5.1 30.05 NOTE
r-devel-linux-x86_64-fedora-gcc 0.8.5.1 29.50 NOTE
r-devel-windows-ix86+x86_64 0.8.5.1 2.00 33.00 35.00 NOTE
r-patched-linux-x86_64 0.8.5.1 0.71 15.43 16.14 NOTE
r-patched-solaris-x86 0.8.5.1 41.40 NOTE
r-release-linux-x86_64 0.8.5.1 0.72 15.36 16.08 NOTE
r-release-windows-ix86+x86_64 0.8.5.1 3.00 41.00 44.00 NOTE
r-release-osx-x86_64 0.8.5.1 NOTE
r-oldrel-windows-ix86+x86_64 0.8.5.1 4.00 31.00 35.00 NOTE
r-oldrel-osx-x86_64 0.8.5.1 NOTE

Check Details

Version: 0.8.5.1
Check: DESCRIPTION meta-information
Result: NOTE
    Malformed Title field: should not end in a period.
Flavors: r-devel-linux-x86_64-debian-clang, r-devel-linux-x86_64-debian-gcc, r-devel-linux-x86_64-fedora-clang, r-devel-linux-x86_64-fedora-gcc, r-devel-windows-ix86+x86_64, r-patched-linux-x86_64, r-patched-solaris-x86, r-release-linux-x86_64, r-release-windows-ix86+x86_64, r-release-osx-x86_64, r-oldrel-windows-ix86+x86_64, r-oldrel-osx-x86_64

Version: 0.8.5.1
Check: R code for possible problems
Result: NOTE
    ttwa: no visible global function definition for ‘aggregate’
    ttwa: no visible global function definition for ‘txtProgressBar’
    ttwa: no visible global function definition for ‘setTxtProgressBar’
    Undefined global functions or variables:
     aggregate setTxtProgressBar txtProgressBar
    Consider adding
     importFrom("stats", "aggregate")
     importFrom("utils", "setTxtProgressBar", "txtProgressBar")
    to your NAMESPACE file.
Flavors: r-devel-linux-x86_64-debian-clang, r-devel-linux-x86_64-debian-gcc, r-devel-linux-x86_64-fedora-clang, r-devel-linux-x86_64-fedora-gcc, r-devel-windows-ix86+x86_64, r-patched-linux-x86_64, r-patched-solaris-x86, r-release-linux-x86_64, r-release-windows-ix86+x86_64, r-release-osx-x86_64, r-oldrel-windows-ix86+x86_64, r-oldrel-osx-x86_64