CRAN Package Check Results for Package ttwa

Last updated on 2015-04-21 12:49:01.

Flavor Version Tinstall Tcheck Ttotal Status Flags
r-devel-linux-x86_64-debian-clang 0.8.5.1 0.92 15.47 16.40 NOTE
r-devel-linux-x86_64-debian-gcc 0.8.5.1 1.22 15.08 16.30 NOTE
r-devel-linux-x86_64-fedora-clang 0.8.5.1 32.78 NOTE
r-devel-linux-x86_64-fedora-gcc 0.8.5.1 30.58 NOTE
r-devel-osx-x86_64-clang 0.8.5.1 32.77 NOTE
r-devel-windows-ix86+x86_64 0.8.5.1 5.00 33.00 38.00 NOTE
r-patched-linux-x86_64 0.8.5.1 0.93 14.92 15.85 NOTE
r-patched-solaris-sparc 0.8.5.1 197.70 NOTE
r-patched-solaris-x86 0.8.5.1 43.20 NOTE
r-release-linux-x86_64 0.8.5.1 0.94 14.91 15.85 NOTE
r-release-osx-x86_64-mavericks 0.8.5.1 NOTE
r-release-osx-x86_64-snowleopard 0.8.5.1 NOTE
r-release-windows-ix86+x86_64 0.8.5.1 2.00 22.00 24.00 NOTE
r-oldrel-windows-ix86+x86_64 0.8.5.1 6.00 33.00 39.00 OK

Check Details

Version: 0.8.5.1
Check: DESCRIPTION meta-information
Result: NOTE
    Malformed Title field: should not end in a period.
Flavors: r-devel-linux-x86_64-debian-clang, r-devel-linux-x86_64-debian-gcc, r-devel-linux-x86_64-fedora-clang, r-devel-linux-x86_64-fedora-gcc, r-devel-osx-x86_64-clang, r-devel-windows-ix86+x86_64, r-patched-linux-x86_64, r-patched-solaris-sparc, r-patched-solaris-x86, r-release-linux-x86_64, r-release-osx-x86_64-mavericks, r-release-osx-x86_64-snowleopard, r-release-windows-ix86+x86_64