CRAN Package Check Results for Package ttwa

Last updated on 2017-10-19 11:47:56.

Flavor Version Tinstall Tcheck Ttotal Status Flags
r-devel-linux-x86_64-debian-clang 0.8.5.1 0.67 14.85 15.51 NOTE
r-devel-linux-x86_64-debian-gcc 0.8.5.1 0.85 16.60 17.45 NOTE
r-devel-linux-x86_64-fedora-clang 0.8.5.1 31.63 NOTE
r-devel-linux-x86_64-fedora-gcc 0.8.5.1 29.36 NOTE
r-devel-windows-ix86+x86_64 0.8.5.1 2.00 31.00 33.00 NOTE
r-patched-linux-x86_64 0.8.5.1 0.82 15.47 16.29 NOTE
r-patched-solaris-x86 0.8.5.1 41.60 NOTE
r-release-linux-x86_64 0.8.5.1 0.73 15.46 16.19 NOTE
r-release-windows-ix86+x86_64 0.8.5.1 5.00 30.00 35.00 NOTE
r-release-osx-x86_64 0.8.5.1 NOTE
r-oldrel-windows-ix86+x86_64 0.8.5.1 4.00 41.00 45.00 NOTE
r-oldrel-osx-x86_64 0.8.5.1 NOTE

Check Details

Version: 0.8.5.1
Check: DESCRIPTION meta-information
Result: NOTE
    Malformed Title field: should not end in a period.
Flavors: r-devel-linux-x86_64-debian-clang, r-devel-linux-x86_64-debian-gcc, r-devel-linux-x86_64-fedora-clang, r-devel-linux-x86_64-fedora-gcc, r-devel-windows-ix86+x86_64, r-patched-linux-x86_64, r-patched-solaris-x86, r-release-linux-x86_64, r-release-windows-ix86+x86_64, r-release-osx-x86_64, r-oldrel-windows-ix86+x86_64, r-oldrel-osx-x86_64

Version: 0.8.5.1
Check: R code for possible problems
Result: NOTE
    ttwa: no visible global function definition for ‘aggregate’
    ttwa: no visible global function definition for ‘txtProgressBar’
    ttwa: no visible global function definition for ‘setTxtProgressBar’
    Undefined global functions or variables:
     aggregate setTxtProgressBar txtProgressBar
    Consider adding
     importFrom("stats", "aggregate")
     importFrom("utils", "setTxtProgressBar", "txtProgressBar")
    to your NAMESPACE file.
Flavors: r-devel-linux-x86_64-debian-clang, r-devel-linux-x86_64-debian-gcc, r-devel-linux-x86_64-fedora-clang, r-devel-linux-x86_64-fedora-gcc, r-devel-windows-ix86+x86_64, r-patched-linux-x86_64, r-patched-solaris-x86, r-release-linux-x86_64, r-release-windows-ix86+x86_64, r-release-osx-x86_64, r-oldrel-windows-ix86+x86_64, r-oldrel-osx-x86_64