CRAN Package Check Results for Package ttwa

Last updated on 2015-08-03 23:48:13.

Flavor Version Tinstall Tcheck Ttotal Status Flags
r-devel-linux-x86_64-debian-clang 0.8.5.1 0.94 15.54 16.48 NOTE
r-devel-linux-x86_64-debian-gcc 0.8.5.1 0.94 15.23 16.18 NOTE
r-devel-linux-x86_64-fedora-clang 0.8.5.1 32.18 NOTE
r-devel-linux-x86_64-fedora-gcc 0.8.5.1 30.64 NOTE
r-devel-osx-x86_64-clang 0.8.5.1 30.49 NOTE
r-devel-windows-ix86+x86_64 0.8.5.1 4.00 26.00 30.00 NOTE
r-patched-linux-x86_64 0.8.5.1 0.96 15.89 16.85 NOTE
r-patched-solaris-sparc 0.8.5.1 203.30 NOTE
r-patched-solaris-x86 0.8.5.1 47.10 NOTE
r-release-linux-x86_64 0.8.5.1 0.94 15.52 16.46 NOTE
r-release-osx-x86_64-mavericks 0.8.5.1 NOTE
r-release-windows-ix86+x86_64 0.8.5.1 5.00 26.00 31.00 NOTE
r-oldrel-windows-ix86+x86_64 0.8.5.1 6.00 36.00 42.00 OK

Check Details

Version: 0.8.5.1
Check: DESCRIPTION meta-information
Result: NOTE
    Malformed Title field: should not end in a period.
Flavors: r-devel-linux-x86_64-debian-clang, r-devel-linux-x86_64-debian-gcc, r-devel-linux-x86_64-fedora-clang, r-devel-linux-x86_64-fedora-gcc, r-devel-osx-x86_64-clang, r-devel-windows-ix86+x86_64, r-patched-linux-x86_64, r-patched-solaris-sparc, r-patched-solaris-x86, r-release-linux-x86_64, r-release-osx-x86_64-mavericks, r-release-windows-ix86+x86_64

Version: 0.8.5.1
Check: R code for possible problems
Result: NOTE
    ttwa: no visible global function definition for ‘aggregate’
    ttwa: no visible global function definition for ‘txtProgressBar’
    ttwa: no visible global function definition for ‘setTxtProgressBar’
    Undefined global functions or variables:
     aggregate setTxtProgressBar txtProgressBar
    Consider adding
     importFrom("stats", "aggregate")
     importFrom("utils", "setTxtProgressBar", "txtProgressBar")
    to your NAMESPACE.
Flavors: r-devel-linux-x86_64-debian-clang, r-devel-linux-x86_64-debian-gcc, r-devel-linux-x86_64-fedora-clang, r-devel-linux-x86_64-fedora-gcc, r-devel-windows-ix86+x86_64