CRAN Package Check Results for Package ttwa

Last updated on 2015-03-03 12:50:51.

Flavor Version Tinstall Tcheck Ttotal Status Flags
r-devel-linux-x86_64-debian-clang 0.8.5.1 0.93 15.22 16.14 NOTE
r-devel-linux-x86_64-debian-gcc 0.8.5.1 0.88 15.58 16.47 NOTE
r-devel-linux-x86_64-fedora-clang 0.8.5.1 32.60 NOTE
r-devel-linux-x86_64-fedora-gcc 0.8.5.1 30.93 NOTE
r-devel-osx-x86_64-clang 0.8.5.1 33.08 NOTE
r-devel-windows-ix86+x86_64 0.8.5.1 6.00 33.00 39.00 NOTE
r-patched-linux-x86_64 0.8.5.1 1.46 20.40 21.86 OK
r-patched-solaris-sparc 0.8.5.1 285.00 OK
r-patched-solaris-x86 0.8.5.1 59.00 OK
r-release-linux-ix86 0.8.5.1 1.58 28.21 29.79 OK
r-release-linux-x86_64 0.8.5.1 1.46 20.84 22.31 OK
r-release-osx-x86_64-mavericks 0.8.5.1 OK
r-release-osx-x86_64-snowleopard 0.8.5.1 OK
r-release-windows-ix86+x86_64 0.8.5.1 9.00 46.00 55.00 OK
r-oldrel-windows-ix86+x86_64 0.8.5.1 6.00 34.00 40.00 OK

Check Details

Version: 0.8.5.1
Check: DESCRIPTION meta-information
Result: NOTE
    Malformed Title field: should not end in a period.
Flavors: r-devel-linux-x86_64-debian-clang, r-devel-linux-x86_64-debian-gcc, r-devel-linux-x86_64-fedora-clang, r-devel-linux-x86_64-fedora-gcc, r-devel-osx-x86_64-clang, r-devel-windows-ix86+x86_64