CRAN Package Check Results for Package ttwa

Last updated on 2016-02-14 10:47:02.

Flavor Version Tinstall Tcheck Ttotal Status Flags
r-devel-linux-x86_64-debian-gcc 0.8.5.1 0.64 11.90 12.55 NOTE
r-devel-linux-x86_64-fedora-clang 0.8.5.1 23.10 NOTE
r-devel-linux-x86_64-fedora-gcc 0.8.5.1 22.16 NOTE
r-devel-osx-x86_64-clang 0.8.5.1 25.83 NOTE
r-devel-windows-ix86+x86_64 0.8.5.1 3.00 30.00 33.00 NOTE
r-patched-linux-x86_64 0.8.5.1 0.88 12.74 13.62 NOTE
r-patched-solaris-sparc 0.8.5.1 154.20 NOTE
r-patched-solaris-x86 0.8.5.1 33.50 NOTE
r-release-linux-x86_64 0.8.5.1 0.86 12.54 13.40 NOTE
r-release-osx-x86_64-mavericks 0.8.5.1 NOTE
r-release-windows-ix86+x86_64 0.8.5.1 3.00 39.00 42.00 NOTE
r-oldrel-windows-ix86+x86_64 0.8.5.1 6.00 32.00 38.00 OK

Check Details

Version: 0.8.5.1
Check: DESCRIPTION meta-information
Result: NOTE
    Malformed Title field: should not end in a period.
Flavors: r-devel-linux-x86_64-debian-gcc, r-devel-linux-x86_64-fedora-clang, r-devel-linux-x86_64-fedora-gcc, r-devel-osx-x86_64-clang, r-devel-windows-ix86+x86_64, r-patched-linux-x86_64, r-patched-solaris-sparc, r-patched-solaris-x86, r-release-linux-x86_64, r-release-osx-x86_64-mavericks, r-release-windows-ix86+x86_64

Version: 0.8.5.1
Check: R code for possible problems
Result: NOTE
    ttwa: no visible global function definition for ‘aggregate’
    ttwa: no visible global function definition for ‘txtProgressBar’
    ttwa: no visible global function definition for ‘setTxtProgressBar’
    Undefined global functions or variables:
     aggregate setTxtProgressBar txtProgressBar
    Consider adding
     importFrom("stats", "aggregate")
     importFrom("utils", "setTxtProgressBar", "txtProgressBar")
    to your NAMESPACE file.
Flavors: r-devel-linux-x86_64-debian-gcc, r-devel-linux-x86_64-fedora-clang, r-devel-linux-x86_64-fedora-gcc, r-devel-osx-x86_64-clang, r-devel-windows-ix86+x86_64