CRAN Package Check Results for Package ttwa

Last updated on 2016-12-09 13:47:25.

Flavor Version Tinstall Tcheck Ttotal Status Flags
r-devel-linux-x86_64-debian-clang 0.8.5.1 0.70 15.01 15.71 NOTE
r-devel-linux-x86_64-debian-gcc 0.8.5.1 0.77 14.67 15.45 NOTE
r-devel-linux-x86_64-fedora-clang 0.8.5.1 30.76 NOTE --no-stop-on-test-error
r-devel-linux-x86_64-fedora-gcc 0.8.5.1 28.54 NOTE --no-stop-on-test-error
r-devel-macos-x86_64-clang 0.8.5.1 24.14 NOTE --no-stop-on-test-error
r-devel-windows-ix86+x86_64 0.8.5.1 5.00 49.00 54.00 NOTE
r-patched-linux-x86_64 0.8.5.1 0.68 12.13 12.81 NOTE
r-patched-solaris-sparc 0.8.5.1 142.50 NOTE
r-patched-solaris-x86 0.8.5.1 30.40 NOTE
r-release-linux-x86_64 0.8.5.1 0.64 12.42 13.06 NOTE
r-release-osx-x86_64-mavericks 0.8.5.1 NOTE
r-release-windows-ix86+x86_64 0.8.5.1 3.00 30.00 33.00 NOTE
r-oldrel-windows-ix86+x86_64 0.8.5.1 4.00 25.00 29.00 NOTE

Check Details

Version: 0.8.5.1
Check: DESCRIPTION meta-information
Result: NOTE
    Malformed Title field: should not end in a period.
Flavors: r-devel-linux-x86_64-debian-clang, r-devel-linux-x86_64-debian-gcc, r-devel-windows-ix86+x86_64, r-patched-linux-x86_64, r-patched-solaris-sparc, r-patched-solaris-x86, r-release-linux-x86_64, r-release-osx-x86_64-mavericks, r-release-windows-ix86+x86_64, r-oldrel-windows-ix86+x86_64

Version: 0.8.5.1
Check: R code for possible problems
Result: NOTE
    ttwa: no visible global function definition for ‘aggregate’
    ttwa: no visible global function definition for ‘txtProgressBar’
    ttwa: no visible global function definition for ‘setTxtProgressBar’
    Undefined global functions or variables:
     aggregate setTxtProgressBar txtProgressBar
    Consider adding
     importFrom("stats", "aggregate")
     importFrom("utils", "setTxtProgressBar", "txtProgressBar")
    to your NAMESPACE file.
Flavors: r-devel-linux-x86_64-debian-clang, r-devel-linux-x86_64-debian-gcc, r-devel-windows-ix86+x86_64, r-patched-linux-x86_64, r-patched-solaris-sparc, r-patched-solaris-x86, r-release-linux-x86_64, r-release-osx-x86_64-mavericks, r-release-windows-ix86+x86_64

Version: 0.8.5.1
Flags: --no-stop-on-test-error
Check: DESCRIPTION meta-information
Result: NOTE
    Malformed Title field: should not end in a period.
Flavors: r-devel-linux-x86_64-fedora-clang, r-devel-linux-x86_64-fedora-gcc, r-devel-macos-x86_64-clang

Version: 0.8.5.1
Flags: --no-stop-on-test-error
Check: R code for possible problems
Result: NOTE
    ttwa: no visible global function definition for ‘aggregate’
    ttwa: no visible global function definition for ‘txtProgressBar’
    ttwa: no visible global function definition for ‘setTxtProgressBar’
    Undefined global functions or variables:
     aggregate setTxtProgressBar txtProgressBar
    Consider adding
     importFrom("stats", "aggregate")
     importFrom("utils", "setTxtProgressBar", "txtProgressBar")
    to your NAMESPACE file.
Flavors: r-devel-linux-x86_64-fedora-clang, r-devel-linux-x86_64-fedora-gcc, r-devel-macos-x86_64-clang