CRAN Package Check Results for Package ttwa

Last updated on 2016-07-28 21:48:12.

Flavor Version Tinstall Tcheck Ttotal Status Flags
r-devel-linux-x86_64-debian-clang 0.8.5.1 0.92 15.51 16.43 NOTE
r-devel-linux-x86_64-debian-gcc 0.8.5.1 0.98 12.33 13.31 NOTE
r-devel-linux-x86_64-fedora-clang 0.8.5.1 23.12 NOTE
r-devel-linux-x86_64-fedora-gcc 0.8.5.1 21.39 NOTE
r-devel-osx-x86_64-clang 0.8.5.1 20.77 NOTE
r-devel-windows-ix86+x86_64 0.8.5.1 3.00 44.00 47.00 NOTE
r-patched-linux-x86_64 0.8.5.1 0.89 14.71 15.60 NOTE
r-patched-solaris-sparc 0.8.5.1 142.50 NOTE
r-patched-solaris-x86 0.8.5.1 30.90 NOTE
r-release-linux-x86_64 0.8.5.1 0.76 14.81 15.57 NOTE
r-release-osx-x86_64-mavericks 0.8.5.1 NOTE
r-release-windows-ix86+x86_64 0.8.5.1 3.00 40.00 43.00 NOTE
r-oldrel-windows-ix86+x86_64 0.8.5.1 4.00 46.00 50.00 NOTE

Check Details

Version: 0.8.5.1
Check: DESCRIPTION meta-information
Result: NOTE
    Malformed Title field: should not end in a period.
Flavors: r-devel-linux-x86_64-debian-clang, r-devel-linux-x86_64-debian-gcc, r-devel-linux-x86_64-fedora-clang, r-devel-linux-x86_64-fedora-gcc, r-devel-osx-x86_64-clang, r-devel-windows-ix86+x86_64, r-patched-linux-x86_64, r-patched-solaris-sparc, r-patched-solaris-x86, r-release-linux-x86_64, r-release-osx-x86_64-mavericks, r-release-windows-ix86+x86_64, r-oldrel-windows-ix86+x86_64

Version: 0.8.5.1
Check: R code for possible problems
Result: NOTE
    ttwa: no visible global function definition for ‘aggregate’
    ttwa: no visible global function definition for ‘txtProgressBar’
    ttwa: no visible global function definition for ‘setTxtProgressBar’
    Undefined global functions or variables:
     aggregate setTxtProgressBar txtProgressBar
    Consider adding
     importFrom("stats", "aggregate")
     importFrom("utils", "setTxtProgressBar", "txtProgressBar")
    to your NAMESPACE file.
Flavors: r-devel-linux-x86_64-debian-clang, r-devel-linux-x86_64-debian-gcc, r-devel-linux-x86_64-fedora-clang, r-devel-linux-x86_64-fedora-gcc, r-devel-osx-x86_64-clang, r-devel-windows-ix86+x86_64, r-patched-linux-x86_64, r-patched-solaris-sparc, r-patched-solaris-x86, r-release-linux-x86_64, r-release-osx-x86_64-mavericks, r-release-windows-ix86+x86_64