CRAN Package Check Results for Package ttwa

Last updated on 2016-06-27 08:48:45.

Flavor Version Tinstall Tcheck Ttotal Status Flags
r-devel-linux-x86_64-debian-gcc 0.8.5.1 0.68 12.15 12.83 NOTE
r-devel-linux-x86_64-fedora-clang 0.8.5.1 22.89 NOTE
r-devel-linux-x86_64-fedora-gcc 0.8.5.1 23.42 NOTE
r-devel-osx-x86_64-clang 0.8.5.1 20.69 NOTE
r-devel-windows-ix86+x86_64 0.8.5.1 3.00 28.00 31.00 NOTE
r-patched-linux-x86_64 0.8.5.1 0.73 13.24 13.97 NOTE
r-patched-solaris-sparc 0.8.5.1 142.50 NOTE
r-patched-solaris-x86 0.8.5.1 31.50 NOTE
r-release-linux-x86_64 0.8.5.1 0.74 13.27 14.01 NOTE
r-release-osx-x86_64-mavericks 0.8.5.1 NOTE
r-release-windows-ix86+x86_64 0.8.5.1 2.00 29.00 31.00 NOTE
r-oldrel-windows-ix86+x86_64 0.8.5.1 4.00 49.00 53.00 NOTE

Check Details

Version: 0.8.5.1
Check: DESCRIPTION meta-information
Result: NOTE
    Malformed Title field: should not end in a period.
Flavors: r-devel-linux-x86_64-debian-gcc, r-devel-linux-x86_64-fedora-clang, r-devel-linux-x86_64-fedora-gcc, r-devel-osx-x86_64-clang, r-devel-windows-ix86+x86_64, r-patched-linux-x86_64, r-patched-solaris-sparc, r-patched-solaris-x86, r-release-linux-x86_64, r-release-osx-x86_64-mavericks, r-release-windows-ix86+x86_64, r-oldrel-windows-ix86+x86_64

Version: 0.8.5.1
Check: R code for possible problems
Result: NOTE
    ttwa: no visible global function definition for ‘aggregate’
    ttwa: no visible global function definition for ‘txtProgressBar’
    ttwa: no visible global function definition for ‘setTxtProgressBar’
    Undefined global functions or variables:
     aggregate setTxtProgressBar txtProgressBar
    Consider adding
     importFrom("stats", "aggregate")
     importFrom("utils", "setTxtProgressBar", "txtProgressBar")
    to your NAMESPACE file.
Flavors: r-devel-linux-x86_64-debian-gcc, r-devel-linux-x86_64-fedora-clang, r-devel-linux-x86_64-fedora-gcc, r-devel-osx-x86_64-clang, r-devel-windows-ix86+x86_64, r-patched-linux-x86_64, r-patched-solaris-sparc, r-patched-solaris-x86, r-release-linux-x86_64, r-release-osx-x86_64-mavericks, r-release-windows-ix86+x86_64