CRAN Package Check Results for Package ttwa

Last updated on 2017-01-24 17:50:57.

Flavor Version Tinstall Tcheck Ttotal Status Flags
r-devel-linux-x86_64-debian-clang 0.8.5.1 0.94 14.97 15.91 NOTE
r-devel-linux-x86_64-debian-gcc 0.8.5.1 0.75 14.90 15.65 NOTE
r-devel-linux-x86_64-fedora-clang 0.8.5.1 29.53 NOTE --no-stop-on-test-error
r-devel-linux-x86_64-fedora-gcc 0.8.5.1 27.38 NOTE --no-stop-on-test-error
r-devel-macos-x86_64-clang 0.8.5.1 23.03 NOTE --no-stop-on-test-error
r-devel-windows-ix86+x86_64 0.8.5.1 3.00 40.00 43.00 NOTE
r-patched-linux-x86_64 0.8.5.1 0.64 12.43 13.07 NOTE
r-patched-solaris-sparc 0.8.5.1 137.80 NOTE
r-patched-solaris-x86 0.8.5.1 32.10 NOTE
r-release-linux-x86_64 0.8.5.1 0.72 12.39 13.11 NOTE
r-release-osx-x86_64-mavericks 0.8.5.1 NOTE
r-release-windows-ix86+x86_64 0.8.5.1 5.00 39.00 44.00 NOTE
r-oldrel-windows-ix86+x86_64 0.8.5.1 8.00 35.00 43.00 NOTE

Check Details

Version: 0.8.5.1
Check: DESCRIPTION meta-information
Result: NOTE
    Malformed Title field: should not end in a period.
Flavors: r-devel-linux-x86_64-debian-clang, r-devel-linux-x86_64-debian-gcc, r-devel-windows-ix86+x86_64, r-patched-linux-x86_64, r-patched-solaris-sparc, r-patched-solaris-x86, r-release-linux-x86_64, r-release-osx-x86_64-mavericks, r-release-windows-ix86+x86_64, r-oldrel-windows-ix86+x86_64

Version: 0.8.5.1
Check: R code for possible problems
Result: NOTE
    ttwa: no visible global function definition for ‘aggregate’
    ttwa: no visible global function definition for ‘txtProgressBar’
    ttwa: no visible global function definition for ‘setTxtProgressBar’
    Undefined global functions or variables:
     aggregate setTxtProgressBar txtProgressBar
    Consider adding
     importFrom("stats", "aggregate")
     importFrom("utils", "setTxtProgressBar", "txtProgressBar")
    to your NAMESPACE file.
Flavors: r-devel-linux-x86_64-debian-clang, r-devel-linux-x86_64-debian-gcc, r-devel-windows-ix86+x86_64, r-patched-linux-x86_64, r-patched-solaris-sparc, r-patched-solaris-x86, r-release-linux-x86_64, r-release-osx-x86_64-mavericks, r-release-windows-ix86+x86_64

Version: 0.8.5.1
Flags: --no-stop-on-test-error
Check: DESCRIPTION meta-information
Result: NOTE
    Malformed Title field: should not end in a period.
Flavors: r-devel-linux-x86_64-fedora-clang, r-devel-linux-x86_64-fedora-gcc, r-devel-macos-x86_64-clang

Version: 0.8.5.1
Flags: --no-stop-on-test-error
Check: R code for possible problems
Result: NOTE
    ttwa: no visible global function definition for ‘aggregate’
    ttwa: no visible global function definition for ‘txtProgressBar’
    ttwa: no visible global function definition for ‘setTxtProgressBar’
    Undefined global functions or variables:
     aggregate setTxtProgressBar txtProgressBar
    Consider adding
     importFrom("stats", "aggregate")
     importFrom("utils", "setTxtProgressBar", "txtProgressBar")
    to your NAMESPACE file.
Flavors: r-devel-linux-x86_64-fedora-clang, r-devel-linux-x86_64-fedora-gcc, r-devel-macos-x86_64-clang