CRAN Package Check Results for Package ttwa

Last updated on 2015-06-30 09:47:19.

Flavor Version Tinstall Tcheck Ttotal Status Flags
r-devel-linux-x86_64-debian-clang 0.8.5.1 0.93 16.10 17.03 NOTE
r-devel-linux-x86_64-debian-gcc 0.8.5.1 0.92 15.32 16.24 NOTE
r-devel-linux-x86_64-fedora-clang 0.8.5.1 32.47 NOTE
r-devel-linux-x86_64-fedora-gcc 0.8.5.1 30.36 NOTE
r-devel-osx-x86_64-clang 0.8.5.1 27.84 NOTE
r-devel-windows-ix86+x86_64 0.8.5.1 4.00 24.00 28.00 NOTE
r-patched-linux-x86_64 0.8.5.1 0.93 15.37 16.30 NOTE
r-patched-solaris-sparc 0.8.5.1 203.30 NOTE
r-patched-solaris-x86 0.8.5.1 47.30 NOTE
r-release-linux-x86_64 0.8.5.1 1.00 15.29 16.29 NOTE
r-release-osx-x86_64-mavericks 0.8.5.1 NOTE
r-release-windows-ix86+x86_64 0.8.5.1 5.00 25.00 30.00 NOTE
r-oldrel-windows-ix86+x86_64 0.8.5.1 7.00 55.00 62.00 OK

Check Details

Version: 0.8.5.1
Check: DESCRIPTION meta-information
Result: NOTE
    Malformed Title field: should not end in a period.
Flavors: r-devel-linux-x86_64-debian-clang, r-devel-linux-x86_64-debian-gcc, r-devel-linux-x86_64-fedora-clang, r-devel-linux-x86_64-fedora-gcc, r-devel-osx-x86_64-clang, r-devel-windows-ix86+x86_64, r-patched-linux-x86_64, r-patched-solaris-sparc, r-patched-solaris-x86, r-release-linux-x86_64, r-release-osx-x86_64-mavericks, r-release-windows-ix86+x86_64

Version: 0.8.5.1
Check: R code for possible problems
Result: NOTE
    ttwa: no visible global function definition for ‘aggregate’
    ttwa: no visible global function definition for ‘txtProgressBar’
    ttwa: no visible global function definition for ‘setTxtProgressBar’
Flavors: r-devel-linux-x86_64-debian-clang, r-devel-linux-x86_64-debian-gcc, r-devel-windows-ix86+x86_64