CRAN Package Check Results for Package ttwa

Last updated on 2016-09-25 10:47:12.

Flavor Version Tinstall Tcheck Ttotal Status Flags
r-devel-linux-x86_64-debian-clang 0.8.5.1 0.76 28.12 28.88 NOTE
r-devel-linux-x86_64-debian-gcc 0.8.5.1 0.71 12.16 12.87 NOTE
r-devel-linux-x86_64-fedora-clang 0.8.5.1 15.59 NOTE
r-devel-linux-x86_64-fedora-gcc 0.8.5.1 21.84 NOTE
r-devel-macos-x86_64-clang 0.8.5.1 20.15 NOTE
r-devel-windows-ix86+x86_64 0.8.5.1 3.00 70.00 73.00 NOTE
r-patched-linux-x86_64 0.8.5.1 0.64 12.45 13.09 NOTE
r-patched-solaris-sparc 0.8.5.1 142.50 NOTE
r-patched-solaris-x86 0.8.5.1 30.80 NOTE
r-release-linux-x86_64 0.8.5.1 0.68 12.84 13.53 NOTE
r-release-osx-x86_64-mavericks 0.8.5.1 NOTE
r-release-windows-ix86+x86_64 0.8.5.1 2.00 29.00 31.00 NOTE
r-oldrel-windows-ix86+x86_64 0.8.5.1 4.00 37.00 41.00 NOTE

Check Details

Version: 0.8.5.1
Check: DESCRIPTION meta-information
Result: NOTE
    Malformed Title field: should not end in a period.
Flavors: r-devel-linux-x86_64-debian-clang, r-devel-linux-x86_64-debian-gcc, r-devel-linux-x86_64-fedora-clang, r-devel-linux-x86_64-fedora-gcc, r-devel-macos-x86_64-clang, r-devel-windows-ix86+x86_64, r-patched-linux-x86_64, r-patched-solaris-sparc, r-patched-solaris-x86, r-release-linux-x86_64, r-release-osx-x86_64-mavericks, r-release-windows-ix86+x86_64, r-oldrel-windows-ix86+x86_64

Version: 0.8.5.1
Check: R code for possible problems
Result: NOTE
    ttwa: no visible global function definition for ‘aggregate’
    ttwa: no visible global function definition for ‘txtProgressBar’
    ttwa: no visible global function definition for ‘setTxtProgressBar’
    Undefined global functions or variables:
     aggregate setTxtProgressBar txtProgressBar
    Consider adding
     importFrom("stats", "aggregate")
     importFrom("utils", "setTxtProgressBar", "txtProgressBar")
    to your NAMESPACE file.
Flavors: r-devel-linux-x86_64-debian-clang, r-devel-linux-x86_64-debian-gcc, r-devel-linux-x86_64-fedora-clang, r-devel-linux-x86_64-fedora-gcc, r-devel-macos-x86_64-clang, r-devel-windows-ix86+x86_64, r-patched-linux-x86_64, r-patched-solaris-sparc, r-patched-solaris-x86, r-release-linux-x86_64, r-release-osx-x86_64-mavericks, r-release-windows-ix86+x86_64