CRAN Package Check Results for Package ttwa

Last updated on 2015-05-28 09:47:42.

Flavor Version Tinstall Tcheck Ttotal Status Flags
r-devel-linux-x86_64-debian-clang 0.8.5.1 0.95 15.70 16.64 NOTE
r-devel-linux-x86_64-debian-gcc 0.8.5.1 0.92 15.76 16.68 NOTE
r-devel-linux-x86_64-fedora-clang 0.8.5.1 32.88 NOTE
r-devel-linux-x86_64-fedora-gcc 0.8.5.1 31.26 NOTE
r-devel-osx-x86_64-clang 0.8.5.1 33.41 NOTE
r-devel-windows-ix86+x86_64 0.8.5.1 3.00 28.00 31.00 NOTE
r-patched-linux-x86_64 0.8.5.1 1.00 15.28 16.28 NOTE
r-patched-solaris-sparc 0.8.5.1 203.30 NOTE
r-patched-solaris-x86 0.8.5.1 47.40 NOTE
r-release-linux-x86_64 0.8.5.1 0.95 16.27 17.22 NOTE
r-release-osx-x86_64-mavericks 0.8.5.1 NOTE
r-release-osx-x86_64-snowleopard 0.8.5.1 NOTE
r-release-windows-ix86+x86_64 0.8.5.1 3.00 25.00 28.00 NOTE
r-oldrel-windows-ix86+x86_64 0.8.5.1 6.00 39.00 45.00 OK

Check Details

Version: 0.8.5.1
Check: DESCRIPTION meta-information
Result: NOTE
    Malformed Title field: should not end in a period.
Flavors: r-devel-linux-x86_64-debian-clang, r-devel-linux-x86_64-debian-gcc, r-devel-linux-x86_64-fedora-clang, r-devel-linux-x86_64-fedora-gcc, r-devel-osx-x86_64-clang, r-devel-windows-ix86+x86_64, r-patched-linux-x86_64, r-patched-solaris-sparc, r-patched-solaris-x86, r-release-linux-x86_64, r-release-osx-x86_64-mavericks, r-release-osx-x86_64-snowleopard, r-release-windows-ix86+x86_64