CRAN Package Check Results for Package ttwa

Last updated on 2015-09-01 16:49:48.

Flavor Version Tinstall Tcheck Ttotal Status Flags
r-devel-linux-x86_64-debian-clang 0.8.5.1 0.91 14.64 15.55 NOTE
r-devel-linux-x86_64-debian-gcc 0.8.5.1 0.84 14.95 15.80 NOTE
r-devel-linux-x86_64-fedora-clang 0.8.5.1 31.14 NOTE
r-devel-linux-x86_64-fedora-gcc 0.8.5.1 29.04 NOTE
r-devel-osx-x86_64-clang 0.8.5.1 26.80 NOTE
r-devel-windows-ix86+x86_64 0.8.5.1 5.00 45.00 50.00 NOTE
r-patched-linux-x86_64 0.8.5.1 0.97 15.28 16.25 NOTE
r-patched-solaris-sparc 0.8.5.1 203.30 NOTE
r-patched-solaris-x86 0.8.5.1 48.00 NOTE
r-release-linux-x86_64 0.8.5.1 1.21 15.48 16.69 NOTE
r-release-osx-x86_64-mavericks 0.8.5.1 NOTE
r-release-windows-ix86+x86_64 0.8.5.1 6.00 28.00 34.00 NOTE
r-oldrel-windows-ix86+x86_64 0.8.5.1 9.00 43.00 52.00 OK

Check Details

Version: 0.8.5.1
Check: DESCRIPTION meta-information
Result: NOTE
    Malformed Title field: should not end in a period.
Flavors: r-devel-linux-x86_64-debian-clang, r-devel-linux-x86_64-debian-gcc, r-devel-linux-x86_64-fedora-clang, r-devel-linux-x86_64-fedora-gcc, r-devel-osx-x86_64-clang, r-devel-windows-ix86+x86_64, r-patched-linux-x86_64, r-patched-solaris-sparc, r-patched-solaris-x86, r-release-linux-x86_64, r-release-osx-x86_64-mavericks, r-release-windows-ix86+x86_64

Version: 0.8.5.1
Check: R code for possible problems
Result: NOTE
    ttwa: no visible global function definition for ‘aggregate’
    ttwa: no visible global function definition for ‘txtProgressBar’
    ttwa: no visible global function definition for ‘setTxtProgressBar’
    Undefined global functions or variables:
     aggregate setTxtProgressBar txtProgressBar
    Consider adding
     importFrom("stats", "aggregate")
     importFrom("utils", "setTxtProgressBar", "txtProgressBar")
    to your NAMESPACE.
Flavors: r-devel-linux-x86_64-debian-clang, r-devel-linux-x86_64-debian-gcc, r-devel-linux-x86_64-fedora-clang, r-devel-linux-x86_64-fedora-gcc, r-devel-windows-ix86+x86_64