CRAN Package Check Results for Package ttwa

Last updated on 2018-04-23 03:51:02 CEST.

Flavor Version Tinstall Tcheck Ttotal Status Flags
r-devel-linux-x86_64-debian-clang 0.8.5.1 0.98 26.40 27.38 NOTE
r-devel-linux-x86_64-debian-gcc 0.8.5.1 0.83 20.19 21.02 NOTE
r-devel-linux-x86_64-fedora-clang 0.8.5.1 30.96 NOTE
r-devel-linux-x86_64-fedora-gcc 0.8.5.1 28.29 NOTE
r-devel-windows-ix86+x86_64 0.8.5.1 4.00 35.00 39.00 NOTE
r-devel-osx-x86_64 0.8.5.1 NOTE
r-patched-linux-x86_64 0.8.5.1 1.04 24.20 25.24 NOTE
r-patched-solaris-x86 0.8.5.1 48.30 NOTE
r-release-linux-x86_64 0.8.5.1 1.10 23.76 24.86 NOTE
r-release-windows-ix86+x86_64 0.8.5.1 3.00 46.00 49.00 NOTE
r-release-osx-x86_64 0.8.5.1 NOTE
r-oldrel-windows-ix86+x86_64 0.8.5.1 4.00 32.00 36.00 NOTE

Check Details

Version: 0.8.5.1
Check: DESCRIPTION meta-information
Result: NOTE
    Malformed Title field: should not end in a period.
Flavors: r-devel-linux-x86_64-debian-clang, r-devel-linux-x86_64-debian-gcc, r-devel-linux-x86_64-fedora-clang, r-devel-linux-x86_64-fedora-gcc, r-devel-windows-ix86+x86_64, r-devel-osx-x86_64, r-patched-linux-x86_64, r-patched-solaris-x86, r-release-linux-x86_64, r-release-windows-ix86+x86_64, r-release-osx-x86_64, r-oldrel-windows-ix86+x86_64

Version: 0.8.5.1
Check: R code for possible problems
Result: NOTE
    ttwa: no visible global function definition for ‘aggregate’
    ttwa: no visible global function definition for ‘txtProgressBar’
    ttwa: no visible global function definition for ‘setTxtProgressBar’
    Undefined global functions or variables:
     aggregate setTxtProgressBar txtProgressBar
    Consider adding
     importFrom("stats", "aggregate")
     importFrom("utils", "setTxtProgressBar", "txtProgressBar")
    to your NAMESPACE file.
Flavors: r-devel-linux-x86_64-debian-clang, r-devel-linux-x86_64-debian-gcc, r-devel-linux-x86_64-fedora-clang, r-devel-linux-x86_64-fedora-gcc, r-devel-windows-ix86+x86_64, r-devel-osx-x86_64, r-patched-linux-x86_64, r-patched-solaris-x86, r-release-linux-x86_64, r-release-windows-ix86+x86_64, r-release-osx-x86_64, r-oldrel-windows-ix86+x86_64