CRAN Package Check Results for Package tubern

Last updated on 2024-06-18 09:57:50 CEST.

Flavor Version Tinstall Tcheck Ttotal Status Flags
r-devel-linux-x86_64-debian-clang 0.1.0 1.98 33.36 35.34 NOTE
r-devel-linux-x86_64-debian-gcc 0.1.0 1.93 25.62 27.55 NOTE
r-devel-linux-x86_64-fedora-clang 0.1.0 45.99 NOTE
r-devel-linux-x86_64-fedora-gcc 0.1.0 56.06 NOTE
r-devel-windows-x86_64 0.1.0 3.00 55.00 58.00 NOTE
r-patched-linux-x86_64 0.1.0 4.72 32.37 37.09 NOTE
r-release-linux-x86_64 0.1.0 2.35 32.59 34.94 NOTE
r-release-macos-arm64 0.1.0 25.00 NOTE
r-release-macos-x86_64 0.1.0 38.00 NOTE
r-release-windows-x86_64 0.1.0 4.00 58.00 62.00 NOTE
r-oldrel-macos-arm64 0.1.0 27.00 NOTE
r-oldrel-macos-x86_64 0.1.0 51.00 NOTE
r-oldrel-windows-x86_64 0.1.0 4.00 58.00 62.00 NOTE

Check Details

Version: 0.1.0
Check: LazyData
Result: NOTE 'LazyData' is specified without a 'data' directory Flavors: r-devel-linux-x86_64-debian-clang, r-devel-linux-x86_64-debian-gcc, r-devel-linux-x86_64-fedora-clang, r-devel-linux-x86_64-fedora-gcc, r-devel-windows-x86_64, r-patched-linux-x86_64, r-release-linux-x86_64, r-release-macos-arm64, r-release-macos-x86_64, r-release-windows-x86_64, r-oldrel-macos-arm64, r-oldrel-macos-x86_64, r-oldrel-windows-x86_64