CRAN Package Check Results for Package tufterhandout

Last updated on 2020-09-29 10:48:22 CEST.

Flavor Version Tinstall Tcheck Ttotal Status Flags
r-devel-linux-x86_64-debian-clang 1.2.1 2.39 33.16 35.55 NOTE
r-devel-linux-x86_64-debian-gcc 1.2.1 1.97 25.13 27.10 NOTE
r-devel-linux-x86_64-fedora-clang 1.2.1 52.24 NOTE
r-devel-linux-x86_64-fedora-gcc 1.2.1 41.90 NOTE
r-devel-windows-ix86+x86_64 1.2.1 6.00 38.00 44.00 NOTE
r-patched-linux-x86_64 1.2.1 2.30 31.55 33.85 NOTE
r-patched-solaris-x86 1.2.1 63.60 NOTE
r-release-linux-x86_64 1.2.1 1.90 30.94 32.84 NOTE
r-release-macos-x86_64 1.2.1 NOTE
r-release-windows-ix86+x86_64 1.2.1 22.00 54.00 76.00 NOTE
r-oldrel-macos-x86_64 1.2.1 NOTE
r-oldrel-windows-ix86+x86_64 1.2.1 5.00 48.00 53.00 NOTE

Check Details

Version: 1.2.1
Check: DESCRIPTION meta-information
Result: NOTE
    Malformed Description field: should contain one or more complete sentences.
Flavors: r-devel-linux-x86_64-debian-clang, r-devel-linux-x86_64-debian-gcc, r-devel-linux-x86_64-fedora-clang, r-devel-linux-x86_64-fedora-gcc, r-devel-windows-ix86+x86_64, r-patched-linux-x86_64, r-patched-solaris-x86, r-release-linux-x86_64, r-release-macos-x86_64, r-release-windows-ix86+x86_64, r-oldrel-macos-x86_64, r-oldrel-windows-ix86+x86_64