CRAN Package Check Results for Package tukeytrend

Last updated on 2020-08-11 12:50:18 CEST.

Flavor Version Tinstall Tcheck Ttotal Status Flags
r-devel-linux-x86_64-debian-clang 0.7 9.09 150.15 159.24 OK
r-devel-linux-x86_64-debian-gcc 0.7 8.42 116.27 124.69 NOTE
r-devel-linux-x86_64-fedora-clang 0.7 197.32 OK
r-devel-linux-x86_64-fedora-gcc 0.7 189.54 OK
r-devel-windows-ix86+x86_64 0.7 24.00 215.00 239.00 OK
r-patched-linux-x86_64 0.7 9.48 144.70 154.18 OK
r-patched-solaris-x86 0.7 324.40 OK
r-release-linux-x86_64 0.7 9.14 146.33 155.47 NOTE
r-release-macos-x86_64 0.7 OK
r-release-windows-ix86+x86_64 0.7 26.00 200.00 226.00 WARN
r-oldrel-macos-x86_64 0.7 OK
r-oldrel-windows-ix86+x86_64 0.7 15.00 160.00 175.00 OK

Check Details

Version: 0.7
Check: package dependencies
Result: NOTE
    Package suggested but not available for checking: ‘CorrBin’
Flavors: r-devel-linux-x86_64-debian-gcc, r-release-linux-x86_64

Version: 0.7
Check: re-building of vignette outputs
Result: WARN
    Error(s) in re-building vignettes:
    --- re-building 'ExamplesTukeytrendtest.Rnw' using knitr
    Loading required package: multcomp
    Loading required package: mvtnorm
    Loading required package: survival
    Loading required package: TH.data
    Loading required package: MASS
    
    Attaching package: 'TH.data'
    
    The following object is masked from 'package:MASS':
    
     geyser
    
    Warning in RET$pfunction("adjusted", ...) :
     Completion with error > abseps
    Warning in RET$pfunction("adjusted", ...) :
     Completion with error > abseps
    Warning in RET$pfunction("adjusted", ...) :
     Completion with error > abseps
    Warning in RET$pfunction("adjusted", ...) :
     Completion with error > abseps
    Warning in RET$pfunction("adjusted", ...) :
     Completion with error > abseps
    Warning in RET$pfunction("adjusted", ...) :
     Completion with error > abseps
    Warning in RET$pfunction("adjusted", ...) :
     Completion with error > abseps
    Warning in RET$pfunction("adjusted", ...) :
     Completion with error > abseps
    Warning in RET$pfunction("adjusted", ...) :
     Completion with error > abseps
    Warning in RET$pfunction("adjusted", ...) :
     Completion with error > abseps
    Warning in RET$pfunction("adjusted", ...) :
     Completion with error > abseps
    Warning in RET$pfunction("adjusted", ...) :
     Completion with error > abseps
    Warning in RET$pfunction("adjusted", ...) :
     Completion with error > abseps
    Warning in RET$pfunction("adjusted", ...) :
     Completion with error > abseps
    Warning in RET$pfunction("adjusted", ...) :
     Completion with error > abseps
    Warning in RET$pfunction("adjusted", ...) :
     Completion with error > abseps
    Warning in RET$pfunction("adjusted", ...) :
     Completion with error > abseps
    Warning in RET$pfunction("adjusted", ...) :
     Completion with error > abseps
    Warning in RET$pfunction("adjusted", ...) :
     Completion with error > abseps
    Warning in RET$pfunction("adjusted", ...) :
     Completion with error > abseps
    Warning in RET$pfunction("adjusted", ...) :
     Completion with error > abseps
    Warning in RET$pfunction("adjusted", ...) :
     Completion with error > abseps
    Warning in RET$pfunction("adjusted", ...) :
     Completion with error > abseps
    Warning in RET$pfunction("adjusted", ...) :
     Completion with error > abseps
    Loading required namespace: CorrBin
    Loading required namespace: HSAUR3
    Loading required namespace: SASmixed
    Loading required package: Matrix
    Warning in system(paste(shQuote(texi2dvi), if (quiet) "--quiet" else "", :
     running command '"D:\compiler\texmf\miktex\bin\texify.exe" --quiet --pdf "ExamplesTukeytrendtest.tex" --max-iterations=20 -I "D:/RCompile/recent/R-4.0.2/share/texmf/tex/latex" -I "D:/RCompile/recent/R-4.0.2/share/texmf/bibtex/bst"' had status 1
    Error: processing vignette 'ExamplesTukeytrendtest.Rnw' failed with diagnostics:
    Failed to locate 'texi2pdf' output file 'ExamplesTukeytrendtest.pdf' for vignette with name 'ExamplesTukeytrendtest' and engine 'knitr::knitr'. The following files exist in working directory 'd:\RCompile\CRANpkg\local\4.0\tukeytrend.Rcheck\vign_test\tukeytrend\vignettes': 'ExamplesTukeytrendtest.R' (240340 bytes), 'ExamplesTukeytrendtest.Rnw' (271617 bytes), 'ExamplesTukeytrendtest.tex' (115855 bytes), 'TukeyTrend2016.bib' (75613 bytes)
    --- failed re-building 'ExamplesTukeytrendtest.Rnw'
    
    SUMMARY: processing the following file failed:
     'ExamplesTukeytrendtest.Rnw'
    
    Error: Vignette re-building failed.
    Execution halted
Flavor: r-release-windows-ix86+x86_64