CRAN Package Check Results for Package tuneR

Last updated on 2021-10-16 13:52:43 CEST.

Flavor Version Tinstall Tcheck Ttotal Status Flags
r-devel-linux-x86_64-debian-clang 1.3.3.1 15.49 58.08 73.57 OK
r-devel-linux-x86_64-debian-gcc 1.3.3.1 10.91 44.55 55.46 OK
r-devel-linux-x86_64-fedora-clang 1.3.3.1 99.44 OK
r-devel-linux-x86_64-fedora-gcc 1.3.3.1 87.29 OK
r-devel-windows-x86_64 1.3.3.1 23.00 62.00 85.00 OK
r-devel-windows-x86_64-gcc10-UCRT 1.3.3.1 OK
r-patched-linux-x86_64 1.3.3.1 15.68 56.25 71.93 OK
r-patched-solaris-x86 1.3.3.1 109.50 OK
r-release-linux-x86_64 1.3.3.1 11.92 55.64 67.56 OK
r-release-macos-arm64 1.3.3.1 OK
r-release-macos-x86_64 1.3.3.1 WARN
r-release-windows-ix86+x86_64 1.3.3.1 43.00 110.00 153.00 OK
r-oldrel-macos-x86_64 1.3.3.1 WARN
r-oldrel-windows-ix86+x86_64 1.3.3.1 42.00 108.00 150.00 OK

Additional issues

clang-UBSAN

Check Details

Version: 1.3.3.1
Check: whether package can be installed
Result: WARN
    Found the following significant warnings:
     frame.c:147:21: warning: result of comparison of constant 4 with expression of type 'enum mad_layer' is always false [-Wtautological-constant-out-of-range-compare]
Flavors: r-release-macos-x86_64, r-oldrel-macos-x86_64