CRAN Package Check Results for Package tuneR

Last updated on 2015-04-28 12:47:42.

Flavor Version Tinstall Tcheck Ttotal Status Flags
r-devel-linux-x86_64-debian-clang 1.2.1 4.02 26.55 30.57 NOTE
r-devel-linux-x86_64-debian-gcc 1.2.1 4.24 25.54 29.78 NOTE
r-devel-linux-x86_64-fedora-clang 1.2.1 59.80 NOTE
r-devel-linux-x86_64-fedora-gcc 1.2.1 55.61 NOTE
r-devel-osx-x86_64-clang 1.2.1 55.39 NOTE
r-devel-windows-ix86+x86_64 1.2.1 28.00 51.00 79.00 WARN
r-patched-linux-x86_64 1.2.1 4.22 25.57 29.78 NOTE
r-patched-solaris-sparc 1.2.1 373.80 NOTE
r-patched-solaris-x86 1.2.1 75.70 NOTE
r-release-linux-x86_64 1.2.1 4.24 25.66 29.89 NOTE
r-release-osx-x86_64-mavericks 1.2.1 NOTE
r-release-osx-x86_64-snowleopard 1.2.1 NOTE
r-release-windows-ix86+x86_64 1.2.1 24.00 55.00 79.00 WARN
r-oldrel-windows-ix86+x86_64 1.2.1 20.00 81.00 101.00 WARN

Check Details

Version: 1.2.1
Check: dependencies in R code
Result: NOTE
    'library' or 'require' call to ‘pastecs’ in package code.
     Please use :: or requireNamespace() instead.
     See section 'Suggested packages' in the 'Writing R Extensions' manual.
Flavors: r-devel-linux-x86_64-debian-clang, r-devel-linux-x86_64-debian-gcc, r-devel-linux-x86_64-fedora-clang, r-devel-linux-x86_64-fedora-gcc, r-devel-osx-x86_64-clang, r-devel-windows-ix86+x86_64, r-patched-linux-x86_64, r-patched-solaris-sparc, r-patched-solaris-x86, r-release-linux-x86_64, r-release-osx-x86_64-mavericks, r-release-osx-x86_64-snowleopard, r-release-windows-ix86+x86_64, r-oldrel-windows-ix86+x86_64

Version: 1.2.1
Check: compiled code
Result: WARN
    File 'tuneR/libs/i386/tuneR.dll':
     Found 'abort', possibly from 'abort' (C), 'runtime' (Fortran)
     Objects: 'layer3.o', 'timer.o'
    File 'tuneR/libs/x64/tuneR.dll':
     Found 'abort', possibly from 'abort' (C), 'runtime' (Fortran)
     Objects: 'layer3.o', 'timer.o'
    
    Compiled code should not call entry points which might terminate R nor
    write to stdout/stderr instead of to the console, nor the system RNG.
    
    See 'Writing portable packages' in the 'Writing R Extensions' manual.
Flavors: r-devel-windows-ix86+x86_64, r-release-windows-ix86+x86_64, r-oldrel-windows-ix86+x86_64