CRAN Package Check Results for Package tuneR

Last updated on 2017-02-24 19:48:42.

Flavor Version Tinstall Tcheck Ttotal Status Flags
r-devel-linux-x86_64-debian-clang 1.3.1 5.11 32.59 37.70 NOTE
r-devel-linux-x86_64-debian-gcc 1.3.1 4.55 31.80 36.34 NOTE
r-devel-linux-x86_64-fedora-clang 1.3.1 68.04 NOTE --no-stop-on-test-error
r-devel-linux-x86_64-fedora-gcc 1.3.1 63.53 NOTE --no-stop-on-test-error
r-devel-macos-x86_64-clang 1.3.1 56.43 NOTE --no-stop-on-test-error
r-devel-windows-ix86+x86_64 1.3.1 50.00 108.00 158.00 OK
r-patched-linux-x86_64 1.3.1 4.12 28.98 33.10 OK
r-patched-solaris-sparc 1.3.1 374.40 OK
r-patched-solaris-x86 1.3.1 75.70 OK
r-release-linux-x86_64 1.3.1 4.16 28.28 32.43 OK
r-release-osx-x86_64-mavericks 1.3.1 OK
r-release-windows-ix86+x86_64 1.3.1 55.00 91.00 146.00 OK
r-oldrel-windows-ix86+x86_64 1.3.1 49.00 134.00 183.00 OK

Memtest notes: clang-UBSAN

Check Details

Version: 1.3.1
Check: compiled code
Result: NOTE
    File ‘tuneR/libs/tuneR.so’:
     Found no calls to: ‘R_registerRoutines’, ‘R_useDynamicSymbols’
    
    It is good practice to register native routines and to disable symbol
    search.
    
    See ‘Writing portable packages’ in the ‘Writing R Extensions’ manual.
Flavors: r-devel-linux-x86_64-debian-clang, r-devel-linux-x86_64-debian-gcc

Version: 1.3.1
Flags: --no-stop-on-test-error
Check: compiled code
Result: NOTE
    File ‘tuneR/libs/tuneR.so’:
     Found no calls to: ‘R_registerRoutines’, ‘R_useDynamicSymbols’
    
    It is good practice to register native routines and to disable symbol
    search.
    
    See ‘Writing portable packages’ in the ‘Writing R Extensions’ manual.
Flavors: r-devel-linux-x86_64-fedora-clang, r-devel-linux-x86_64-fedora-gcc, r-devel-macos-x86_64-clang