CRAN Package Check Results for Package tuneR

Last updated on 2015-09-02 06:48:21.

Flavor Version Tinstall Tcheck Ttotal Status Flags
r-devel-linux-x86_64-debian-clang 1.2.1 4.05 25.63 29.68 NOTE
r-devel-linux-x86_64-debian-gcc 1.2.1 4.24 25.52 29.76 NOTE
r-devel-linux-x86_64-fedora-clang 1.2.1 56.74 NOTE
r-devel-linux-x86_64-fedora-gcc 1.2.1 54.27 NOTE
r-devel-osx-x86_64-clang 1.2.1 48.97 NOTE
r-devel-windows-ix86+x86_64 1.2.1 32.00 64.00 96.00 WARN
r-patched-linux-x86_64 1.2.1 4.24 26.15 30.39 NOTE
r-patched-solaris-sparc 1.2.1 374.80 NOTE
r-patched-solaris-x86 1.2.1 77.90 NOTE
r-release-linux-x86_64 1.2.1 4.36 26.54 30.90 NOTE
r-release-osx-x86_64-mavericks 1.2.1 NOTE
r-release-windows-ix86+x86_64 1.2.1 30.00 64.00 94.00 WARN
r-oldrel-windows-ix86+x86_64 1.2.1 36.00 71.00 107.00 WARN

Check Details

Version: 1.2.1
Check: dependencies in R code
Result: NOTE
    'library' or 'require' call to ‘pastecs’ in package code.
     Please use :: or requireNamespace() instead.
     See section 'Suggested packages' in the 'Writing R Extensions' manual.
Flavors: r-devel-linux-x86_64-debian-clang, r-devel-linux-x86_64-debian-gcc, r-devel-linux-x86_64-fedora-clang, r-devel-linux-x86_64-fedora-gcc, r-devel-osx-x86_64-clang, r-devel-windows-ix86+x86_64, r-patched-linux-x86_64, r-patched-solaris-sparc, r-patched-solaris-x86, r-release-linux-x86_64, r-release-osx-x86_64-mavericks, r-release-windows-ix86+x86_64, r-oldrel-windows-ix86+x86_64

Version: 1.2.1
Check: R code for possible problems
Result: NOTE
    extractWave: no visible global function definition for ‘flush.console’
    extractWave: no visible global function definition for ‘locator’
    extractWave: no visible global function definition for ‘abline’
    melodyplot: no visible global function definition for ‘par’
    plot.Wave.channel: no visible global function definition for ‘par’
    plot.Wave.channel: no visible global function definition for ‘segments’
    plot.Wave.channel: no visible global function definition for ‘mtext’
    plot.Wave.channel: no visible global function definition for ‘axTicks’
    plot.Wave.channel: no visible global function definition for ‘axis’
    quantplot: no visible global function definition for ‘par’
    plot,Wave-missing: no visible global function definition for ‘par’
    plot,Wave-missing: no visible global function definition for ‘title’
    plot,Wave-missing: no visible global function definition for ‘mtext’
    plot,WaveMC-missing: no visible global function definition for ‘par’
    plot,WaveMC-missing: no visible global function definition for ‘title’
    plot,WaveMC-missing: no visible global function definition for ‘mtext’
    Undefined global functions or variables:
     abline axTicks axis flush.console locator mtext par segments title
    Consider adding
     importFrom("graphics", "abline", "axTicks", "axis", "locator", "mtext",
     "par", "segments", "title")
     importFrom("utils", "flush.console")
    to your NAMESPACE.
Flavors: r-devel-linux-x86_64-debian-clang, r-devel-linux-x86_64-debian-gcc, r-devel-linux-x86_64-fedora-clang, r-devel-linux-x86_64-fedora-gcc, r-devel-windows-ix86+x86_64

Version: 1.2.1
Check: compiled code
Result: WARN
    File 'tuneR/libs/i386/tuneR.dll':
     Found 'abort', possibly from 'abort' (C), 'runtime' (Fortran)
     Objects: 'layer3.o', 'timer.o'
    File 'tuneR/libs/x64/tuneR.dll':
     Found 'abort', possibly from 'abort' (C), 'runtime' (Fortran)
     Objects: 'layer3.o', 'timer.o'
    
    Compiled code should not call entry points which might terminate R nor
    write to stdout/stderr instead of to the console, nor the system RNG.
    
    See 'Writing portable packages' in the 'Writing R Extensions' manual.
Flavors: r-devel-windows-ix86+x86_64, r-release-windows-ix86+x86_64, r-oldrel-windows-ix86+x86_64