CRAN Package Check Results for Package tuneR

Last updated on 2018-04-26 16:49:44 CEST.

Flavor Version Tinstall Tcheck Ttotal Status Flags
r-devel-linux-x86_64-debian-clang 1.3.2 11.36 41.68 53.04 OK
r-devel-linux-x86_64-debian-gcc 1.3.2 9.69 36.73 46.42 OK
r-devel-linux-x86_64-fedora-clang 1.3.2 71.01 OK
r-devel-linux-x86_64-fedora-gcc 1.3.2 66.86 OK
r-devel-windows-ix86+x86_64 1.3.2 45.00 77.00 122.00 OK
r-patched-linux-x86_64 1.3.2 10.10 46.46 56.56 OK
r-patched-solaris-x86 1.3.2 97.40 OK
r-release-linux-x86_64 1.3.2 10.85 46.45 57.30 OK
r-release-windows-ix86+x86_64 1.3.2 45.00 77.00 122.00 OK
r-release-osx-x86_64 1.3.2 WARN
r-oldrel-windows-ix86+x86_64 1.3.2 27.00 104.00 131.00 OK
r-oldrel-osx-x86_64 1.3.2 OK

Additional issues

clang-UBSAN

Check Details

Version: 1.3.2
Check: whether package can be installed
Result: WARN
    Found the following significant warnings:
     frame.c:147:21: warning: comparison of constant 4 with expression of type 'enum mad_layer' is always false [-Wtautological-constant-out-of-range-compare]
Flavor: r-release-osx-x86_64