CRAN Package Check Results for Package tuneR

Last updated on 2015-05-25 10:47:28.

Flavor Version Tinstall Tcheck Ttotal Status Flags
r-devel-linux-x86_64-debian-clang 1.2.1 4.12 25.94 30.06 NOTE
r-devel-linux-x86_64-debian-gcc 1.2.1 4.19 25.60 29.79 NOTE
r-devel-linux-x86_64-fedora-clang 1.2.1 59.22 NOTE
r-devel-linux-x86_64-fedora-gcc 1.2.1 55.78 NOTE
r-devel-osx-x86_64-clang 1.2.1 55.69 NOTE
r-devel-windows-ix86+x86_64 1.2.1 26.00 57.00 83.00 WARN
r-patched-linux-x86_64 1.2.1 4.18 25.36 29.54 NOTE
r-patched-solaris-sparc 1.2.1 367.90 NOTE
r-patched-solaris-x86 1.2.1 75.00 NOTE
r-release-linux-x86_64 1.2.1 4.28 25.70 29.98 NOTE
r-release-osx-x86_64-mavericks 1.2.1 NOTE
r-release-osx-x86_64-snowleopard 1.2.1 NOTE
r-release-windows-ix86+x86_64 1.2.1 23.00 53.00 76.00 WARN
r-oldrel-windows-ix86+x86_64 1.2.1 24.00 93.00 117.00 WARN

Check Details

Version: 1.2.1
Check: dependencies in R code
Result: NOTE
    'library' or 'require' call to ‘pastecs’ in package code.
     Please use :: or requireNamespace() instead.
     See section 'Suggested packages' in the 'Writing R Extensions' manual.
Flavors: r-devel-linux-x86_64-debian-clang, r-devel-linux-x86_64-debian-gcc, r-devel-linux-x86_64-fedora-clang, r-devel-linux-x86_64-fedora-gcc, r-devel-osx-x86_64-clang, r-devel-windows-ix86+x86_64, r-patched-linux-x86_64, r-patched-solaris-sparc, r-patched-solaris-x86, r-release-linux-x86_64, r-release-osx-x86_64-mavericks, r-release-osx-x86_64-snowleopard, r-release-windows-ix86+x86_64, r-oldrel-windows-ix86+x86_64

Version: 1.2.1
Check: compiled code
Result: WARN
    File 'tuneR/libs/i386/tuneR.dll':
     Found 'abort', possibly from 'abort' (C), 'runtime' (Fortran)
     Objects: 'layer3.o', 'timer.o'
    File 'tuneR/libs/x64/tuneR.dll':
     Found 'abort', possibly from 'abort' (C), 'runtime' (Fortran)
     Objects: 'layer3.o', 'timer.o'
    
    Compiled code should not call entry points which might terminate R nor
    write to stdout/stderr instead of to the console, nor the system RNG.
    
    See 'Writing portable packages' in the 'Writing R Extensions' manual.
Flavors: r-devel-windows-ix86+x86_64, r-release-windows-ix86+x86_64, r-oldrel-windows-ix86+x86_64