CRAN Package Check Results for Package tuneR

Last updated on 2020-08-03 14:48:44 CEST.

Flavor Version Tinstall Tcheck Ttotal Status Flags
r-devel-linux-x86_64-debian-clang 1.3.3 13.91 55.10 69.01 OK
r-devel-linux-x86_64-debian-gcc 1.3.3 11.81 42.20 54.01 OK
r-devel-linux-x86_64-fedora-clang 1.3.3 92.50 OK
r-devel-linux-x86_64-fedora-gcc 1.3.3 81.06 OK
r-devel-windows-ix86+x86_64 1.3.3 46.00 83.00 129.00 OK
r-patched-linux-x86_64 1.3.3 13.54 54.41 67.95 OK
r-patched-solaris-x86 1.3.3 106.90 OK
r-release-linux-x86_64 1.3.3 12.72 55.65 68.37 OK
r-release-macos-x86_64 1.3.3 WARN
r-release-windows-ix86+x86_64 1.3.3 43.00 117.00 160.00 OK
r-oldrel-macos-x86_64 1.3.3 OK
r-oldrel-windows-ix86+x86_64 1.3.3 30.00 113.00 143.00 OK

Additional issues

clang-UBSAN

Check Details

Version: 1.3.3
Check: whether package can be installed
Result: WARN
    Found the following significant warnings:
     frame.c:147:21: warning: result of comparison of constant 4 with expression of type 'enum mad_layer' is always false [-Wtautological-constant-out-of-range-compare]
Flavor: r-release-macos-x86_64