CRAN Package Check Results for Package tuneR

Last updated on 2016-04-30 06:47:45.

Flavor Version Tinstall Tcheck Ttotal Status Flags
r-devel-linux-x86_64-debian-gcc 1.2.1 3.98 26.27 30.25 NOTE
r-devel-linux-x86_64-fedora-clang 1.2.1 56.44 NOTE
r-devel-linux-x86_64-fedora-gcc 1.2.1 51.86 NOTE
r-devel-osx-x86_64-clang 1.2.1 65.32 NOTE
r-devel-windows-ix86+x86_64 1.2.1 18.00 65.00 83.00 NOTE
r-patched-linux-x86_64 1.2.1 4.22 25.50 29.72 NOTE
r-patched-solaris-sparc 1.2.1 354.40 NOTE
r-patched-solaris-x86 1.2.1 70.80 NOTE
r-release-linux-x86_64 1.2.1 4.81 28.17 32.98 NOTE
r-release-osx-x86_64-mavericks 1.2.1 NOTE
r-release-windows-ix86+x86_64 1.2.1 25.00 61.00 86.00 WARN
r-oldrel-windows-ix86+x86_64 1.2.1 35.00 65.00 100.00 WARN

Check Details

Version: 1.2.1
Check: dependencies in R code
Result: NOTE
    'library' or 'require' call to ‘pastecs’ in package code.
     Please use :: or requireNamespace() instead.
     See section 'Suggested packages' in the 'Writing R Extensions' manual.
Flavors: r-devel-linux-x86_64-debian-gcc, r-devel-linux-x86_64-fedora-clang, r-devel-linux-x86_64-fedora-gcc, r-devel-osx-x86_64-clang, r-devel-windows-ix86+x86_64, r-patched-linux-x86_64, r-patched-solaris-sparc, r-patched-solaris-x86, r-release-linux-x86_64, r-release-osx-x86_64-mavericks, r-release-windows-ix86+x86_64, r-oldrel-windows-ix86+x86_64

Version: 1.2.1
Check: R code for possible problems
Result: NOTE
    extractWave: no visible global function definition for ‘flush.console’
    extractWave: no visible global function definition for ‘locator’
    extractWave: no visible global function definition for ‘abline’
    melodyplot: no visible global function definition for ‘par’
    plot.Wave.channel: no visible global function definition for ‘par’
    plot.Wave.channel: no visible global function definition for ‘segments’
    plot.Wave.channel: no visible global function definition for ‘mtext’
    plot.Wave.channel: no visible global function definition for ‘axTicks’
    plot.Wave.channel: no visible global function definition for ‘axis’
    quantplot: no visible global function definition for ‘par’
    plot,Wave-missing: no visible global function definition for ‘par’
    plot,Wave-missing: no visible global function definition for ‘title’
    plot,Wave-missing: no visible global function definition for ‘mtext’
    plot,WaveMC-missing: no visible global function definition for ‘par’
    plot,WaveMC-missing: no visible global function definition for ‘title’
    plot,WaveMC-missing: no visible global function definition for ‘mtext’
    Undefined global functions or variables:
     abline axTicks axis flush.console locator mtext par segments title
    Consider adding
     importFrom("graphics", "abline", "axTicks", "axis", "locator", "mtext",
     "par", "segments", "title")
     importFrom("utils", "flush.console")
    to your NAMESPACE file.
Flavors: r-devel-linux-x86_64-debian-gcc, r-devel-linux-x86_64-fedora-clang, r-devel-linux-x86_64-fedora-gcc, r-devel-osx-x86_64-clang, r-devel-windows-ix86+x86_64, r-patched-linux-x86_64, r-patched-solaris-sparc, r-patched-solaris-x86

Version: 1.2.1
Check: compiled code
Result: WARN
    File 'tuneR/libs/i386/tuneR.dll':
     Found 'abort', possibly from 'abort' (C), 'runtime' (Fortran)
     Objects: 'layer3.o', 'timer.o'
    File 'tuneR/libs/x64/tuneR.dll':
     Found 'abort', possibly from 'abort' (C), 'runtime' (Fortran)
     Objects: 'layer3.o', 'timer.o'
    
    Compiled code should not call entry points which might terminate R nor
    write to stdout/stderr instead of to the console, nor the system RNG.
    
    See 'Writing portable packages' in the 'Writing R Extensions' manual.
Flavors: r-release-windows-ix86+x86_64, r-oldrel-windows-ix86+x86_64