CRAN Package Check Results for Package tuneR

Last updated on 2014-07-30 03:48:29.

Flavor Version Tinstall Tcheck Ttotal Status Flags
r-devel-linux-x86_64-debian-clang 1.2.1 4.06 31.12 35.18 OK
r-devel-linux-x86_64-debian-gcc 1.2.1 4.62 30.71 35.32 OK
r-devel-linux-x86_64-fedora-clang 1.2.1 72.09 OK
r-devel-linux-x86_64-fedora-gcc 1.2.1 68.15 OK
r-devel-osx-x86_64-clang 1.2.1 63.21 OK
r-devel-windows-ix86+x86_64 1.2.1 23.00 60.00 83.00 WARN
r-patched-linux-x86_64 1.2.1 4.73 31.18 35.91 OK
r-patched-solaris-sparc 1.2.1 397.70 OK
r-patched-solaris-x86 1.2.1 89.90 OK
r-release-linux-ix86 1.2.1 6.08 39.76 45.84 OK
r-release-linux-x86_64 1.2.1 4.65 31.38 36.02 OK
r-release-osx-x86_64-mavericks 1.2.1 OK
r-release-osx-x86_64-snowleopard 1.2.1 OK
r-release-windows-ix86+x86_64 1.2.1 23.00 65.00 88.00 WARN
r-oldrel-windows-ix86+x86_64 1.2.1 24.00 62.00 86.00 WARN

Check Details

Version: 1.2.1
Check: compiled code
Result: WARNING
    File 'd:/Rcompile/CRANpkg/lib/3.2/tuneR/libs/i386/tuneR.dll':
     Found 'abort', possibly from 'abort' (C), 'runtime' (Fortran)
     Objects: 'layer3.o', 'timer.o'
    File 'd:/Rcompile/CRANpkg/lib/3.2/tuneR/libs/x64/tuneR.dll':
     Found 'abort', possibly from 'abort' (C), 'runtime' (Fortran)
     Objects: 'layer3.o', 'timer.o'
    
    Compiled code should not call entry points which might terminate R nor
    write to stdout/stderr instead of to the console.
    
    See 'Writing portable packages' in the 'Writing R Extensions' manual.
    * checking examples ...
Flavor: r-devel-windows-ix86+x86_64

Version: 1.2.1
Check: compiled code
Result: WARNING
    File 'd:/Rcompile/CRANpkg/lib/3.1/tuneR/libs/i386/tuneR.dll':
     Found 'abort', possibly from 'abort' (C), 'runtime' (Fortran)
     Objects: 'layer3.o', 'timer.o'
    File 'd:/Rcompile/CRANpkg/lib/3.1/tuneR/libs/x64/tuneR.dll':
     Found 'abort', possibly from 'abort' (C), 'runtime' (Fortran)
     Objects: 'layer3.o', 'timer.o'
    
    Compiled code should not call entry points which might terminate R nor
    write to stdout/stderr instead of to the console.
    
    See 'Writing portable packages' in the 'Writing R Extensions' manual.
    * checking examples ...
Flavor: r-release-windows-ix86+x86_64

Version: 1.2.1
Check: compiled code
Result: WARNING
    File 'd:/Rcompile/CRANpkg/lib/3.0/tuneR/libs/i386/tuneR.dll':
     Found 'abort', possibly from 'abort' (C), 'runtime' (Fortran)
     Objects: 'layer3.o', 'timer.o'
    File 'd:/Rcompile/CRANpkg/lib/3.0/tuneR/libs/x64/tuneR.dll':
     Found 'abort', possibly from 'abort' (C), 'runtime' (Fortran)
     Objects: 'layer3.o', 'timer.o'
    
    Compiled code should not call entry points which might terminate R nor
    write to stdout/stderr instead of to the console.
    
    See 'Writing portable packages' in the 'Writing R Extensions' manual.
    * checking examples ...
Flavor: r-oldrel-windows-ix86+x86_64