CRAN Package Check Results for Package tuneR

Last updated on 2014-12-21 01:47:12.

Flavor Version Tinstall Tcheck Ttotal Status Flags
r-devel-linux-x86_64-debian-clang 1.2.1 4.22 31.10 35.32 OK
r-devel-linux-x86_64-debian-gcc 1.2.1 4.43 29.41 33.84 OK
r-devel-linux-x86_64-fedora-clang 1.2.1 74.09 OK
r-devel-linux-x86_64-fedora-gcc 1.2.1 64.75 OK
r-devel-osx-x86_64-clang 1.2.1 66.10 OK
r-devel-windows-ix86+x86_64 1.2.1 23.00 59.00 82.00 WARN
r-patched-linux-x86_64 1.2.1 4.88 31.96 36.84 OK
r-patched-solaris-sparc 1.2.1 419.00 OK
r-patched-solaris-x86 1.2.1 89.70 OK
r-release-linux-ix86 1.2.1 5.86 38.48 44.33 OK
r-release-linux-x86_64 1.2.1 4.68 31.85 36.54 OK
r-release-osx-x86_64-mavericks 1.2.1 OK
r-release-osx-x86_64-snowleopard 1.2.1 OK
r-release-windows-ix86+x86_64 1.2.1 26.00 66.00 92.00 WARN
r-oldrel-windows-ix86+x86_64 1.2.1 26.00 69.00 95.00 WARN

Check Details

Version: 1.2.1
Check: compiled code
Result: WARN
    File 'tuneR/libs/i386/tuneR.dll':
     Found 'abort', possibly from 'abort' (C), 'runtime' (Fortran)
     Objects: 'layer3.o', 'timer.o'
    File 'tuneR/libs/x64/tuneR.dll':
     Found 'abort', possibly from 'abort' (C), 'runtime' (Fortran)
     Objects: 'layer3.o', 'timer.o'
    
    Compiled code should not call entry points which might terminate R nor
    write to stdout/stderr instead of to the console, nor the system RNG.
    
    See 'Writing portable packages' in the 'Writing R Extensions' manual.
Flavor: r-devel-windows-ix86+x86_64

Version: 1.2.1
Check: compiled code
Result: WARN
    File 'tuneR/libs/i386/tuneR.dll':
     Found 'abort', possibly from 'abort' (C), 'runtime' (Fortran)
     Objects: 'layer3.o', 'timer.o'
    File 'tuneR/libs/x64/tuneR.dll':
     Found 'abort', possibly from 'abort' (C), 'runtime' (Fortran)
     Objects: 'layer3.o', 'timer.o'
    
    Compiled code should not call entry points which might terminate R nor
    write to stdout/stderr instead of to the console, nor the C RNG.
    
    See 'Writing portable packages' in the 'Writing R Extensions' manual.
Flavor: r-release-windows-ix86+x86_64

Version: 1.2.1
Check: compiled code
Result: WARN
    File 'd:/Rcompile/CRANpkg/lib/3.0/tuneR/libs/i386/tuneR.dll':
     Found 'abort', possibly from 'abort' (C), 'runtime' (Fortran)
     Objects: 'layer3.o', 'timer.o'
    File 'd:/Rcompile/CRANpkg/lib/3.0/tuneR/libs/x64/tuneR.dll':
     Found 'abort', possibly from 'abort' (C), 'runtime' (Fortran)
     Objects: 'layer3.o', 'timer.o'
    
    Compiled code should not call entry points which might terminate R nor
    write to stdout/stderr instead of to the console.
    
    See 'Writing portable packages' in the 'Writing R Extensions' manual.
Flavor: r-oldrel-windows-ix86+x86_64