CRAN Package Check Results for Package tuneR

Last updated on 2014-11-27 08:47:15.

Flavor Version Tinstall Tcheck Ttotal Status Flags
r-devel-linux-x86_64-debian-clang 1.2.1 4.21 31.06 35.27 OK
r-devel-linux-x86_64-debian-gcc 1.2.1 4.92 30.17 35.08 OK
r-devel-linux-x86_64-fedora-clang 1.2.1 71.64 OK
r-devel-linux-x86_64-fedora-gcc 1.2.1 68.37 OK
r-devel-osx-x86_64-clang 1.2.1 65.43 OK
r-devel-windows-ix86+x86_64 1.2.1 23.00 56.00 79.00 WARN
r-patched-linux-x86_64 1.2.1 4.72 32.02 36.73 OK
r-patched-solaris-sparc 1.2.1 419.00 OK
r-patched-solaris-x86 1.2.1 92.30 OK
r-release-linux-ix86 1.2.1 5.83 38.51 44.34 OK
r-release-linux-x86_64 1.2.1 4.71 31.64 36.35 OK
r-release-osx-x86_64-mavericks 1.2.1 OK
r-release-osx-x86_64-snowleopard 1.2.1 OK
r-release-windows-ix86+x86_64 1.2.1 22.00 63.00 85.00 WARN
r-oldrel-windows-ix86+x86_64 1.2.1 22.00 63.00 85.00 WARN

Check Details

Version: 1.2.1
Check: compiled code
Result: WARN
    File 'tuneR/libs/i386/tuneR.dll':
     Found 'abort', possibly from 'abort' (C), 'runtime' (Fortran)
     Objects: 'layer3.o', 'timer.o'
    File 'tuneR/libs/x64/tuneR.dll':
     Found 'abort', possibly from 'abort' (C), 'runtime' (Fortran)
     Objects: 'layer3.o', 'timer.o'
    
    Compiled code should not call entry points which might terminate R nor
    write to stdout/stderr instead of to the console, nor the C RNG.
    
    See 'Writing portable packages' in the 'Writing R Extensions' manual.
Flavors: r-devel-windows-ix86+x86_64, r-release-windows-ix86+x86_64

Version: 1.2.1
Check: compiled code
Result: WARN
    File 'd:/Rcompile/CRANpkg/lib/3.0/tuneR/libs/i386/tuneR.dll':
     Found 'abort', possibly from 'abort' (C), 'runtime' (Fortran)
     Objects: 'layer3.o', 'timer.o'
    File 'd:/Rcompile/CRANpkg/lib/3.0/tuneR/libs/x64/tuneR.dll':
     Found 'abort', possibly from 'abort' (C), 'runtime' (Fortran)
     Objects: 'layer3.o', 'timer.o'
    
    Compiled code should not call entry points which might terminate R nor
    write to stdout/stderr instead of to the console.
    
    See 'Writing portable packages' in the 'Writing R Extensions' manual.
Flavor: r-oldrel-windows-ix86+x86_64