CRAN Package Check Results for Package tuneR

Last updated on 2014-10-23 05:46:56.

Flavor Version Tinstall Tcheck Ttotal Status Flags
r-devel-linux-x86_64-debian-clang 1.2.1 4.26 31.69 35.95 OK
r-devel-linux-x86_64-debian-gcc 1.2.1 4.60 31.26 35.86 OK
r-devel-linux-x86_64-fedora-clang 1.2.1 71.59 OK
r-devel-linux-x86_64-fedora-gcc 1.2.1 66.18 OK
r-devel-osx-x86_64-clang 1.2.1 65.88 OK
r-devel-windows-ix86+x86_64 1.2.1 21.00 53.00 74.00 WARN
r-patched-linux-x86_64 1.2.1 4.72 32.50 37.22 OK
r-patched-solaris-sparc 1.2.1 419.00 OK
r-patched-solaris-x86 1.2.1 91.00 OK
r-release-linux-ix86 1.2.1 6.11 40.67 46.78 OK
r-release-linux-x86_64 1.2.1 4.74 33.14 37.89 OK
r-release-osx-x86_64-mavericks 1.2.1 OK
r-release-osx-x86_64-snowleopard 1.2.1 OK
r-release-windows-ix86+x86_64 1.2.1 23.00 61.00 84.00 WARN
r-oldrel-windows-ix86+x86_64 1.2.1 23.00 62.00 85.00 WARN

Check Details

Version: 1.2.1
Check: compiled code
Result: WARN
    File 'tuneR/libs/i386/tuneR.dll':
     Found 'abort', possibly from 'abort' (C), 'runtime' (Fortran)
     Objects: 'layer3.o', 'timer.o'
    File 'tuneR/libs/x64/tuneR.dll':
     Found 'abort', possibly from 'abort' (C), 'runtime' (Fortran)
     Objects: 'layer3.o', 'timer.o'
    
    Compiled code should not call entry points which might terminate R nor
    write to stdout/stderr instead of to the console, nor the C RNG.
    
    See 'Writing portable packages' in the 'Writing R Extensions' manual.
Flavor: r-devel-windows-ix86+x86_64

Version: 1.2.1
Check: compiled code
Result: WARN
    File 'd:/Rcompile/CRANpkg/lib/3.1/tuneR/libs/i386/tuneR.dll':
     Found 'abort', possibly from 'abort' (C), 'runtime' (Fortran)
     Objects: 'layer3.o', 'timer.o'
    File 'd:/Rcompile/CRANpkg/lib/3.1/tuneR/libs/x64/tuneR.dll':
     Found 'abort', possibly from 'abort' (C), 'runtime' (Fortran)
     Objects: 'layer3.o', 'timer.o'
    
    Compiled code should not call entry points which might terminate R nor
    write to stdout/stderr instead of to the console.
    
    See 'Writing portable packages' in the 'Writing R Extensions' manual.
Flavor: r-release-windows-ix86+x86_64

Version: 1.2.1
Check: compiled code
Result: WARN
    File 'd:/Rcompile/CRANpkg/lib/3.0/tuneR/libs/i386/tuneR.dll':
     Found 'abort', possibly from 'abort' (C), 'runtime' (Fortran)
     Objects: 'layer3.o', 'timer.o'
    File 'd:/Rcompile/CRANpkg/lib/3.0/tuneR/libs/x64/tuneR.dll':
     Found 'abort', possibly from 'abort' (C), 'runtime' (Fortran)
     Objects: 'layer3.o', 'timer.o'
    
    Compiled code should not call entry points which might terminate R nor
    write to stdout/stderr instead of to the console.
    
    See 'Writing portable packages' in the 'Writing R Extensions' manual.
Flavor: r-oldrel-windows-ix86+x86_64