CRAN Package Check Results for Package tuneR

Last updated on 2016-06-29 21:47:05.

Flavor Version Tinstall Tcheck Ttotal Status Flags
r-devel-linux-x86_64-debian-gcc 1.2.1 4.75 28.64 33.38 NOTE
r-devel-linux-x86_64-fedora-clang 1.2.1 56.53 NOTE
r-devel-linux-x86_64-fedora-gcc 1.2.1 54.98 NOTE
r-devel-osx-x86_64-clang 1.2.1 49.39 NOTE
r-devel-windows-ix86+x86_64 1.2.1 19.00 86.00 105.00 NOTE
r-patched-linux-x86_64 1.2.1 5.49 27.13 32.62 NOTE
r-patched-solaris-sparc 1.2.1 354.30 NOTE
r-patched-solaris-x86 1.2.1 70.20 NOTE
r-release-linux-x86_64 1.2.1 4.00 26.18 30.17 NOTE
r-release-osx-x86_64-mavericks 1.2.1 NOTE
r-release-windows-ix86+x86_64 1.2.1 30.00 84.00 114.00 NOTE
r-oldrel-windows-ix86+x86_64 1.2.1 33.00 62.00 95.00 NOTE

Check Details

Version: 1.2.1
Check: dependencies in R code
Result: NOTE
    'library' or 'require' call to ‘pastecs’ in package code.
     Please use :: or requireNamespace() instead.
     See section 'Suggested packages' in the 'Writing R Extensions' manual.
Flavors: r-devel-linux-x86_64-debian-gcc, r-devel-linux-x86_64-fedora-clang, r-devel-linux-x86_64-fedora-gcc, r-devel-osx-x86_64-clang, r-devel-windows-ix86+x86_64, r-patched-linux-x86_64, r-patched-solaris-sparc, r-patched-solaris-x86, r-release-linux-x86_64, r-release-osx-x86_64-mavericks, r-release-windows-ix86+x86_64, r-oldrel-windows-ix86+x86_64

Version: 1.2.1
Check: R code for possible problems
Result: NOTE
    extractWave: no visible global function definition for ‘flush.console’
    extractWave: no visible global function definition for ‘locator’
    extractWave: no visible global function definition for ‘abline’
    melodyplot: no visible global function definition for ‘par’
    plot.Wave.channel: no visible global function definition for ‘par’
    plot.Wave.channel: no visible global function definition for ‘segments’
    plot.Wave.channel: no visible global function definition for ‘mtext’
    plot.Wave.channel: no visible global function definition for ‘axTicks’
    plot.Wave.channel: no visible global function definition for ‘axis’
    quantplot: no visible global function definition for ‘par’
    plot,Wave-missing: no visible global function definition for ‘par’
    plot,Wave-missing: no visible global function definition for ‘title’
    plot,Wave-missing: no visible global function definition for ‘mtext’
    plot,WaveMC-missing: no visible global function definition for ‘par’
    plot,WaveMC-missing: no visible global function definition for ‘title’
    plot,WaveMC-missing: no visible global function definition for ‘mtext’
    Undefined global functions or variables:
     abline axTicks axis flush.console locator mtext par segments title
    Consider adding
     importFrom("graphics", "abline", "axTicks", "axis", "locator", "mtext",
     "par", "segments", "title")
     importFrom("utils", "flush.console")
    to your NAMESPACE file.
Flavors: r-devel-linux-x86_64-debian-gcc, r-devel-linux-x86_64-fedora-clang, r-devel-linux-x86_64-fedora-gcc, r-devel-osx-x86_64-clang, r-devel-windows-ix86+x86_64, r-patched-linux-x86_64, r-patched-solaris-sparc, r-patched-solaris-x86, r-release-linux-x86_64, r-release-osx-x86_64-mavericks, r-release-windows-ix86+x86_64