CRAN Package Check Results for Package tuneR

Last updated on 2017-03-27 18:50:22.

Flavor Version Tinstall Tcheck Ttotal Status Flags
r-devel-linux-x86_64-debian-clang 1.3.1 5.16 32.16 37.31 NOTE
r-devel-linux-x86_64-debian-gcc 1.3.1 4.68 31.28 35.95 NOTE
r-devel-linux-x86_64-fedora-clang 1.3.1 67.46 NOTE --no-stop-on-test-error
r-devel-linux-x86_64-fedora-gcc 1.3.1 63.93 NOTE --no-stop-on-test-error
r-devel-macos-x86_64-clang 1.3.1 55.51 NOTE --no-stop-on-test-error
r-devel-windows-ix86+x86_64 1.3.1 81.00 101.00 182.00 OK
r-patched-linux-x86_64 1.3.1 4.41 31.36 35.76 NOTE
r-patched-solaris-sparc 1.3.1 410.60 OK
r-patched-solaris-x86 1.3.1 85.60 OK
r-release-linux-x86_64 1.3.1 4.24 28.16 32.39 OK
r-release-osx-x86_64-mavericks 1.3.1 OK
r-release-windows-ix86+x86_64 1.3.1 38.00 76.00 114.00 OK
r-oldrel-windows-ix86+x86_64 1.3.1 23.00 67.00 90.00 OK

Memtest notes: clang-UBSAN

Check Details

Version: 1.3.1
Check: compiled code
Result: NOTE
    File ‘tuneR/libs/tuneR.so’:
     Found no calls to: ‘R_registerRoutines’, ‘R_useDynamicSymbols’
    
    It is good practice to register native routines and to disable symbol
    search.
    
    See ‘Writing portable packages’ in the ‘Writing R Extensions’ manual.
Flavors: r-devel-linux-x86_64-debian-clang, r-devel-linux-x86_64-debian-gcc, r-patched-linux-x86_64

Version: 1.3.1
Flags: --no-stop-on-test-error
Check: compiled code
Result: NOTE
    File ‘tuneR/libs/tuneR.so’:
     Found no calls to: ‘R_registerRoutines’, ‘R_useDynamicSymbols’
    
    It is good practice to register native routines and to disable symbol
    search.
    
    See ‘Writing portable packages’ in the ‘Writing R Extensions’ manual.
Flavors: r-devel-linux-x86_64-fedora-clang, r-devel-linux-x86_64-fedora-gcc, r-devel-macos-x86_64-clang