CRAN Package Check Results for Package tuneR

Last updated on 2015-01-29 10:48:27.

Flavor Version Tinstall Tcheck Ttotal Status Flags
r-devel-linux-x86_64-debian-clang 1.2.1 3.96 28.80 32.76 NOTE
r-devel-linux-x86_64-debian-gcc 1.2.1 4.62 28.37 32.98 NOTE
r-devel-linux-x86_64-fedora-clang 1.2.1 78.27 NOTE
r-devel-linux-x86_64-fedora-gcc 1.2.1 66.25 NOTE
r-devel-osx-x86_64-clang 1.2.1 64.60 NOTE
r-devel-windows-ix86+x86_64 1.2.1 34.00 53.00 87.00 WARN
r-patched-linux-x86_64 1.2.1 4.70 31.85 36.55 OK
r-patched-solaris-sparc 1.2.1 426.40 OK
r-patched-solaris-x86 1.2.1 90.00 OK
r-release-linux-ix86 1.2.1 5.89 38.74 44.63 OK
r-release-linux-x86_64 1.2.1 4.57 31.64 36.21 OK
r-release-osx-x86_64-mavericks 1.2.1 OK
r-release-osx-x86_64-snowleopard 1.2.1 OK
r-release-windows-ix86+x86_64 1.2.1 26.00 64.00 90.00 WARN
r-oldrel-windows-ix86+x86_64 1.2.1 24.00 71.00 95.00 WARN

Check Details

Version: 1.2.1
Check: dependencies in R code
Result: NOTE
    'library' or 'require' call to ‘pastecs’ in package code.
     Please use :: or requireNamespace() instead.
     See section 'Suggested packages' in the 'Writing R Extensions' manual.
Flavors: r-devel-linux-x86_64-debian-clang, r-devel-linux-x86_64-debian-gcc, r-devel-linux-x86_64-fedora-clang, r-devel-linux-x86_64-fedora-gcc, r-devel-osx-x86_64-clang, r-devel-windows-ix86+x86_64

Version: 1.2.1
Check: compiled code
Result: WARN
    File 'tuneR/libs/i386/tuneR.dll':
     Found 'abort', possibly from 'abort' (C), 'runtime' (Fortran)
     Objects: 'layer3.o', 'timer.o'
    File 'tuneR/libs/x64/tuneR.dll':
     Found 'abort', possibly from 'abort' (C), 'runtime' (Fortran)
     Objects: 'layer3.o', 'timer.o'
    
    Compiled code should not call entry points which might terminate R nor
    write to stdout/stderr instead of to the console, nor the system RNG.
    
    See 'Writing portable packages' in the 'Writing R Extensions' manual.
Flavor: r-devel-windows-ix86+x86_64

Version: 1.2.1
Check: compiled code
Result: WARN
    File 'tuneR/libs/i386/tuneR.dll':
     Found 'abort', possibly from 'abort' (C), 'runtime' (Fortran)
     Objects: 'layer3.o', 'timer.o'
    File 'tuneR/libs/x64/tuneR.dll':
     Found 'abort', possibly from 'abort' (C), 'runtime' (Fortran)
     Objects: 'layer3.o', 'timer.o'
    
    Compiled code should not call entry points which might terminate R nor
    write to stdout/stderr instead of to the console, nor the C RNG.
    
    See 'Writing portable packages' in the 'Writing R Extensions' manual.
Flavor: r-release-windows-ix86+x86_64

Version: 1.2.1
Check: compiled code
Result: WARN
    File 'd:/Rcompile/CRANpkg/lib/3.0/tuneR/libs/i386/tuneR.dll':
     Found 'abort', possibly from 'abort' (C), 'runtime' (Fortran)
     Objects: 'layer3.o', 'timer.o'
    File 'd:/Rcompile/CRANpkg/lib/3.0/tuneR/libs/x64/tuneR.dll':
     Found 'abort', possibly from 'abort' (C), 'runtime' (Fortran)
     Objects: 'layer3.o', 'timer.o'
    
    Compiled code should not call entry points which might terminate R nor
    write to stdout/stderr instead of to the console.
    
    See 'Writing portable packages' in the 'Writing R Extensions' manual.
Flavor: r-oldrel-windows-ix86+x86_64