CRAN Package Check Results for Package tuneR

Last updated on 2016-05-31 06:47:44.

Flavor Version Tinstall Tcheck Ttotal Status Flags
r-devel-linux-x86_64-debian-gcc 1.2.1 4.53 26.60 31.13 NOTE
r-devel-linux-x86_64-fedora-clang 1.2.1 57.95 NOTE
r-devel-linux-x86_64-fedora-gcc 1.2.1 52.55 NOTE
r-devel-osx-x86_64-clang 1.2.1 65.76 NOTE
r-devel-windows-ix86+x86_64 1.2.1 21.00 65.00 86.00 NOTE
r-patched-linux-x86_64 1.2.1 4.36 26.65 31.01 NOTE
r-patched-solaris-sparc 1.2.1 353.10 NOTE
r-patched-solaris-x86 1.2.1 70.60 NOTE
r-release-linux-x86_64 1.2.1 4.18 26.19 30.37 NOTE
r-release-osx-x86_64-mavericks 1.2.1 NOTE
r-release-windows-ix86+x86_64 1.2.1 20.00 64.00 84.00 NOTE
r-oldrel-windows-ix86+x86_64 1.2.1 25.00 68.00 93.00 NOTE

Check Details

Version: 1.2.1
Check: dependencies in R code
Result: NOTE
    'library' or 'require' call to ‘pastecs’ in package code.
     Please use :: or requireNamespace() instead.
     See section 'Suggested packages' in the 'Writing R Extensions' manual.
Flavors: r-devel-linux-x86_64-debian-gcc, r-devel-linux-x86_64-fedora-clang, r-devel-linux-x86_64-fedora-gcc, r-devel-osx-x86_64-clang, r-devel-windows-ix86+x86_64, r-patched-linux-x86_64, r-patched-solaris-sparc, r-patched-solaris-x86, r-release-linux-x86_64, r-release-osx-x86_64-mavericks, r-release-windows-ix86+x86_64, r-oldrel-windows-ix86+x86_64

Version: 1.2.1
Check: R code for possible problems
Result: NOTE
    extractWave: no visible global function definition for ‘flush.console’
    extractWave: no visible global function definition for ‘locator’
    extractWave: no visible global function definition for ‘abline’
    melodyplot: no visible global function definition for ‘par’
    plot.Wave.channel: no visible global function definition for ‘par’
    plot.Wave.channel: no visible global function definition for ‘segments’
    plot.Wave.channel: no visible global function definition for ‘mtext’
    plot.Wave.channel: no visible global function definition for ‘axTicks’
    plot.Wave.channel: no visible global function definition for ‘axis’
    quantplot: no visible global function definition for ‘par’
    plot,Wave-missing: no visible global function definition for ‘par’
    plot,Wave-missing: no visible global function definition for ‘title’
    plot,Wave-missing: no visible global function definition for ‘mtext’
    plot,WaveMC-missing: no visible global function definition for ‘par’
    plot,WaveMC-missing: no visible global function definition for ‘title’
    plot,WaveMC-missing: no visible global function definition for ‘mtext’
    Undefined global functions or variables:
     abline axTicks axis flush.console locator mtext par segments title
    Consider adding
     importFrom("graphics", "abline", "axTicks", "axis", "locator", "mtext",
     "par", "segments", "title")
     importFrom("utils", "flush.console")
    to your NAMESPACE file.
Flavors: r-devel-linux-x86_64-debian-gcc, r-devel-linux-x86_64-fedora-clang, r-devel-linux-x86_64-fedora-gcc, r-devel-osx-x86_64-clang, r-devel-windows-ix86+x86_64, r-patched-linux-x86_64, r-patched-solaris-sparc, r-patched-solaris-x86, r-release-linux-x86_64, r-release-osx-x86_64-mavericks, r-release-windows-ix86+x86_64