CRAN Package Check Results for Package turboEM

Last updated on 2014-09-02 17:47:02.

Flavor Version Tinstall Tcheck Ttotal Status Flags
r-devel-linux-x86_64-debian-clang 2014.8-1 1.25 93.94 95.18 OK
r-devel-linux-x86_64-debian-gcc 2014.8-1 1.24 88.90 90.15 OK
r-devel-linux-x86_64-fedora-clang 2014.8-1 142.73 OK
r-devel-linux-x86_64-fedora-gcc 2014.8-1 139.28 OK
r-devel-osx-x86_64-clang 2014.8-1 147.11 OK
r-devel-windows-ix86+x86_64 2014.8-1 5.00 137.00 142.00 OK
r-patched-linux-x86_64 2014.8-1 1.38 96.56 97.94 OK
r-patched-solaris-sparc 2014.8-1 1293.00 OK
r-patched-solaris-x86 2014.8-1 248.20 OK
r-release-linux-ix86 2012.2-1 1.69 30.48 32.17 NOTE
r-release-linux-x86_64 2014.8-1 1.42 100.86 102.29 OK
r-release-osx-x86_64-mavericks 2014.8-1 OK
r-release-osx-x86_64-snowleopard 2014.8-1 OK
r-release-windows-ix86+x86_64 2014.8-1 6.00 151.00 157.00 OK
r-oldrel-windows-ix86+x86_64 2014.8-1 6.00 147.00 153.00 OK

Check Details

Version: 2012.2-1
Check: for hidden files and directories
Result: NOTE
    Found the following hidden files and directories:
     inst/doc/.Rhistory
    These were most likely included in error. See section ‘Package
    structure’ in the ‘Writing R Extensions’ manual.
Flavor: r-release-linux-ix86

Version: 2012.2-1
Check: top-level files
Result: NOTE
    File
     LICENSE
    is not mentioned in the DESCRIPTION file.
Flavor: r-release-linux-ix86

Version: 2012.2-1
Check: dependencies in R code
Result: NOTE
    'library' or 'require' call to ‘numDeriv’ which was already attached by Depends.
     Please remove these calls from your code.
    Packages in Depends field not imported from:
     ‘foreach’ ‘methods’ ‘quantreg’
     These packages need to be imported from (in the NAMESPACE file)
     for when this namespace is loaded but not attached.
    See the information on DESCRIPTION files in the chapter ‘Creating R
    packages’ of the ‘Writing R Extensions’ manual.
Flavor: r-release-linux-ix86

Version: 2012.2-1
Check: for old-style vignette sources
Result: NOTE
    Vignette sources only in ‘inst/doc’:
     ‘turboEM.Rnw’
    A ‘vignettes’ directory is required as from R 3.1.0
    and these will not be indexed nor checked
Flavor: r-release-linux-ix86