CRAN Package Check Results for Package turner

Last updated on 2015-05-30 08:49:01.

Flavor Version Tinstall Tcheck Ttotal Status Flags
r-devel-linux-x86_64-debian-clang 0.1.7 0.62 11.27 11.89 OK
r-devel-linux-x86_64-debian-gcc 0.1.7 0.64 10.92 11.56 OK
r-devel-linux-x86_64-fedora-clang 0.1.7 23.64 OK
r-devel-linux-x86_64-fedora-gcc 0.1.7 21.69 OK
r-devel-osx-x86_64-clang 0.1.7 28.87 OK
r-devel-windows-ix86+x86_64 0.1.7 3.00 23.00 26.00 OK
r-patched-linux-x86_64 0.1.7 0.64 11.16 11.80 OK
r-patched-solaris-sparc 0.1.7 142.10 OK
r-patched-solaris-x86 0.1.7 32.30 OK
r-release-linux-x86_64 0.1.7 0.70 11.93 12.63 OK
r-release-osx-x86_64-mavericks 0.1.7 OK
r-release-osx-x86_64-snowleopard 0.1.7 ERROR
r-release-windows-ix86+x86_64 0.1.7 3.00 22.00 25.00 OK
r-oldrel-windows-ix86+x86_64 0.1.7 3.00 23.00 26.00 OK

Check Details

Version: 0.1.7
Check: package dependencies
Result: ERROR
    Package suggested but not available for checking: ‘knitr’
    
    VignetteBuilder package required for checking but installed: ‘knitr’
    
    Files named as vignettes but with no recognized vignette engine:
     ‘inst/doc/turner_introduction.Rnw’
    (Is a VignetteBuilder field missing?)
    
    See section ‘The DESCRIPTION file’ in the ‘Writing R Extensions’
    manual.
Flavor: r-release-osx-x86_64-snowleopard