CRAN Package Check Results for Package turner

Last updated on 2014-04-24 23:48:15.

Flavor Version Tinstall Tcheck Ttotal Status Flags
r-devel-linux-x86_64-debian-clang 0.1.7 0.79 12.56 13.35 OK
r-devel-linux-x86_64-debian-gcc 0.1.7 0.77 12.07 12.84 OK
r-devel-linux-x86_64-fedora-clang 0.1.7 26.41 OK
r-devel-linux-x86_64-fedora-gcc 0.1.7 25.81 OK
r-devel-osx-x86_64-clang 0.1.7 31.52 OK
r-devel-osx-x86_64-gcc 0.1.7 NOTE
r-devel-windows-ix86+x86_64 0.1.7 3.00 24.00 27.00 OK
r-patched-linux-x86_64 0.1.7 0.81 11.96 12.77 OK
r-patched-solaris-sparc 0.1.7 147.90 OK
r-patched-solaris-x86 0.1.7 38.40 OK
r-release-linux-ix86 0.1.7 2.00 27.00 29.00 OK
r-release-linux-x86_64 0.1.7 0.77 12.34 13.11 OK
r-release-osx-x86_64-mavericks 0.1.7 WARN
r-release-osx-x86_64-snowleopard 0.1.7 OK
r-release-windows-ix86+x86_64 0.1.7 3.00 23.00 26.00 OK
r-oldrel-windows-ix86+x86_64 0.1.7 3.00 23.00 26.00 OK

Check Details

Version: 0.1.7
Check: package dependencies
Result: NOTE
    Package suggested but not available for checking: ‘knitr’
    
    Files named as vignettes but with no recognized vignette engine:
     ‘inst/doc/turner_introduction.Rnw’
    (Is a VignetteBuilder field missing?)
Flavor: r-devel-osx-x86_64-gcc

Version: 0.1.7
Check: re-building of vignette outputs
Result: NOTE
    Error in re-building vignettes:
     ...
    Warning: running command 'kpsewhich framed.sty' had status 1
    Warning in test_latex_pkg("framed", system.file("misc", "framed.sty", package = "knitr")) :
     unable to find LaTeX package 'framed'; will use a copy from knitr
    Error in texi2dvi(file = file, pdf = TRUE, clean = clean, quiet = quiet, :
     Running 'texi2dvi' on 'turner_introduction.tex' failed.
    LaTeX errors:
    ! LaTeX Error: File `upquote.sty' not found.
    
    Type X to quit or <RETURN> to proceed,
    or enter new name. (Default extension: sty)
    
    test/turner/vignettes/turner_introduction.tex:52: ==> Fatal error occurred, no
     output PDF file produced!
    Calls: buildVignettes -> texi2pdf -> texi2dvi
    Execution halted
Flavor: r-release-osx-x86_64-mavericks

Version: 0.1.7
Check: PDF version of manual
Result: WARNING
    LaTeX errors when creating PDF version.
    This typically indicates Rd problems.
    LaTeX errors found:
    ! LaTeX Error: File `upquote.sty' not found.
    
    Type X to quit or <RETURN> to proceed,
    or enter new name. (Default extension: sty)
    
    3d2ee78a/Rd2.tex:8: ==> Fatal error occurred, no output PDF file produced!
Flavor: r-release-osx-x86_64-mavericks