CRAN Package Check Results for Package turner

Last updated on 2015-04-27 15:46:51.

Flavor Version Tinstall Tcheck Ttotal Status Flags
r-devel-linux-x86_64-debian-clang 0.1.7 0.68 11.29 11.97 OK
r-devel-linux-x86_64-debian-gcc 0.1.7 0.68 11.68 12.36 OK
r-devel-linux-x86_64-fedora-clang 0.1.7 23.62 OK
r-devel-linux-x86_64-fedora-gcc 0.1.7 21.58 OK
r-devel-osx-x86_64-clang 0.1.7 29.09 OK
r-devel-windows-ix86+x86_64 0.1.7 3.00 22.00 25.00 OK
r-patched-linux-x86_64 0.1.7 0.68 11.49 12.16 OK
r-patched-solaris-sparc 0.1.7 154.70 OK
r-patched-solaris-x86 0.1.7 32.20 OK
r-release-linux-x86_64 0.1.7 0.69 11.40 12.10 OK
r-release-osx-x86_64-mavericks 0.1.7 OK
r-release-osx-x86_64-snowleopard 0.1.7 ERROR
r-release-windows-ix86+x86_64 0.1.7 4.00 31.00 35.00 OK
r-oldrel-windows-ix86+x86_64 0.1.7 2.00 21.00 23.00 OK

Check Details

Version: 0.1.7
Check: package dependencies
Result: ERROR
    Package suggested but not available for checking: ‘knitr’
    
    VignetteBuilder package required for checking but installed: ‘knitr’
    
    Files named as vignettes but with no recognized vignette engine:
     ‘inst/doc/turner_introduction.Rnw’
    (Is a VignetteBuilder field missing?)
    
    See section ‘The DESCRIPTION file’ in the ‘Writing R Extensions’
    manual.
Flavor: r-release-osx-x86_64-snowleopard