CRAN Package Check Results for Package tvthemes

Last updated on 2020-02-26 08:52:40 CET.

Flavor Version Tinstall Tcheck Ttotal Status Flags
r-devel-linux-x86_64-debian-clang 1.1.0 5.62 82.90 88.52 OK
r-devel-linux-x86_64-debian-gcc 1.1.0 4.87 62.75 67.62 OK
r-devel-linux-x86_64-fedora-clang 1.1.0 113.48 OK
r-devel-linux-x86_64-fedora-gcc 1.1.0 100.66 OK
r-devel-windows-ix86+x86_64 1.1.0 15.00 142.00 157.00 OK
r-devel-windows-ix86+x86_64-gcc8 1.1.0 17.00 109.00 126.00 OK
r-patched-linux-x86_64 1.1.0 5.28 72.80 78.08 OK
r-patched-solaris-x86 1.1.0 139.00 NOTE
r-release-linux-x86_64 1.1.0 5.04 73.37 78.41 OK
r-release-windows-ix86+x86_64 1.1.0 13.00 99.00 112.00 OK
r-release-osx-x86_64 1.1.0 OK
r-oldrel-windows-ix86+x86_64 1.1.0 8.00 95.00 103.00 OK
r-oldrel-osx-x86_64 1.1.0 ERROR

Check Details

Version: 1.1.0
Check: installed package size
Result: NOTE
     installed size is 5.3Mb
     sub-directories of 1Mb or more:
     doc 1.5Mb
     fonts 2.9Mb
Flavor: r-patched-solaris-x86

Version: 1.1.0
Check: package dependencies
Result: ERROR
    Package required and available but unsuitable version: ‘grDevices’
    
    See section ‘The DESCRIPTION file’ in the ‘Writing R Extensions’
    manual.
Flavor: r-oldrel-osx-x86_64