CRAN Package Check Results for Package twang

Last updated on 2015-07-06 03:48:09.

Flavor Version Tinstall Tcheck Ttotal Status Flags
r-devel-linux-x86_64-debian-clang 1.4-9.3 1.47 24.73 26.20 NOTE --no-vignettes
r-devel-linux-x86_64-debian-gcc 1.4-9.3 1.49 25.11 26.60 NOTE --no-vignettes
r-devel-linux-x86_64-fedora-clang 1.4-9.3 670.74 NOTE
r-devel-linux-x86_64-fedora-gcc 1.4-9.3 670.18 NOTE
r-devel-osx-x86_64-clang 1.4-9.3 592.91 OK
r-devel-windows-ix86+x86_64 1.4-9.3 12.00 68.00 80.00 NOTE --no-vignettes
r-patched-linux-x86_64 1.4-9.3 1.48 24.59 26.07 OK --no-vignettes
r-patched-solaris-sparc 1.4-9.3 280.80 OK --no-vignettes
r-patched-solaris-x86 1.4-9.3 972.50 OK
r-release-linux-x86_64 1.4-9.3 1.50 25.51 27.01 OK --no-vignettes
r-release-osx-x86_64-mavericks 1.4-9.3 OK
r-release-windows-ix86+x86_64 1.4-9.3 13.00 77.00 90.00 OK --no-vignettes
r-oldrel-windows-ix86+x86_64 1.4-9.3 15.00 60.00 75.00 OK --no-vignettes

Check Details

Version: 1.4-9.3
Flags: --no-vignettes
Check: R code for possible problems
Result: NOTE
    bal.table: no visible binding for global variable ‘var’
    displayPlots: no visible global function definition for ‘dev.cur’
    displayPlots: no visible global function definition for ‘dev.new’
    esStat: no visible global function definition for ‘predict’
    ksStat: no visible global function definition for ‘predict’
    mnps: no visible binding for global variable ‘na.pass’
    mnps: no visible global function definition for ‘model.frame’
    mnps: no visible global function definition for ‘update’
    mnps2: no visible binding for global variable ‘na.pass’
    mnps2: no visible global function definition for ‘model.frame’
    mnps2: no visible global function definition for ‘optimize’
    mnps2: no visible global function definition for ‘predict’
    pairwiseComp: no visible global function definition for ‘predict’
    plot.mnps: no visible global function definition for ‘plot’
    ps: no visible binding for global variable ‘na.pass’
    ps: no visible global function definition for ‘optimize’
    ps: no visible global function definition for ‘predict’
    ps: no visible global function definition for ‘nlm’
    ps.summary.new: no visible binding for global variable ‘quasibinomial’
    ps.summary.new2: no visible binding for global variable ‘quasibinomial’
    Undefined global functions or variables:
     dev.cur dev.new model.frame na.pass nlm optimize plot predict
     quasibinomial update var
Flavors: r-devel-linux-x86_64-debian-clang, r-devel-linux-x86_64-debian-gcc, r-devel-windows-ix86+x86_64

Version: 1.4-9.3
Check: R code for possible problems
Result: NOTE
    bal.table: no visible binding for global variable ‘var’
    displayPlots: no visible global function definition for ‘dev.cur’
    displayPlots: no visible global function definition for ‘dev.new’
    esStat: no visible global function definition for ‘predict’
    ksStat: no visible global function definition for ‘predict’
    mnps: no visible binding for global variable ‘na.pass’
    mnps: no visible global function definition for ‘model.frame’
    mnps: no visible global function definition for ‘update’
    mnps2: no visible binding for global variable ‘na.pass’
    mnps2: no visible global function definition for ‘model.frame’
    mnps2: no visible global function definition for ‘optimize’
    mnps2: no visible global function definition for ‘predict’
    pairwiseComp: no visible global function definition for ‘predict’
    plot.mnps: no visible global function definition for ‘plot’
    ps: no visible binding for global variable ‘na.pass’
    ps: no visible global function definition for ‘optimize’
    ps: no visible global function definition for ‘predict’
    ps: no visible global function definition for ‘nlm’
    ps.summary.new: no visible binding for global variable ‘quasibinomial’
    ps.summary.new2: no visible binding for global variable ‘quasibinomial’
    Undefined global functions or variables:
     dev.cur dev.new model.frame na.pass nlm optimize plot predict
     quasibinomial update var
Flavors: r-devel-linux-x86_64-fedora-clang, r-devel-linux-x86_64-fedora-gcc