CRAN Package Check Results for Package twang

Last updated on 2018-02-18 06:46:46 CET.

Flavor Version Tinstall Tcheck Ttotal Status Flags
r-devel-linux-x86_64-debian-clang 1.5 8.91 74.00 82.91 OK --no-vignettes
r-devel-linux-x86_64-debian-gcc 1.5 9.19 58.65 67.84 OK --no-vignettes
r-devel-linux-x86_64-fedora-clang 1.5 592.71 OK
r-devel-linux-x86_64-fedora-gcc 1.5 545.57 OK
r-devel-windows-ix86+x86_64 1.5 17.00 90.00 107.00 OK --no-vignettes
r-patched-linux-x86_64 1.5 4.63 75.80 80.43 OK --no-vignettes
r-patched-solaris-x86 1.5 734.00 OK
r-release-linux-x86_64 1.5 4.91 75.73 80.64 OK --no-vignettes
r-release-windows-ix86+x86_64 1.5 16.00 142.00 158.00 OK --no-vignettes
r-release-osx-x86_64 1.5 NOTE
r-oldrel-windows-ix86+x86_64 1.5 11.00 123.00 134.00 OK --no-vignettes
r-oldrel-osx-x86_64 1.5 OK

Check Details

Version: 1.5
Check: re-building of vignette outputs
Result: NOTE
    Error in re-building vignettes:
     ...
    Attaching package: ‘survey’
    
    The following object is masked from ‘package:graphics’:
    
     dotchart
    
    Loading required package: xtable
    Loading required package: latticeExtra
    Loading required package: RColorBrewer
    Error in texi2dvi(file = file, pdf = TRUE, clean = clean, quiet = quiet, :
     Running 'texi2dvi' on 'iptw.tex' failed.
    LaTeX errors:
    ! LaTeX Error: File `srcltx.sty' not found.
    
    Type X to quit or <RETURN> to proceed,
    or enter new name. (Default extension: sty)
    
    ! Emergency stop.
    <read *>
    
    l.11 \usepackage
     {url}^^M
    ! ==> Fatal error occurred, no output PDF file produced!
    Calls: buildVignettes -> texi2pdf -> texi2dvi
    Execution halted
Flavor: r-release-osx-x86_64