CRAN Package Check Results for Package twang

Last updated on 2014-07-23 19:49:24.

Flavor Version Tinstall Tcheck Ttotal Status Flags
r-devel-linux-x86_64-debian-clang 1.4-0 1.65 26.25 27.90 OK --no-vignettes
r-devel-linux-x86_64-debian-gcc 1.4-0 1.65 26.00 27.64 OK --no-vignettes
r-devel-linux-x86_64-fedora-clang 1.4-0 703.77 OK
r-devel-linux-x86_64-fedora-gcc 1.4-0 699.97 OK
r-devel-osx-x86_64-clang 1.4-0 620.49 OK
r-devel-windows-ix86+x86_64 1.4-0 8.00 49.00 57.00 OK --no-vignettes
r-patched-linux-x86_64 1.4-0 1.77 25.95 27.72 OK --no-vignettes
r-patched-solaris-sparc 1.4-0 295.80 OK --no-vignettes
r-patched-solaris-x86 1.4-0 950.70 OK
r-release-linux-ix86 1.4-0 2.41 35.82 38.23 OK --no-vignettes
r-release-linux-x86_64 1.4-0 1.83 28.12 29.94 OK --no-vignettes
r-release-osx-x86_64-mavericks 1.4-0 NOTE
r-release-osx-x86_64-snowleopard 1.4-0 OK
r-release-windows-ix86+x86_64 1.4-0 8.00 52.00 60.00 OK --no-vignettes
r-oldrel-windows-ix86+x86_64 1.4-0 9.00 48.00 57.00 OK --no-vignettes

Check Details

Version: 1.4-0
Check: re-building of vignette outputs
Result: NOTE
    Error in re-building vignettes:
     ...
    Loading required package: survey
    
    Attaching package: ‘survey’
    
    The following object is masked from ‘package:graphics’:
    
     dotchart
    
    Loading required package: xtable
    Loading required package: latticeExtra
    Loading required package: RColorBrewer
    Warning in boxplot.mnps(x, color = color, stop.method = subset, ...) :
     Using only the first stop.method, es.mean
    Error in texi2dvi(file = file, pdf = TRUE, clean = clean, quiet = quiet, :
     Running 'texi2dvi' on 'mnps.tex' failed.
    LaTeX errors:
    ! LaTeX Error: File `srcltx.sty' not found.
    
    Type X to quit or <RETURN> to proceed,
    or enter new name. (Default extension: sty)
    
    est/twang/vignettes/mnps.tex:11: ==> Fatal error occurred, no output PDF file
    produced!
    Calls: buildVignettes -> texi2pdf -> texi2dvi
    Execution halted
Flavor: r-release-osx-x86_64-mavericks