CRAN Package Check Results for Package twang

Last updated on 2017-12-11 11:55:17 CET.

Flavor Version Tinstall Tcheck Ttotal Status Flags
r-devel-linux-x86_64-debian-clang 1.5 5.26 61.65 66.91 OK --no-vignettes
r-devel-linux-x86_64-debian-gcc 1.5 3.54 54.77 58.31 OK --no-vignettes
r-devel-linux-x86_64-fedora-clang 1.5 594.20 OK
r-devel-linux-x86_64-fedora-gcc 1.5 541.08 OK
r-devel-windows-ix86+x86_64 1.5 14.00 86.00 100.00 OK --no-vignettes
r-patched-linux-x86_64 1.5 4.60 77.01 81.61 OK --no-vignettes
r-patched-solaris-x86 1.5 728.10 OK
r-release-linux-x86_64 1.5 4.48 75.10 79.58 OK --no-vignettes
r-release-windows-ix86+x86_64 1.5 11.00 130.00 141.00 OK --no-vignettes
r-release-osx-x86_64 1.5 NOTE
r-oldrel-windows-ix86+x86_64 1.5 14.00 110.00 124.00 OK --no-vignettes
r-oldrel-osx-x86_64 1.5 OK

Check Details

Version: 1.5
Check: re-building of vignette outputs
Result: NOTE
    Error in re-building vignettes:
     ...
    Attaching package: ‘survey’
    
    The following object is masked from ‘package:graphics’:
    
     dotchart
    
    Loading required package: xtable
    Loading required package: latticeExtra
    Loading required package: RColorBrewer
    Error in texi2dvi(file = file, pdf = TRUE, clean = clean, quiet = quiet, :
     Running 'texi2dvi' on 'iptw.tex' failed.
    LaTeX errors:
    ! LaTeX Error: File `srcltx.sty' not found.
    
    Type X to quit or <RETURN> to proceed,
    or enter new name. (Default extension: sty)
    
    ! Emergency stop.
    <read *>
    
    l.11 \usepackage
     {url}^^M
    ! ==> Fatal error occurred, no output PDF file produced!
    Calls: buildVignettes -> texi2pdf -> texi2dvi
    Execution halted
Flavor: r-release-osx-x86_64