CRAN Package Check Results for Package twang

Last updated on 2015-09-01 09:48:12.

Flavor Version Tinstall Tcheck Ttotal Status Flags
r-devel-linux-x86_64-debian-clang 1.4-9.3 1.42 24.46 25.88 NOTE --no-vignettes
r-devel-linux-x86_64-debian-gcc 1.4-9.3 1.39 24.12 25.50 NOTE --no-vignettes
r-devel-linux-x86_64-fedora-clang 1.4-9.3 688.30 NOTE
r-devel-linux-x86_64-fedora-gcc 1.4-9.3 685.59 NOTE
r-devel-osx-x86_64-clang 1.4-9.3 590.44 OK
r-devel-windows-ix86+x86_64 1.4-9.3 12.00 49.00 61.00 NOTE --no-vignettes
r-patched-linux-x86_64 1.4-9.3 1.66 25.14 26.79 OK --no-vignettes
r-patched-solaris-sparc 1.4-9.3 297.40 OK --no-vignettes
r-patched-solaris-x86 1.4-9.3 975.10 OK
r-release-linux-x86_64 1.4-9.3 1.74 25.08 26.82 OK --no-vignettes
r-release-osx-x86_64-mavericks 1.4-9.3 OK
r-release-windows-ix86+x86_64 1.4-9.3 11.00 45.00 56.00 OK --no-vignettes
r-oldrel-windows-ix86+x86_64 1.4-9.3 16.00 62.00 78.00 OK --no-vignettes

Check Details

Version: 1.4-9.3
Flags: --no-vignettes
Check: R code for possible problems
Result: NOTE
    bal.table: no visible binding for global variable ‘var’
    displayPlots: no visible global function definition for ‘dev.cur’
    displayPlots: no visible global function definition for ‘dev.new’
    esStat: no visible global function definition for ‘predict’
    ksStat: no visible global function definition for ‘predict’
    mnps: no visible binding for global variable ‘na.pass’
    mnps: no visible global function definition for ‘model.frame’
    mnps: no visible global function definition for ‘update’
    mnps2: no visible binding for global variable ‘na.pass’
    mnps2: no visible global function definition for ‘model.frame’
    mnps2: no visible global function definition for ‘optimize’
    mnps2: no visible global function definition for ‘predict’
    pairwiseComp: no visible global function definition for ‘predict’
    plot.mnps: no visible global function definition for ‘plot’
    ps: no visible binding for global variable ‘na.pass’
    ps: no visible global function definition for ‘optimize’
    ps: no visible global function definition for ‘predict’
    ps: no visible global function definition for ‘nlm’
    ps.summary.new: no visible binding for global variable ‘quasibinomial’
    ps.summary.new2: no visible binding for global variable ‘quasibinomial’
    Undefined global functions or variables:
     dev.cur dev.new model.frame na.pass nlm optimize plot predict
     quasibinomial update var
    Consider adding
     importFrom("grDevices", "dev.cur", "dev.new")
     importFrom("graphics", "plot")
     importFrom("stats", "model.frame", "na.pass", "nlm", "optimize",
     "predict", "quasibinomial", "update", "var")
    to your NAMESPACE.
Flavors: r-devel-linux-x86_64-debian-clang, r-devel-linux-x86_64-debian-gcc, r-devel-windows-ix86+x86_64

Version: 1.4-9.3
Check: R code for possible problems
Result: NOTE
    bal.table: no visible binding for global variable ‘var’
    displayPlots: no visible global function definition for ‘dev.cur’
    displayPlots: no visible global function definition for ‘dev.new’
    esStat: no visible global function definition for ‘predict’
    ksStat: no visible global function definition for ‘predict’
    mnps: no visible binding for global variable ‘na.pass’
    mnps: no visible global function definition for ‘model.frame’
    mnps: no visible global function definition for ‘update’
    mnps2: no visible binding for global variable ‘na.pass’
    mnps2: no visible global function definition for ‘model.frame’
    mnps2: no visible global function definition for ‘optimize’
    mnps2: no visible global function definition for ‘predict’
    pairwiseComp: no visible global function definition for ‘predict’
    plot.mnps: no visible global function definition for ‘plot’
    ps: no visible binding for global variable ‘na.pass’
    ps: no visible global function definition for ‘optimize’
    ps: no visible global function definition for ‘predict’
    ps: no visible global function definition for ‘nlm’
    ps.summary.new: no visible binding for global variable ‘quasibinomial’
    ps.summary.new2: no visible binding for global variable ‘quasibinomial’
    Undefined global functions or variables:
     dev.cur dev.new model.frame na.pass nlm optimize plot predict
     quasibinomial update var
    Consider adding
     importFrom("grDevices", "dev.cur", "dev.new")
     importFrom("graphics", "plot")
     importFrom("stats", "model.frame", "na.pass", "nlm", "optimize",
     "predict", "quasibinomial", "update", "var")
    to your NAMESPACE.
Flavors: r-devel-linux-x86_64-fedora-clang, r-devel-linux-x86_64-fedora-gcc