CRAN Package Check Results for Package twang

Last updated on 2017-08-22 23:47:50.

Flavor Version Tinstall Tcheck Ttotal Status Flags
r-devel-linux-x86_64-debian-clang 1.5 3.50 48.02 51.52 OK --no-vignettes
r-devel-linux-x86_64-debian-gcc 1.5 3.43 46.34 49.77 OK --no-vignettes
r-devel-linux-x86_64-fedora-clang 1.5 635.75 OK
r-devel-linux-x86_64-fedora-gcc 1.5 586.82 OK
r-devel-windows-ix86+x86_64 1.5 13.00 119.00 132.00 OK --no-vignettes
r-patched-linux-x86_64 1.5 3.44 47.54 50.98 OK --no-vignettes
r-patched-solaris-x86 1.5 727.90 OK
r-release-linux-x86_64 1.5 3.50 47.39 50.89 OK --no-vignettes
r-release-windows-ix86+x86_64 1.5 14.00 121.00 135.00 OK --no-vignettes
r-release-osx-x86_64 1.5 NOTE
r-oldrel-windows-ix86+x86_64 1.5 11.00 78.00 89.00 OK --no-vignettes
r-oldrel-osx-x86_64 1.5 OK

Check Details

Version: 1.5
Check: re-building of vignette outputs
Result: NOTE
    Error in re-building vignettes:
     ...
    Attaching package: ‘survey’
    
    The following object is masked from ‘package:graphics’:
    
     dotchart
    
    Loading required package: xtable
    Loading required package: latticeExtra
    Loading required package: RColorBrewer
    Error in texi2dvi(file = file, pdf = TRUE, clean = clean, quiet = quiet, :
     Running 'texi2dvi' on 'iptw.tex' failed.
    LaTeX errors:
    ! LaTeX Error: File `srcltx.sty' not found.
    
    Type X to quit or <RETURN> to proceed,
    or enter new name. (Default extension: sty)
    
    ! Emergency stop.
    <read *>
    
    l.11 \usepackage
     {url}^^M
    ! ==> Fatal error occurred, no output PDF file produced!
    Calls: buildVignettes -> texi2pdf -> texi2dvi
    Execution halted
Flavor: r-release-osx-x86_64