CRAN Package Check Results for Package twang

Last updated on 2018-06-25 16:50:18 CEST.

Flavor Version Tinstall Tcheck Ttotal Status Flags
r-devel-linux-x86_64-debian-clang 1.5 11.21 74.66 85.87 OK --no-vignettes
r-devel-linux-x86_64-debian-gcc 1.5 8.99 66.07 75.06 OK --no-vignettes
r-devel-linux-x86_64-fedora-clang 1.5 608.70 OK
r-devel-linux-x86_64-fedora-gcc 1.5 562.37 OK
r-devel-windows-ix86+x86_64 1.5 25.00 103.00 128.00 OK --no-vignettes
r-patched-linux-x86_64 1.5 9.40 74.88 84.28 OK --no-vignettes
r-patched-solaris-x86 1.5 851.90 OK
r-release-linux-x86_64 1.5 12.45 74.85 87.30 OK --no-vignettes
r-release-windows-ix86+x86_64 1.5 23.00 133.00 156.00 OK --no-vignettes
r-release-osx-x86_64 1.5 OK
r-oldrel-windows-ix86+x86_64 1.5 12.00 138.00 150.00 OK --no-vignettes
r-oldrel-osx-x86_64 1.5 NOTE

Check Details

Version: 1.5
Check: re-building of vignette outputs
Result: NOTE
    Error in re-building vignettes:
     ...
    Attaching package: ‘survey’
    
    The following object is masked from ‘package:graphics’:
    
     dotchart
    
    Loading required package: xtable
    Loading required package: latticeExtra
    Loading required package: RColorBrewer
    Error in texi2dvi(file = file, pdf = TRUE, clean = clean, quiet = quiet, :
     Running 'texi2dvi' on 'iptw.tex' failed.
    LaTeX errors:
    ! LaTeX Error: File `srcltx.sty' not found.
    
    Type X to quit or <RETURN> to proceed,
    or enter new name. (Default extension: sty)
    
    ! Emergency stop.
    <read *>
    
    l.11 \usepackage
     {url}^^M
    ! ==> Fatal error occurred, no output PDF file produced!
    Calls: buildVignettes -> texi2pdf -> texi2dvi
    Execution halted
Flavor: r-oldrel-osx-x86_64