CRAN Package Check Results for Package twang

Last updated on 2017-04-30 23:52:01.

Flavor Version Tinstall Tcheck Ttotal Status Flags
r-devel-linux-x86_64-debian-clang 1.4-9.5 3.40 47.23 50.62 NOTE --no-vignettes
r-devel-linux-x86_64-debian-gcc 1.4-9.5 3.64 46.24 49.88 NOTE --no-vignettes
r-devel-linux-x86_64-fedora-clang 1.4-9.5 563.79 NOTE --no-stop-on-test-error
r-devel-linux-x86_64-fedora-gcc 1.4-9.5 522.33 NOTE --no-stop-on-test-error
r-devel-windows-ix86+x86_64 1.4-9.5 12.00 120.00 132.00 OK --no-vignettes
r-patched-linux-x86_64 1.4-9.5 3.74 46.14 49.87 NOTE --no-vignettes
r-patched-solaris-sparc 1.4-9.5 595.30 OK --no-vignettes
r-patched-solaris-x86 1.4-9.5 598.60 OK
r-release-linux-x86_64 1.4-9.5 3.51 46.38 49.89 NOTE --no-vignettes
r-release-windows-ix86+x86_64 1.4-9.5 16.00 86.00 102.00 OK --no-vignettes
r-release-osx-x86_64 1.4-9.5 NOTE
r-oldrel-windows-ix86+x86_64 1.4-9.5 20.00 108.00 128.00 OK --no-vignettes
r-oldrel-osx-x86_64 1.4-9.5 OK

Check Details

Version: 1.4-9.5
Flags: --no-vignettes
Check: compiled code
Result: NOTE
    File ‘twang/libs/twang.so’:
     Found no calls to: ‘R_registerRoutines’, ‘R_useDynamicSymbols’
    
    It is good practice to register native routines and to disable symbol
    search.
    
    See ‘Writing portable packages’ in the ‘Writing R Extensions’ manual.
Flavors: r-devel-linux-x86_64-debian-clang, r-devel-linux-x86_64-debian-gcc, r-patched-linux-x86_64, r-release-linux-x86_64

Version: 1.4-9.5
Flags: --no-stop-on-test-error
Check: compiled code
Result: NOTE
    File ‘twang/libs/twang.so’:
     Found no calls to: ‘R_registerRoutines’, ‘R_useDynamicSymbols’
    
    It is good practice to register native routines and to disable symbol
    search.
    
    See ‘Writing portable packages’ in the ‘Writing R Extensions’ manual.
Flavors: r-devel-linux-x86_64-fedora-clang, r-devel-linux-x86_64-fedora-gcc

Version: 1.4-9.5
Check: re-building of vignette outputs
Result: NOTE
    Error in re-building vignettes:
     ...
    Attaching package: ‘survey’
    
    The following object is masked from ‘package:graphics’:
    
     dotchart
    
    Loading required package: xtable
    Loading required package: latticeExtra
    Loading required package: RColorBrewer
    Error in texi2dvi(file = file, pdf = TRUE, clean = clean, quiet = quiet, :
     Running 'texi2dvi' on 'mnps.tex' failed.
    LaTeX errors:
    ! LaTeX Error: File `srcltx.sty' not found.
    
    Type X to quit or <RETURN> to proceed,
    or enter new name. (Default extension: sty)
    
    ! Emergency stop.
    <read *>
    
    l.11 \usepackage
     {url}^^M
    ! ==> Fatal error occurred, no output PDF file produced!
    Calls: buildVignettes -> texi2pdf -> texi2dvi
    Execution halted
Flavor: r-release-osx-x86_64