CRAN Package Check Results for Package twang

Last updated on 2017-10-19 01:46:39.

Flavor Version Tinstall Tcheck Ttotal Status Flags
r-devel-linux-x86_64-debian-clang 1.5 3.50 46.67 50.16 OK --no-vignettes
r-devel-linux-x86_64-debian-gcc 1.5 3.28 50.04 53.32 OK --no-vignettes
r-devel-linux-x86_64-fedora-clang 1.5 642.48 OK
r-devel-linux-x86_64-fedora-gcc 1.5 601.15 OK
r-devel-windows-ix86+x86_64 1.5 11.00 120.00 131.00 OK --no-vignettes
r-patched-linux-x86_64 1.5 3.45 47.65 51.10 OK --no-vignettes
r-patched-solaris-x86 1.5 747.90 OK
r-release-linux-x86_64 1.5 3.50 47.14 50.64 OK --no-vignettes
r-release-windows-ix86+x86_64 1.5 24.00 88.00 112.00 OK --no-vignettes
r-release-osx-x86_64 1.5 NOTE
r-oldrel-windows-ix86+x86_64 1.5 17.00 112.00 129.00 OK --no-vignettes
r-oldrel-osx-x86_64 1.5 OK

Check Details

Version: 1.5
Check: re-building of vignette outputs
Result: NOTE
    Error in re-building vignettes:
     ...
    Attaching package: ‘survey’
    
    The following object is masked from ‘package:graphics’:
    
     dotchart
    
    Loading required package: xtable
    Loading required package: latticeExtra
    Loading required package: RColorBrewer
    Error in texi2dvi(file = file, pdf = TRUE, clean = clean, quiet = quiet, :
     Running 'texi2dvi' on 'iptw.tex' failed.
    LaTeX errors:
    ! LaTeX Error: File `srcltx.sty' not found.
    
    Type X to quit or <RETURN> to proceed,
    or enter new name. (Default extension: sty)
    
    ! Emergency stop.
    <read *>
    
    l.11 \usepackage
     {url}^^M
    ! ==> Fatal error occurred, no output PDF file produced!
    Calls: buildVignettes -> texi2pdf -> texi2dvi
    Execution halted
Flavor: r-release-osx-x86_64