CRAN Package Check Results for Package twang

Last updated on 2014-10-25 01:49:55.

Flavor Version Tinstall Tcheck Ttotal Status Flags
r-devel-linux-x86_64-debian-clang 1.4-0 1.83 27.86 29.69 NOTE --no-vignettes
r-devel-linux-x86_64-debian-gcc 1.4-0 1.85 28.10 29.95 NOTE --no-vignettes
r-devel-linux-x86_64-fedora-clang 1.4-0 694.89 NOTE
r-devel-linux-x86_64-fedora-gcc 1.4-0 695.77 NOTE
r-devel-osx-x86_64-clang 1.4-0 623.57 NOTE
r-devel-windows-ix86+x86_64 1.4-0 9.00 49.00 58.00 NOTE --no-vignettes
r-patched-linux-x86_64 1.4-0 1.81 28.94 30.75 NOTE --no-vignettes
r-patched-solaris-sparc 1.4-0 299.90 NOTE --no-vignettes
r-patched-solaris-x86 1.4-0 957.80 NOTE
r-release-linux-ix86 1.4-0 2.51 38.83 41.34 OK --no-vignettes
r-release-linux-x86_64 1.4-0 1.81 29.23 31.04 OK --no-vignettes
r-release-osx-x86_64-mavericks 1.4-0 NOTE
r-release-osx-x86_64-snowleopard 1.4-0 OK
r-release-windows-ix86+x86_64 1.4-0 8.00 55.00 63.00 OK --no-vignettes
r-oldrel-windows-ix86+x86_64 1.4-0 9.00 55.00 64.00 OK --no-vignettes

Check Details

Version: 1.4-0
Flags: --no-vignettes
Check: R code for possible problems
Result: NOTE
    boxplot.mnps: no visible global function definition for ‘bwplot’
    boxplot.ps: no visible global function definition for ‘bwplot’
    diag.plot: no visible global function definition for ‘xyplot’
    diag.plot : <anonymous>: no visible global function definition for
     ‘panel.abline’
    diag.plot : <anonymous>: no visible global function definition for
     ‘panel.xyplot’
    diag.plot: no visible global function definition for ‘histogram’
    diag.plot.color: no visible global function definition for ‘xyplot’
    diag.plot.color : <anonymous>: no visible global function definition
     for ‘panel.abline’
    diag.plot.color : <anonymous>: no visible global function definition
     for ‘panel.xyplot’
    diag.plot.color: no visible global function definition for ‘histogram’
    plot.mnps: no visible global function definition for ‘xyplot’
    plot.mnps : <anonymous>: no visible global function definition for
     ‘panel.abline’
    plot.mnps : <anonymous>: no visible global function definition for
     ‘panel.xyplot’
    plot.mnps.old: no visible global function definition for ‘xyplot’
    plot.mnps.old : <anonymous>: no visible global function definition for
     ‘panel.abline’
    plot.mnps.old : <anonymous>: no visible global function definition for
     ‘panel.xyplot’
Flavors: r-devel-linux-x86_64-debian-clang, r-devel-linux-x86_64-debian-gcc, r-devel-windows-ix86+x86_64, r-patched-linux-x86_64, r-patched-solaris-sparc

Version: 1.4-0
Check: R code for possible problems
Result: NOTE
    boxplot.mnps: no visible global function definition for ‘bwplot’
    boxplot.ps: no visible global function definition for ‘bwplot’
    diag.plot: no visible global function definition for ‘xyplot’
    diag.plot : <anonymous>: no visible global function definition for
     ‘panel.abline’
    diag.plot : <anonymous>: no visible global function definition for
     ‘panel.xyplot’
    diag.plot: no visible global function definition for ‘histogram’
    diag.plot.color: no visible global function definition for ‘xyplot’
    diag.plot.color : <anonymous>: no visible global function definition
     for ‘panel.abline’
    diag.plot.color : <anonymous>: no visible global function definition
     for ‘panel.xyplot’
    diag.plot.color: no visible global function definition for ‘histogram’
    plot.mnps: no visible global function definition for ‘xyplot’
    plot.mnps : <anonymous>: no visible global function definition for
     ‘panel.abline’
    plot.mnps : <anonymous>: no visible global function definition for
     ‘panel.xyplot’
    plot.mnps.old: no visible global function definition for ‘xyplot’
    plot.mnps.old : <anonymous>: no visible global function definition for
     ‘panel.abline’
    plot.mnps.old : <anonymous>: no visible global function definition for
     ‘panel.xyplot’
Flavors: r-devel-linux-x86_64-fedora-clang, r-devel-linux-x86_64-fedora-gcc, r-devel-osx-x86_64-clang, r-patched-solaris-x86

Version: 1.4-0
Check: re-building of vignette outputs
Result: NOTE
    Error in re-building vignettes:
     ...
    Loading required package: survey
    
    Attaching package: ‘survey’
    
    The following object is masked from ‘package:graphics’:
    
     dotchart
    
    Loading required package: xtable
    Loading required package: latticeExtra
    Loading required package: RColorBrewer
    Warning in boxplot.mnps(x, color = color, stop.method = subset, ...) :
     Using only the first stop.method, es.mean
    Error in texi2dvi(file = file, pdf = TRUE, clean = clean, quiet = quiet, :
     Running 'texi2dvi' on 'mnps.tex' failed.
    LaTeX errors:
    ! LaTeX Error: File `srcltx.sty' not found.
    
    Type X to quit or <RETURN> to proceed,
    or enter new name. (Default extension: sty)
    
    est/twang/vignettes/mnps.tex:11: ==> Fatal error occurred, no output PDF file
    produced!
    Calls: buildVignettes -> texi2pdf -> texi2dvi
    Execution halted
Flavor: r-release-osx-x86_64-mavericks