CRAN Package Check Results for Package twang

Last updated on 2018-04-25 15:48:39 CEST.

Flavor Version Tinstall Tcheck Ttotal Status Flags
r-devel-linux-x86_64-debian-clang 1.5 9.23 73.95 83.18 OK --no-vignettes
r-devel-linux-x86_64-debian-gcc 1.5 8.00 58.86 66.86 OK --no-vignettes
r-devel-linux-x86_64-fedora-clang 1.5 595.67 OK
r-devel-linux-x86_64-fedora-gcc 1.5 556.38 OK
r-devel-windows-ix86+x86_64 1.5 24.00 88.00 112.00 OK --no-vignettes
r-patched-linux-x86_64 1.5 10.63 73.69 84.32 OK --no-vignettes
r-patched-solaris-x86 1.5 833.70 OK
r-release-linux-x86_64 1.5 10.55 74.21 84.76 OK --no-vignettes
r-release-windows-ix86+x86_64 1.5 24.00 88.00 112.00 OK --no-vignettes
r-release-osx-x86_64 1.5 FAIL
r-oldrel-windows-ix86+x86_64 1.5 13.00 132.00 145.00 OK --no-vignettes
r-oldrel-osx-x86_64 1.5 NOTE

Check Details

Version: 1.5
Check: re-building of vignette outputs
Result: NOTE
    Error in re-building vignettes:
     ...
    Loading required package: gbm
    Loading required package: survival
    Loading required package: lattice
    Loading required package: splines
    Loading required package: parallel
    Loaded gbm 2.1.3
    Loading required package: survey
    Loading required package: grid
    Loading required package: Matrix
    
    Attaching package: ‘survey’
    
    The following object is masked from ‘package:graphics’:
    
     dotchart
    
    Loading required package: xtable
    Loading required package: latticeExtra
    Loading required package: RColorBrewer
    Warning in dx.wts(ps.lalonde, data = lalonde, estimand = "ATE", vars = c("age", :
     A different estimand was specified when fitting this ps object. Results for
     the original estimand are being returned.
    
    Execution halted
Flavor: r-release-osx-x86_64

Version: 1.5
Check: PDF version of manual
Result: FAIL
    
Flavor: r-release-osx-x86_64

Version: 1.5
Check: re-building of vignette outputs
Result: NOTE
    Error in re-building vignettes:
     ...
    Attaching package: ‘survey’
    
    The following object is masked from ‘package:graphics’:
    
     dotchart
    
    Loading required package: xtable
    Loading required package: latticeExtra
    Loading required package: RColorBrewer
    Error in texi2dvi(file = file, pdf = TRUE, clean = clean, quiet = quiet, :
     Running 'texi2dvi' on 'iptw.tex' failed.
    LaTeX errors:
    ! LaTeX Error: File `srcltx.sty' not found.
    
    Type X to quit or <RETURN> to proceed,
    or enter new name. (Default extension: sty)
    
    ! Emergency stop.
    <read *>
    
    l.11 \usepackage
     {url}^^M
    ! ==> Fatal error occurred, no output PDF file produced!
    Calls: buildVignettes -> texi2pdf -> texi2dvi
    Execution halted
Flavor: r-oldrel-osx-x86_64