CRAN Package Check Results for Package twang

Last updated on 2015-05-30 06:47:07.

Flavor Version Tinstall Tcheck Ttotal Status Flags
r-devel-linux-x86_64-debian-clang 1.4-9.3 1.50 23.84 25.34 OK --no-vignettes
r-devel-linux-x86_64-debian-gcc 1.4-9.3 1.44 23.52 24.96 OK --no-vignettes
r-devel-linux-x86_64-fedora-clang 1.4-9.3 666.64 OK
r-devel-linux-x86_64-fedora-gcc 1.4-9.3 663.31 OK
r-devel-osx-x86_64-clang 1.4-9.3 667.79 OK
r-devel-windows-ix86+x86_64 1.4-9.3 8.00 45.00 53.00 OK --no-vignettes
r-patched-linux-x86_64 1.4-9.3 1.56 23.43 24.99 OK --no-vignettes
r-patched-solaris-sparc 1.4-9.3 280.80 OK --no-vignettes
r-patched-solaris-x86 1.4-9.3 984.30 OK
r-release-linux-x86_64 1.4-9.3 1.64 23.61 25.24 OK --no-vignettes
r-release-osx-x86_64-mavericks 1.4-9.3 OK
r-release-osx-x86_64-snowleopard 1.4-9.3 ERROR
r-release-windows-ix86+x86_64 1.4-9.3 9.00 40.00 49.00 OK --no-vignettes
r-oldrel-windows-ix86+x86_64 1.4-9.3 10.00 81.00 91.00 OK --no-vignettes

Check Details

Version: 1.4-9.3
Check: package dependencies
Result: ERROR
    Packages required but not available: ‘survey’ ‘latticeExtra’
    
    See section ‘The DESCRIPTION file’ in the ‘Writing R Extensions’
    manual.
Flavor: r-release-osx-x86_64-snowleopard