CRAN Package Check Results for Package twang

Last updated on 2017-02-21 03:49:56.

Flavor Version Tinstall Tcheck Ttotal Status Flags
r-devel-linux-x86_64-debian-clang 1.4-9.5 3.56 46.20 49.76 NOTE --no-vignettes
r-devel-linux-x86_64-debian-gcc 1.4-9.5 3.70 45.75 49.44 NOTE --no-vignettes
r-devel-linux-x86_64-fedora-clang 1.4-9.5 537.18 NOTE --no-stop-on-test-error
r-devel-linux-x86_64-fedora-gcc 1.4-9.5 503.09 NOTE --no-stop-on-test-error
r-devel-macos-x86_64-clang 1.4-9.5 374.67 NOTE --no-stop-on-test-error
r-devel-windows-ix86+x86_64 1.4-9.5 18.00 89.00 107.00 OK --no-vignettes
r-patched-linux-x86_64 1.4-9.5 3.12 44.03 47.14 OK --no-vignettes
r-patched-solaris-sparc 1.4-9.5 552.20 OK --no-vignettes
r-patched-solaris-x86 1.4-9.5 576.00 OK
r-release-linux-x86_64 1.4-9.5 3.30 43.38 46.69 OK --no-vignettes
r-release-osx-x86_64-mavericks 1.4-9.5 OK
r-release-windows-ix86+x86_64 1.4-9.5 17.00 184.00 201.00 OK --no-vignettes
r-oldrel-windows-ix86+x86_64 1.4-9.5 11.00 118.00 129.00 OK --no-vignettes

Check Details

Version: 1.4-9.5
Flags: --no-vignettes
Check: compiled code
Result: NOTE
    File ‘twang/libs/twang.so’:
     Found no calls to: ‘R_registerRoutines’, ‘R_useDynamicSymbols’
    
    It is good practice to register native routines and to disable symbol
    search.
    
    See ‘Writing portable packages’ in the ‘Writing R Extensions’ manual.
Flavors: r-devel-linux-x86_64-debian-clang, r-devel-linux-x86_64-debian-gcc

Version: 1.4-9.5
Flags: --no-stop-on-test-error
Check: compiled code
Result: NOTE
    File ‘twang/libs/twang.so’:
     Found no calls to: ‘R_registerRoutines’, ‘R_useDynamicSymbols’
    
    It is good practice to register native routines and to disable symbol
    search.
    
    See ‘Writing portable packages’ in the ‘Writing R Extensions’ manual.
Flavors: r-devel-linux-x86_64-fedora-clang, r-devel-linux-x86_64-fedora-gcc, r-devel-macos-x86_64-clang