CRAN Package Check Results for Package twang

Last updated on 2015-01-27 01:48:18.

Flavor Version Tinstall Tcheck Ttotal Status Flags
r-devel-linux-x86_64-debian-clang 1.4-0 1.59 24.23 25.82 NOTE --no-vignettes
r-devel-linux-x86_64-debian-gcc 1.4-0 1.52 23.55 25.06 NOTE --no-vignettes
r-devel-linux-x86_64-fedora-clang 1.4-0 720.74 NOTE
r-devel-linux-x86_64-fedora-gcc 1.4-0 696.68 NOTE
r-devel-osx-x86_64-clang 1.4-0 639.66 NOTE
r-devel-windows-ix86+x86_64 1.4-0 8.00 38.00 46.00 NOTE --no-vignettes
r-patched-linux-x86_64 1.4-0 1.83 28.39 30.22 NOTE --no-vignettes
r-patched-solaris-sparc 1.4-0 307.70 NOTE --no-vignettes
r-patched-solaris-x86 1.4-0 943.80 NOTE
r-release-linux-ix86 1.4-0 2.43 36.99 39.42 NOTE --no-vignettes
r-release-linux-x86_64 1.4-0 1.77 28.11 29.88 NOTE --no-vignettes
r-release-osx-x86_64-mavericks 1.4-0 NOTE
r-release-osx-x86_64-snowleopard 1.4-0 OK
r-release-windows-ix86+x86_64 1.4-0 12.00 73.00 85.00 NOTE --no-vignettes
r-oldrel-windows-ix86+x86_64 1.4-0 15.00 54.00 69.00 OK --no-vignettes

Check Details

Version: 1.4-0
Flags: --no-vignettes
Check: R code for possible problems
Result: NOTE
    boxplot.mnps: no visible global function definition for ‘bwplot’
    boxplot.ps: no visible global function definition for ‘bwplot’
    diag.plot: no visible global function definition for ‘xyplot’
    diag.plot : <anonymous>: no visible global function definition for
     ‘panel.abline’
    diag.plot : <anonymous>: no visible global function definition for
     ‘panel.xyplot’
    diag.plot: no visible global function definition for ‘histogram’
    diag.plot.color: no visible global function definition for ‘xyplot’
    diag.plot.color : <anonymous>: no visible global function definition
     for ‘panel.abline’
    diag.plot.color : <anonymous>: no visible global function definition
     for ‘panel.xyplot’
    diag.plot.color: no visible global function definition for ‘histogram’
    plot.mnps: no visible global function definition for ‘xyplot’
    plot.mnps : <anonymous>: no visible global function definition for
     ‘panel.abline’
    plot.mnps : <anonymous>: no visible global function definition for
     ‘panel.xyplot’
    plot.mnps.old: no visible global function definition for ‘xyplot’
    plot.mnps.old : <anonymous>: no visible global function definition for
     ‘panel.abline’
    plot.mnps.old : <anonymous>: no visible global function definition for
     ‘panel.xyplot’
Flavors: r-devel-linux-x86_64-debian-clang, r-devel-linux-x86_64-debian-gcc, r-devel-windows-ix86+x86_64, r-patched-linux-x86_64, r-patched-solaris-sparc, r-release-linux-ix86, r-release-linux-x86_64, r-release-windows-ix86+x86_64

Version: 1.4-0
Check: R code for possible problems
Result: NOTE
    boxplot.mnps: no visible global function definition for ‘bwplot’
    boxplot.ps: no visible global function definition for ‘bwplot’
    diag.plot: no visible global function definition for ‘xyplot’
    diag.plot : <anonymous>: no visible global function definition for
     ‘panel.abline’
    diag.plot : <anonymous>: no visible global function definition for
     ‘panel.xyplot’
    diag.plot: no visible global function definition for ‘histogram’
    diag.plot.color: no visible global function definition for ‘xyplot’
    diag.plot.color : <anonymous>: no visible global function definition
     for ‘panel.abline’
    diag.plot.color : <anonymous>: no visible global function definition
     for ‘panel.xyplot’
    diag.plot.color: no visible global function definition for ‘histogram’
    plot.mnps: no visible global function definition for ‘xyplot’
    plot.mnps : <anonymous>: no visible global function definition for
     ‘panel.abline’
    plot.mnps : <anonymous>: no visible global function definition for
     ‘panel.xyplot’
    plot.mnps.old: no visible global function definition for ‘xyplot’
    plot.mnps.old : <anonymous>: no visible global function definition for
     ‘panel.abline’
    plot.mnps.old : <anonymous>: no visible global function definition for
     ‘panel.xyplot’
Flavors: r-devel-linux-x86_64-fedora-clang, r-devel-linux-x86_64-fedora-gcc, r-devel-osx-x86_64-clang, r-patched-solaris-x86, r-release-osx-x86_64-mavericks