CRAN Package Check Results for Package twang

Last updated on 2014-04-24 03:47:56.

Flavor Version Tinstall Tcheck Ttotal Status Flags
r-devel-linux-x86_64-debian-clang 1.4-0 1.79 27.40 29.18 OK --no-vignettes
r-devel-linux-x86_64-debian-gcc 1.4-0 1.78 27.02 28.79 OK --no-vignettes
r-devel-linux-x86_64-fedora-clang 1.4-0 691.05 OK
r-devel-linux-x86_64-fedora-gcc 1.4-0 702.52 OK
r-devel-osx-x86_64-clang 1.4-0 617.00 OK
r-devel-osx-x86_64-gcc 1.4-0 ERROR
r-devel-windows-ix86+x86_64 1.4-0 8.00 45.00 53.00 OK --no-vignettes
r-patched-linux-x86_64 1.4-0 1.89 27.20 29.09 OK --no-vignettes
r-patched-solaris-sparc 1.4-0 295.80 OK --no-vignettes
r-patched-solaris-x86 1.4-0 946.70 OK
r-release-linux-ix86 1.4-0 3.00 49.00 52.00 OK --no-vignettes
r-release-linux-x86_64 1.4-0 1.81 27.20 29.02 OK --no-vignettes
r-release-osx-x86_64-mavericks 1.4-0 WARN
r-release-osx-x86_64-snowleopard 1.4-0 OK
r-release-windows-ix86+x86_64 1.4-0 8.00 53.00 61.00 OK --no-vignettes
r-oldrel-windows-ix86+x86_64 1.4-0 9.00 47.00 56.00 OK --no-vignettes

Check Details

Version: 1.4-0
Check: package dependencies
Result: ERROR
    Packages required but not available: ‘survey’ ‘latticeExtra’
    
    See the information on DESCRIPTION files in the chapter ‘Creating R
    packages’ of the ‘Writing R Extensions’ manual.
Flavor: r-devel-osx-x86_64-gcc

Version: 1.4-0
Check: re-building of vignette outputs
Result: NOTE
    Error in re-building vignettes:
     ...
    Loading required package: survey
    
    Attaching package: ‘survey’
    
    The following object is masked from ‘package:graphics’:
    
     dotchart
    
    Loading required package: xtable
    Loading required package: latticeExtra
    Loading required package: RColorBrewer
    Warning in boxplot.mnps(x, color = color, stop.method = subset, ...) :
     Using only the first stop.method, es.mean
    Error in texi2dvi(file = file, pdf = TRUE, clean = clean, quiet = quiet, :
     Running 'texi2dvi' on 'mnps.tex' failed.
    LaTeX errors:
    ! LaTeX Error: File `srcltx.sty' not found.
    
    Type X to quit or <RETURN> to proceed,
    or enter new name. (Default extension: sty)
    
    est/twang/vignettes/mnps.tex:11: ==> Fatal error occurred, no output PDF file
    produced!
    Calls: buildVignettes -> texi2pdf -> texi2dvi
    Execution halted
Flavor: r-release-osx-x86_64-mavericks

Version: 1.4-0
Check: PDF version of manual
Result: WARNING
    LaTeX errors when creating PDF version.
    This typically indicates Rd problems.
    LaTeX errors found:
    ! LaTeX Error: File `upquote.sty' not found.
    
    Type X to quit or <RETURN> to proceed,
    or enter new name. (Default extension: sty)
    
    195327e6/Rd2.tex:8: ==> Fatal error occurred, no output PDF file produced!
Flavor: r-release-osx-x86_64-mavericks