CRAN Package Check Results for Package twang

Last updated on 2017-03-25 15:48:18.

Flavor Version Tinstall Tcheck Ttotal Status Flags
r-devel-linux-x86_64-debian-clang 1.4-9.5 3.39 46.64 50.02 NOTE --no-vignettes
r-devel-linux-x86_64-debian-gcc 1.4-9.5 3.39 46.40 49.78 NOTE --no-vignettes
r-devel-linux-x86_64-fedora-clang 1.4-9.5 532.15 NOTE --no-stop-on-test-error
r-devel-linux-x86_64-fedora-gcc 1.4-9.5 508.43 NOTE --no-stop-on-test-error
r-devel-macos-x86_64-clang 1.4-9.5 373.78 NOTE --no-stop-on-test-error
r-devel-windows-ix86+x86_64 1.4-9.5 12.00 141.00 153.00 OK --no-vignettes
r-patched-linux-x86_64 1.4-9.5 3.56 46.46 50.02 NOTE --no-vignettes
r-patched-solaris-sparc 1.4-9.5 595.30 OK --no-vignettes
r-patched-solaris-x86 1.4-9.5 601.10 OK
r-release-linux-x86_64 1.4-9.5 3.52 43.88 47.40 OK --no-vignettes
r-release-osx-x86_64-mavericks 1.4-9.5 OK
r-release-windows-ix86+x86_64 1.4-9.5 15.00 135.00 150.00 OK --no-vignettes
r-oldrel-windows-ix86+x86_64 1.4-9.5 12.00 123.00 135.00 OK --no-vignettes

Check Details

Version: 1.4-9.5
Flags: --no-vignettes
Check: compiled code
Result: NOTE
    File ‘twang/libs/twang.so’:
     Found no calls to: ‘R_registerRoutines’, ‘R_useDynamicSymbols’
    
    It is good practice to register native routines and to disable symbol
    search.
    
    See ‘Writing portable packages’ in the ‘Writing R Extensions’ manual.
Flavors: r-devel-linux-x86_64-debian-clang, r-devel-linux-x86_64-debian-gcc, r-patched-linux-x86_64

Version: 1.4-9.5
Flags: --no-stop-on-test-error
Check: compiled code
Result: NOTE
    File ‘twang/libs/twang.so’:
     Found no calls to: ‘R_registerRoutines’, ‘R_useDynamicSymbols’
    
    It is good practice to register native routines and to disable symbol
    search.
    
    See ‘Writing portable packages’ in the ‘Writing R Extensions’ manual.
Flavors: r-devel-linux-x86_64-fedora-clang, r-devel-linux-x86_64-fedora-gcc, r-devel-macos-x86_64-clang