CRAN Package Check Results for Package tweedie

Last updated on 2015-01-29 05:48:38.

Flavor Version Tinstall Tcheck Ttotal Status Flags
r-devel-linux-x86_64-debian-clang 2.2.1 2.09 18.07 20.16 NOTE
r-devel-linux-x86_64-debian-gcc 2.2.1 2.11 17.24 19.35 NOTE
r-devel-linux-x86_64-fedora-clang 2.2.1 41.52 NOTE
r-devel-linux-x86_64-fedora-gcc 2.2.1 36.13 NOTE
r-devel-osx-x86_64-clang 2.2.1 39.48 NOTE
r-devel-windows-ix86+x86_64 2.2.1 11.00 33.00 44.00 NOTE
r-patched-linux-x86_64 2.2.1 2.20 18.06 20.27 NOTE
r-patched-solaris-sparc 2.2.1 223.30 NOTE
r-patched-solaris-x86 2.2.1 49.90 NOTE
r-release-linux-ix86 2.2.1 2.95 24.50 27.45 NOTE
r-release-linux-x86_64 2.2.1 2.14 17.91 20.05 NOTE
r-release-osx-x86_64-mavericks 2.2.1 NOTE
r-release-osx-x86_64-snowleopard 2.2.1 OK
r-release-windows-ix86+x86_64 2.2.1 9.00 37.00 46.00 NOTE
r-oldrel-windows-ix86+x86_64 2.2.1 9.00 36.00 45.00 OK

Memtest notes: valgrind

Check Details

Version: 2.2.1
Check: dependencies in R code
Result: NOTE
    'library' or 'require' call to ‘stabledist’ in package code.
     Please use :: or requireNamespace() instead.
     See section 'Suggested packages' in the 'Writing R Extensions' manual.
Flavors: r-devel-linux-x86_64-debian-clang, r-devel-linux-x86_64-debian-gcc, r-devel-linux-x86_64-fedora-clang, r-devel-linux-x86_64-fedora-gcc, r-devel-osx-x86_64-clang, r-devel-windows-ix86+x86_64

Version: 2.2.1
Check: R code for possible problems
Result: NOTE
    dtweedie: no visible global function definition for ‘dinvgauss’
    dtweedie.stable: no visible global function definition for ‘dstable’
    tweedie.profile: no visible global function definition for ‘tweedie’
Flavors: r-devel-linux-x86_64-debian-clang, r-devel-linux-x86_64-debian-gcc, r-devel-linux-x86_64-fedora-clang, r-devel-linux-x86_64-fedora-gcc, r-devel-osx-x86_64-clang, r-devel-windows-ix86+x86_64, r-patched-linux-x86_64, r-patched-solaris-sparc, r-patched-solaris-x86, r-release-linux-ix86, r-release-linux-x86_64, r-release-osx-x86_64-mavericks, r-release-windows-ix86+x86_64