CRAN Package Check Results for Package tweedie

Last updated on 2017-10-23 11:48:49.

Flavor Version Tinstall Tcheck Ttotal Status Flags
r-devel-linux-x86_64-debian-clang 2.2.5 2.22 22.14 24.36 NOTE
r-devel-linux-x86_64-debian-gcc 2.2.5 2.60 23.45 26.05 NOTE
r-devel-linux-x86_64-fedora-clang 2.2.5 42.20 NOTE
r-devel-linux-x86_64-fedora-gcc 2.2.5 42.91 NOTE
r-devel-windows-ix86+x86_64 2.2.5 18.00 53.00 71.00 OK
r-patched-linux-x86_64 2.2.5 2.36 21.65 24.00 NOTE
r-patched-solaris-x86 2.2.5 55.80 OK
r-release-linux-x86_64 2.2.5 2.30 21.95 24.25 NOTE
r-release-windows-ix86+x86_64 2.2.5 13.00 64.00 77.00 OK
r-release-osx-x86_64 2.2.5 OK
r-oldrel-windows-ix86+x86_64 2.2.5 10.00 46.00 56.00 OK
r-oldrel-osx-x86_64 2.2.5 OK

Additional issues

valgrind

Check Details

Version: 2.2.5
Check: compiled code
Result: NOTE
    File ‘tweedie/libs/tweedie.so’:
     Found no calls to: ‘R_registerRoutines’, ‘R_useDynamicSymbols’
    
    It is good practice to register native routines and to disable symbol
    search.
    
    See ‘Writing portable packages’ in the ‘Writing R Extensions’ manual.
Flavors: r-devel-linux-x86_64-debian-clang, r-devel-linux-x86_64-debian-gcc, r-devel-linux-x86_64-fedora-clang, r-devel-linux-x86_64-fedora-gcc, r-patched-linux-x86_64, r-release-linux-x86_64