CRAN Package Check Results for Package tweedie

Last updated on 2016-09-25 15:49:07.

Flavor Version Tinstall Tcheck Ttotal Status Flags
r-devel-linux-x86_64-debian-clang 2.2.1 2.30 18.69 20.99 WARN
r-devel-linux-x86_64-debian-gcc 2.2.1 2.23 18.69 20.91 WARN
r-devel-linux-x86_64-fedora-clang 2.2.1 22.73 WARN
r-devel-linux-x86_64-fedora-gcc 2.2.1 33.21 WARN
r-devel-macos-x86_64-clang 2.2.1 28.80 WARN
r-devel-windows-ix86+x86_64 2.2.1 16.00 91.00 107.00 NOTE
r-patched-linux-x86_64 2.2.1 2.06 18.69 20.75 NOTE
r-patched-solaris-sparc 2.2.1 210.80 NOTE
r-patched-solaris-x86 2.2.1 41.90 NOTE
r-release-linux-x86_64 2.2.1 2.15 18.59 20.75 NOTE
r-release-osx-x86_64-mavericks 2.2.1 NOTE
r-release-windows-ix86+x86_64 2.2.1 10.00 63.00 73.00 NOTE
r-oldrel-windows-ix86+x86_64 2.2.1 14.00 52.00 66.00 NOTE

Memtest notes: valgrind

Check Details

Version: 2.2.1
Check: whether package can be installed
Result: WARN
    Found the following significant warnings:
     Warning: control reaches end of non-void function [-Wreturn-type]
Flavors: r-devel-linux-x86_64-debian-clang, r-devel-linux-x86_64-debian-gcc, r-devel-linux-x86_64-fedora-clang, r-devel-linux-x86_64-fedora-gcc, r-devel-macos-x86_64-clang

Version: 2.2.1
Check: dependencies in R code
Result: NOTE
    'library' or 'require' call to ‘stabledist’ in package code.
     Please use :: or requireNamespace() instead.
     See section 'Suggested packages' in the 'Writing R Extensions' manual.
Flavors: r-devel-linux-x86_64-debian-clang, r-devel-linux-x86_64-debian-gcc, r-devel-linux-x86_64-fedora-clang, r-devel-linux-x86_64-fedora-gcc, r-devel-macos-x86_64-clang, r-devel-windows-ix86+x86_64, r-patched-linux-x86_64, r-patched-solaris-sparc, r-patched-solaris-x86, r-release-linux-x86_64, r-release-osx-x86_64-mavericks, r-release-windows-ix86+x86_64, r-oldrel-windows-ix86+x86_64

Version: 2.2.1
Check: R code for possible problems
Result: NOTE
    AICtweedie: no visible global function definition for ‘deviance’
    AICtweedie: no visible global function definition for ‘fitted’
    dtweedie: no visible global function definition for ‘dinvgauss’
    dtweedie: no visible global function definition for ‘dgamma’
    dtweedie: no visible global function definition for ‘dnorm’
    dtweedie: no visible global function definition for ‘dpois’
    dtweedie.series: no visible global function definition for ‘dgamma’
    dtweedie.series: no visible global function definition for ‘dpois’
    dtweedie.stable: no visible global function definition for ‘dstable’
    ptweedie: no visible global function definition for ‘pgamma’
    ptweedie: no visible global function definition for ‘pnorm’
    ptweedie: no visible global function definition for ‘ppois’
    ptweedie.series: no visible global function definition for ‘dpois’
    ptweedie.series: no visible global function definition for ‘pchisq’
    qtweedie: no visible global function definition for ‘qpois’
    qtweedie: no visible global function definition for ‘qgamma’
    qtweedie: no visible global function definition for ‘uniroot’
    rtweedie: no visible global function definition for ‘rpois’
    rtweedie: no visible global function definition for ‘rgamma’
    rtweedie: no visible global function definition for ‘runif’
    tweedie.plot: no visible global function definition for ‘plot’
    tweedie.plot: no visible global function definition for ‘points’
    tweedie.plot: no visible global function definition for ‘lines’
    tweedie.profile: no visible global function definition for
     ‘glm.control’
    tweedie.profile: no visible global function definition for
     ‘model.response’
    tweedie.profile: no visible global function definition for
     ‘is.empty.model’
    tweedie.profile: no visible global function definition for
     ‘model.matrix’
    tweedie.profile: no visible binding for global variable ‘contrasts’
    tweedie.profile: no visible global function definition for
     ‘model.weights’
    tweedie.profile: no visible global function definition for
     ‘model.offset’
    tweedie.profile: no visible global function definition for ‘glm.fit’
    tweedie.profile: no visible global function definition for ‘tweedie’
    tweedie.profile: no visible global function definition for ‘fitted’
    tweedie.profile: no visible global function definition for ‘optimize’
    tweedie.profile: no visible global function definition for ‘dgamma’
    tweedie.profile: no visible global function definition for ‘dpois’
    tweedie.profile: no visible global function definition for ‘dnorm’
    tweedie.profile: no visible global function definition for ‘splinefun’
    tweedie.profile: no visible global function definition for ‘plot’
    tweedie.profile: no visible global function definition for ‘lines’
    tweedie.profile: no visible global function definition for ‘rug’
    tweedie.profile: no visible global function definition for ‘points’
    tweedie.profile: no visible global function definition for ‘qchisq’
    tweedie.profile: no visible global function definition for ‘abline’
    tweedie.profile: no visible global function definition for ‘title’
    Undefined global functions or variables:
     abline contrasts deviance dgamma dinvgauss dnorm dpois dstable fitted
     glm.control glm.fit is.empty.model lines model.matrix model.offset
     model.response model.weights optimize pchisq pgamma plot pnorm points
     ppois qchisq qgamma qpois rgamma rpois rug runif splinefun title
     tweedie uniroot
    Consider adding
     importFrom("graphics", "abline", "lines", "plot", "points", "rug",
     "title")
     importFrom("stats", "contrasts", "deviance", "dgamma", "dnorm",
     "dpois", "fitted", "glm.control", "glm.fit",
     "is.empty.model", "model.matrix", "model.offset",
     "model.response", "model.weights", "optimize", "pchisq",
     "pgamma", "pnorm", "ppois", "qchisq", "qgamma", "qpois",
     "rgamma", "rpois", "runif", "splinefun", "uniroot")
    to your NAMESPACE file.
Flavors: r-devel-linux-x86_64-debian-clang, r-devel-linux-x86_64-debian-gcc, r-devel-linux-x86_64-fedora-clang, r-devel-linux-x86_64-fedora-gcc, r-devel-macos-x86_64-clang, r-devel-windows-ix86+x86_64, r-patched-linux-x86_64, r-patched-solaris-sparc, r-patched-solaris-x86, r-release-linux-x86_64, r-release-osx-x86_64-mavericks, r-release-windows-ix86+x86_64

Version: 2.2.1
Check: R code for possible problems
Result: NOTE
    dtweedie: no visible global function definition for 'dinvgauss'
    dtweedie.stable: no visible global function definition for 'dstable'
    tweedie.profile: no visible global function definition for 'tweedie'
Flavor: r-oldrel-windows-ix86+x86_64