CRAN Package Check Results for Package tweedie

Last updated on 2017-03-01 19:49:08.

Flavor Version Tinstall Tcheck Ttotal Status Flags
r-devel-linux-x86_64-debian-clang 2.2.5 2.25 21.55 23.80 NOTE
r-devel-linux-x86_64-debian-gcc 2.2.5 2.36 21.13 23.49 NOTE
r-devel-linux-x86_64-fedora-clang 2.2.5 45.91 NOTE --no-stop-on-test-error
r-devel-linux-x86_64-fedora-gcc 2.2.5 43.61 NOTE --no-stop-on-test-error
r-devel-macos-x86_64-clang 2.2.5 35.13 NOTE --no-stop-on-test-error
r-devel-windows-ix86+x86_64 2.2.5 12.00 77.00 89.00 OK
r-patched-linux-x86_64 2.2.5 2.04 17.80 19.83 OK
r-patched-solaris-sparc 2.2.5 217.10 OK
r-patched-solaris-x86 2.2.5 42.50 OK
r-release-linux-x86_64 2.2.5 2.16 17.84 20.00 OK
r-release-osx-x86_64-mavericks 2.2.5 OK
r-release-windows-ix86+x86_64 2.2.5 16.00 55.00 71.00 OK
r-oldrel-windows-ix86+x86_64 2.2.5 17.00 42.00 59.00 OK

Memtest notes: valgrind

Check Details

Version: 2.2.5
Check: compiled code
Result: NOTE
    File ‘tweedie/libs/tweedie.so’:
     Found no calls to: ‘R_registerRoutines’, ‘R_useDynamicSymbols’
    
    It is good practice to register native routines and to disable symbol
    search.
    
    See ‘Writing portable packages’ in the ‘Writing R Extensions’ manual.
Flavors: r-devel-linux-x86_64-debian-clang, r-devel-linux-x86_64-debian-gcc

Version: 2.2.5
Flags: --no-stop-on-test-error
Check: compiled code
Result: NOTE
    File ‘tweedie/libs/tweedie.so’:
     Found no calls to: ‘R_registerRoutines’, ‘R_useDynamicSymbols’
    
    It is good practice to register native routines and to disable symbol
    search.
    
    See ‘Writing portable packages’ in the ‘Writing R Extensions’ manual.
Flavors: r-devel-linux-x86_64-fedora-clang, r-devel-linux-x86_64-fedora-gcc, r-devel-macos-x86_64-clang