CRAN Package Check Results for Package tweedie

Last updated on 2014-10-23 00:48:13.

Flavor Version Tinstall Tcheck Ttotal Status Flags
r-devel-linux-x86_64-debian-clang 2.2.1 2.20 18.44 20.64 NOTE
r-devel-linux-x86_64-debian-gcc 2.2.1 2.08 17.67 19.75 NOTE
r-devel-linux-x86_64-fedora-clang 2.2.1 38.12 NOTE
r-devel-linux-x86_64-fedora-gcc 2.2.1 34.35 NOTE
r-devel-osx-x86_64-clang 2.2.1 40.05 NOTE
r-devel-windows-ix86+x86_64 2.2.1 7.00 32.00 39.00 NOTE
r-patched-linux-x86_64 2.2.1 2.10 18.06 20.16 NOTE
r-patched-solaris-sparc 2.2.1 219.00 NOTE
r-patched-solaris-x86 2.2.1 49.70 NOTE
r-release-linux-ix86 2.2.1 3.05 25.46 28.51 OK
r-release-linux-x86_64 2.2.1 2.05 18.12 20.17 OK
r-release-osx-x86_64-mavericks 2.2.1 OK
r-release-osx-x86_64-snowleopard 2.2.1 OK
r-release-windows-ix86+x86_64 2.2.1 9.00 35.00 44.00 OK
r-oldrel-windows-ix86+x86_64 2.2.1 8.00 33.00 41.00 OK

Memtest notes: valgrind

Check Details

Version: 2.2.1
Check: R code for possible problems
Result: NOTE
    dtweedie: no visible global function definition for ‘dinvgauss’
    dtweedie.stable: no visible global function definition for ‘dstable’
    tweedie.profile: no visible global function definition for ‘tweedie’
Flavors: r-devel-linux-x86_64-debian-clang, r-devel-linux-x86_64-debian-gcc, r-devel-linux-x86_64-fedora-clang, r-devel-linux-x86_64-fedora-gcc, r-devel-osx-x86_64-clang, r-devel-windows-ix86+x86_64, r-patched-linux-x86_64, r-patched-solaris-sparc, r-patched-solaris-x86