CRAN Package Check Results for Package tweedie

Last updated on 2014-11-26 09:48:54.

Flavor Version Tinstall Tcheck Ttotal Status Flags
r-devel-linux-x86_64-debian-clang 2.2.1 2.13 18.13 20.26 NOTE
r-devel-linux-x86_64-debian-gcc 2.2.1 2.21 17.45 19.66 NOTE
r-devel-linux-x86_64-fedora-clang 2.2.1 39.02 NOTE
r-devel-linux-x86_64-fedora-gcc 2.2.1 35.35 NOTE
r-devel-osx-x86_64-clang 2.2.1 39.54 NOTE
r-devel-windows-ix86+x86_64 2.2.1 7.00 33.00 40.00 NOTE
r-patched-linux-x86_64 2.2.1 2.13 17.73 19.86 NOTE
r-patched-solaris-sparc 2.2.1 219.00 NOTE
r-patched-solaris-x86 2.2.1 50.90 NOTE
r-release-linux-ix86 2.2.1 2.93 24.31 27.24 NOTE
r-release-linux-x86_64 2.2.1 2.08 17.80 19.88 NOTE
r-release-osx-x86_64-mavericks 2.2.1 OK
r-release-osx-x86_64-snowleopard 2.2.1 OK
r-release-windows-ix86+x86_64 2.2.1 8.00 36.00 44.00 NOTE
r-oldrel-windows-ix86+x86_64 2.2.1 8.00 34.00 42.00 OK

Memtest notes: valgrind

Check Details

Version: 2.2.1
Check: R code for possible problems
Result: NOTE
    dtweedie: no visible global function definition for ‘dinvgauss’
    dtweedie.stable: no visible global function definition for ‘dstable’
    tweedie.profile: no visible global function definition for ‘tweedie’
Flavors: r-devel-linux-x86_64-debian-clang, r-devel-linux-x86_64-debian-gcc, r-devel-linux-x86_64-fedora-clang, r-devel-linux-x86_64-fedora-gcc, r-devel-osx-x86_64-clang, r-devel-windows-ix86+x86_64, r-patched-linux-x86_64, r-patched-solaris-sparc, r-patched-solaris-x86, r-release-linux-ix86, r-release-linux-x86_64, r-release-windows-ix86+x86_64