CRAN Package Check Results for Package tweedie

Last updated on 2014-12-22 21:47:29.

Flavor Version Tinstall Tcheck Ttotal Status Flags
r-devel-linux-x86_64-debian-clang 2.2.1 2.19 19.02 21.21 NOTE
r-devel-linux-x86_64-debian-gcc 2.2.1 2.12 17.19 19.31 NOTE
r-devel-linux-x86_64-fedora-clang 2.2.1 38.50 NOTE
r-devel-linux-x86_64-fedora-gcc 2.2.1 34.76 NOTE
r-devel-osx-x86_64-clang 2.2.1 38.60 NOTE
r-devel-windows-ix86+x86_64 2.2.1 9.00 32.00 41.00 NOTE
r-patched-linux-x86_64 2.2.1 2.16 18.40 20.55 NOTE
r-patched-solaris-sparc 2.2.1 224.20 NOTE
r-patched-solaris-x86 2.2.1 49.90 NOTE
r-release-linux-ix86 2.2.1 2.93 24.33 27.26 NOTE
r-release-linux-x86_64 2.2.1 2.16 18.38 20.54 NOTE
r-release-osx-x86_64-mavericks 2.2.1 OK
r-release-osx-x86_64-snowleopard 2.2.1 OK
r-release-windows-ix86+x86_64 2.2.1 8.00 34.00 42.00 NOTE
r-oldrel-windows-ix86+x86_64 2.2.1 8.00 37.00 45.00 OK

Memtest notes: valgrind

Check Details

Version: 2.2.1
Check: R code for possible problems
Result: NOTE
    dtweedie: no visible global function definition for ‘dinvgauss’
    dtweedie.stable: no visible global function definition for ‘dstable’
    tweedie.profile: no visible global function definition for ‘tweedie’
Flavors: r-devel-linux-x86_64-debian-clang, r-devel-linux-x86_64-debian-gcc, r-devel-linux-x86_64-fedora-clang, r-devel-linux-x86_64-fedora-gcc, r-devel-osx-x86_64-clang, r-devel-windows-ix86+x86_64, r-patched-linux-x86_64, r-patched-solaris-sparc, r-patched-solaris-x86, r-release-linux-ix86, r-release-linux-x86_64, r-release-windows-ix86+x86_64