CRAN Package Check Results for Package tweedie

Last updated on 2014-04-25 05:47:27.

Flavor Version Tinstall Tcheck Ttotal Status Flags
r-devel-linux-x86_64-debian-clang 2.1.7 2.28 18.91 21.19 NOTE
r-devel-linux-x86_64-debian-gcc 2.1.7 2.24 18.80 21.04 NOTE
r-devel-linux-x86_64-fedora-clang 2.1.7 40.10 NOTE
r-devel-linux-x86_64-fedora-gcc 2.1.7 38.91 NOTE
r-devel-osx-x86_64-clang 2.1.7 40.70 NOTE
r-devel-osx-x86_64-gcc 2.1.7 NOTE
r-devel-windows-ix86+x86_64 2.1.7 8.00 35.00 43.00 NOTE
r-patched-linux-x86_64 2.1.7 2.23 18.97 21.20 NOTE
r-patched-solaris-sparc 2.1.7 233.70 NOTE
r-patched-solaris-x86 2.1.7 51.90 NOTE
r-release-linux-ix86 2.1.7 4.00 36.00 40.00 NOTE
r-release-linux-x86_64 2.1.7 2.21 18.84 21.06 NOTE
r-release-osx-x86_64-mavericks 2.1.7 WARN
r-release-windows-ix86+x86_64 2.1.7 8.00 34.00 42.00 NOTE
r-oldrel-windows-ix86+x86_64 2.1.7 8.00 36.00 44.00 NOTE

Memtest notes: valgrind

Check Details

Version: 2.1.7
Check: dependencies in R code
Result: NOTE
    Package in Depends field not imported from: ‘statmod’
     These packages need to be imported from (in the NAMESPACE file)
     for when this namespace is loaded but not attached.
    See the information on DESCRIPTION files in the chapter ‘Creating R
    packages’ of the ‘Writing R Extensions’ manual.
Flavors: r-devel-linux-x86_64-debian-clang, r-devel-linux-x86_64-debian-gcc, r-devel-linux-x86_64-fedora-clang, r-devel-linux-x86_64-fedora-gcc, r-devel-osx-x86_64-clang, r-devel-osx-x86_64-gcc, r-devel-windows-ix86+x86_64, r-patched-linux-x86_64, r-patched-solaris-sparc, r-patched-solaris-x86, r-release-linux-ix86, r-release-linux-x86_64, r-release-osx-x86_64-mavericks, r-release-windows-ix86+x86_64, r-oldrel-windows-ix86+x86_64

Version: 2.1.7
Check: top-level files
Result: NOTE
    Non-standard file/directory found at top level:
     ‘CHANGE.log’
Flavors: r-devel-linux-x86_64-fedora-clang, r-devel-linux-x86_64-fedora-gcc

Version: 2.1.7
Check: PDF version of manual
Result: WARNING
    LaTeX errors when creating PDF version.
    This typically indicates Rd problems.
    LaTeX errors found:
    ! LaTeX Error: File `upquote.sty' not found.
    
    Type X to quit or <RETURN> to proceed,
    or enter new name. (Default extension: sty)
    
    ba122eb/Rd2.tex:8: ==> Fatal error occurred, no output PDF file produced!
Flavor: r-release-osx-x86_64-mavericks