CRAN Package Check Results for Package tweedie

Last updated on 2017-08-21 09:48:27.

Flavor Version Tinstall Tcheck Ttotal Status Flags
r-devel-linux-x86_64-debian-clang 2.2.5 2.26 22.30 24.56 NOTE
r-devel-linux-x86_64-debian-gcc 2.2.5 2.30 21.62 23.93 NOTE
r-devel-linux-x86_64-fedora-clang 2.2.5 42.08 NOTE
r-devel-linux-x86_64-fedora-gcc 2.2.5 40.79 NOTE
r-devel-windows-ix86+x86_64 2.2.5 11.00 53.00 64.00 OK
r-patched-linux-x86_64 2.2.5 2.20 21.80 24.00 NOTE
r-patched-solaris-x86 2.2.5 51.30 OK
r-release-linux-x86_64 2.2.5 2.30 21.84 24.13 NOTE
r-release-windows-ix86+x86_64 2.2.5 16.00 48.00 64.00 OK
r-release-osx-x86_64 2.2.5 OK
r-oldrel-windows-ix86+x86_64 2.2.5 9.00 44.00 53.00 OK
r-oldrel-osx-x86_64 2.2.5 OK

Additional issues

valgrind

Check Details

Version: 2.2.5
Check: compiled code
Result: NOTE
    File ‘tweedie/libs/tweedie.so’:
     Found no calls to: ‘R_registerRoutines’, ‘R_useDynamicSymbols’
    
    It is good practice to register native routines and to disable symbol
    search.
    
    See ‘Writing portable packages’ in the ‘Writing R Extensions’ manual.
Flavors: r-devel-linux-x86_64-debian-clang, r-devel-linux-x86_64-debian-gcc, r-devel-linux-x86_64-fedora-clang, r-devel-linux-x86_64-fedora-gcc, r-patched-linux-x86_64, r-release-linux-x86_64