CRAN Package Check Results for Package tweedie

Last updated on 2017-06-22 13:47:19.

Flavor Version Tinstall Tcheck Ttotal Status Flags
r-devel-linux-x86_64-debian-clang 2.2.5 2.20 26.69 28.89 NOTE
r-devel-linux-x86_64-debian-gcc 2.2.5 2.31 21.85 24.16 NOTE
r-devel-linux-x86_64-fedora-clang 2.2.5 43.17 NOTE
r-devel-linux-x86_64-fedora-gcc 2.2.5 40.69 NOTE
r-devel-windows-ix86+x86_64 2.2.5 15.00 52.00 67.00 OK
r-patched-linux-x86_64 2.2.5 2.23 21.57 23.80 NOTE
r-patched-solaris-sparc 2.2.5 252.90 OK
r-patched-solaris-x86 2.2.5 49.50 OK
r-release-linux-x86_64 2.2.5 2.23 21.79 24.02 NOTE
r-release-windows-ix86+x86_64 2.2.5 17.00 74.00 91.00 OK
r-release-osx-x86_64 2.2.5 OK
r-oldrel-windows-ix86+x86_64 2.2.5 17.00 45.00 62.00 OK
r-oldrel-osx-x86_64 2.2.5 OK

Additional issues

valgrind

Check Details

Version: 2.2.5
Check: compiled code
Result: NOTE
    File ‘tweedie/libs/tweedie.so’:
     Found no calls to: ‘R_registerRoutines’, ‘R_useDynamicSymbols’
    
    It is good practice to register native routines and to disable symbol
    search.
    
    See ‘Writing portable packages’ in the ‘Writing R Extensions’ manual.
Flavors: r-devel-linux-x86_64-debian-clang, r-devel-linux-x86_64-debian-gcc, r-devel-linux-x86_64-fedora-clang, r-devel-linux-x86_64-fedora-gcc, r-patched-linux-x86_64, r-release-linux-x86_64