CRAN Package Check Results for Package tweedie

Last updated on 2015-05-25 02:47:41.

Flavor Version Tinstall Tcheck Ttotal Status Flags
r-devel-linux-x86_64-debian-clang 2.2.1 2.06 16.97 19.04 NOTE
r-devel-linux-x86_64-debian-gcc 2.2.1 2.04 17.41 19.45 NOTE
r-devel-linux-x86_64-fedora-clang 2.2.1 35.73 NOTE
r-devel-linux-x86_64-fedora-gcc 2.2.1 33.41 NOTE
r-devel-osx-x86_64-clang 2.2.1 37.65 NOTE
r-devel-windows-ix86+x86_64 2.2.1 8.00 35.00 43.00 NOTE
r-patched-linux-x86_64 2.2.1 2.04 16.63 18.67 NOTE
r-patched-solaris-sparc 2.2.1 215.10 NOTE
r-patched-solaris-x86 2.2.1 45.90 NOTE
r-release-linux-x86_64 2.2.1 2.04 16.97 19.01 NOTE
r-release-osx-x86_64-mavericks 2.2.1 NOTE
r-release-osx-x86_64-snowleopard 2.2.1 NOTE
r-release-windows-ix86+x86_64 2.2.1 8.00 34.00 42.00 NOTE
r-oldrel-windows-ix86+x86_64 2.2.1 9.00 49.00 58.00 NOTE

Memtest notes: valgrind

Check Details

Version: 2.2.1
Check: dependencies in R code
Result: NOTE
    'library' or 'require' call to ‘stabledist’ in package code.
     Please use :: or requireNamespace() instead.
     See section 'Suggested packages' in the 'Writing R Extensions' manual.
Flavors: r-devel-linux-x86_64-debian-clang, r-devel-linux-x86_64-debian-gcc, r-devel-linux-x86_64-fedora-clang, r-devel-linux-x86_64-fedora-gcc, r-devel-osx-x86_64-clang, r-devel-windows-ix86+x86_64, r-patched-linux-x86_64, r-patched-solaris-sparc, r-patched-solaris-x86, r-release-linux-x86_64, r-release-osx-x86_64-mavericks, r-release-osx-x86_64-snowleopard, r-release-windows-ix86+x86_64, r-oldrel-windows-ix86+x86_64

Version: 2.2.1
Check: R code for possible problems
Result: NOTE
    dtweedie: no visible global function definition for ‘dinvgauss’
    dtweedie.stable: no visible global function definition for ‘dstable’
    tweedie.profile: no visible global function definition for ‘tweedie’
Flavors: r-devel-linux-x86_64-debian-clang, r-devel-linux-x86_64-debian-gcc, r-devel-linux-x86_64-fedora-clang, r-devel-linux-x86_64-fedora-gcc, r-devel-osx-x86_64-clang, r-devel-windows-ix86+x86_64, r-patched-linux-x86_64, r-patched-solaris-sparc, r-patched-solaris-x86, r-release-linux-x86_64, r-release-osx-x86_64-mavericks, r-release-osx-x86_64-snowleopard, r-release-windows-ix86+x86_64, r-oldrel-windows-ix86+x86_64