CRAN Package Check Results for Package tweedie

Last updated on 2014-08-23 03:48:18.

Flavor Version Tinstall Tcheck Ttotal Status Flags
r-devel-linux-x86_64-debian-clang 2.2.1 2.06 16.91 18.97 NOTE
r-devel-linux-x86_64-debian-gcc 2.2.1 2.10 16.67 18.77 NOTE
r-devel-linux-x86_64-fedora-clang 2.2.1 37.38 NOTE
r-devel-linux-x86_64-fedora-gcc 2.2.1 33.96 NOTE
r-devel-osx-x86_64-clang 2.2.1 35.00 NOTE
r-devel-windows-ix86+x86_64 2.2.1 8.00 33.00 41.00 OK
r-patched-linux-x86_64 2.2.1 2.09 17.79 19.88 OK
r-patched-solaris-sparc 2.2.1 214.30 OK
r-patched-solaris-x86 2.2.1 48.30 OK
r-release-linux-ix86 2.2.1 3.04 26.03 29.08 OK
r-release-linux-x86_64 2.2.1 2.11 17.63 19.74 OK
r-release-osx-x86_64-mavericks 2.2.1 OK
r-release-osx-x86_64-snowleopard 2.2.1 OK
r-release-windows-ix86+x86_64 2.2.1 8.00 35.00 43.00 OK
r-oldrel-windows-ix86+x86_64 2.2.1 8.00 36.00 44.00 OK

Memtest notes: valgrind

Check Details

Version: 2.2.1
Check: R code for possible problems
Result: NOTE
    dtweedie: no visible global function definition for ‘dinvgauss’
    dtweedie.stable: no visible global function definition for ‘dstable’
    tweedie.profile: no visible global function definition for ‘tweedie’
Flavors: r-devel-linux-x86_64-debian-clang, r-devel-linux-x86_64-debian-gcc, r-devel-linux-x86_64-fedora-clang, r-devel-linux-x86_64-fedora-gcc, r-devel-osx-x86_64-clang