CRAN Package Check Results for Package tweedie

Last updated on 2017-04-27 10:48:53.

Flavor Version Tinstall Tcheck Ttotal Status Flags
r-devel-linux-x86_64-debian-clang 2.2.5 2.26 21.40 23.66 NOTE
r-devel-linux-x86_64-debian-gcc 2.2.5 2.25 21.10 23.35 NOTE
r-devel-linux-x86_64-fedora-clang 2.2.5 45.47 NOTE --no-stop-on-test-error
r-devel-linux-x86_64-fedora-gcc 2.2.5 40.69 NOTE --no-stop-on-test-error
r-devel-windows-ix86+x86_64 2.2.5 12.00 65.00 77.00 OK
r-patched-linux-x86_64 2.2.5 2.14 21.29 23.43 NOTE
r-patched-solaris-sparc 2.2.5 252.90 OK
r-patched-solaris-x86 2.2.5 49.80 OK
r-release-linux-x86_64 2.2.5 2.04 21.11 23.15 NOTE
r-release-windows-ix86+x86_64 2.2.5 10.00 49.00 59.00 OK
r-release-osx-x86_64 2.2.5 OK
r-oldrel-windows-ix86+x86_64 2.2.5 10.00 55.00 65.00 OK
r-oldrel-osx-x86_64 2.2.5 OK

Memtest notes: valgrind

Check Details

Version: 2.2.5
Check: compiled code
Result: NOTE
    File ‘tweedie/libs/tweedie.so’:
     Found no calls to: ‘R_registerRoutines’, ‘R_useDynamicSymbols’
    
    It is good practice to register native routines and to disable symbol
    search.
    
    See ‘Writing portable packages’ in the ‘Writing R Extensions’ manual.
Flavors: r-devel-linux-x86_64-debian-clang, r-devel-linux-x86_64-debian-gcc, r-patched-linux-x86_64, r-release-linux-x86_64

Version: 2.2.5
Flags: --no-stop-on-test-error
Check: compiled code
Result: NOTE
    File ‘tweedie/libs/tweedie.so’:
     Found no calls to: ‘R_registerRoutines’, ‘R_useDynamicSymbols’
    
    It is good practice to register native routines and to disable symbol
    search.
    
    See ‘Writing portable packages’ in the ‘Writing R Extensions’ manual.
Flavors: r-devel-linux-x86_64-fedora-clang, r-devel-linux-x86_64-fedora-gcc