CRAN Package Check Results for Package twitteR

Last updated on 2016-07-30 04:49:24.

Flavor Version Tinstall Tcheck Ttotal Status Flags
r-devel-linux-x86_64-debian-clang 1.1.9 1.74 19.17 20.91 OK
r-devel-linux-x86_64-debian-gcc 1.1.9 1.92 19.08 20.99 OK
r-devel-linux-x86_64-fedora-clang 1.1.9 36.53 OK
r-devel-linux-x86_64-fedora-gcc 1.1.9 34.13 OK
r-devel-osx-x86_64-clang 1.1.9 31.76 OK
r-devel-windows-ix86+x86_64 1.1.9 5.00 39.00 44.00 OK
r-patched-linux-x86_64 1.1.9 2.44 22.16 24.60 OK
r-patched-solaris-sparc 1.1.9 228.20 NOTE
r-patched-solaris-x86 1.1.9 48.30 NOTE
r-release-linux-x86_64 1.1.9 2.25 21.45 23.70 OK
r-release-osx-x86_64-mavericks 1.1.9 OK
r-release-windows-ix86+x86_64 1.1.9 10.00 47.00 57.00 OK
r-oldrel-windows-ix86+x86_64 1.1.9 7.00 62.00 69.00 OK

Check Details

Version: 1.1.9
Check: package dependencies
Result: NOTE
    Package suggested but not available for checking: ‘RMySQL’
Flavors: r-patched-solaris-sparc, r-patched-solaris-x86