CRAN Package Check Results for Package twitteR

Last updated on 2016-12-06 06:48:15.

Flavor Version Tinstall Tcheck Ttotal Status Flags
r-devel-linux-x86_64-debian-clang 1.1.9 2.02 21.73 23.74 OK
r-devel-linux-x86_64-debian-gcc 1.1.9 2.26 21.30 23.55 OK
r-devel-linux-x86_64-fedora-clang 1.1.9 46.12 OK --no-stop-on-test-error
r-devel-linux-x86_64-fedora-gcc 1.1.9 42.16 OK --no-stop-on-test-error
r-devel-macos-x86_64-clang 1.1.9 35.06 OK
r-devel-windows-ix86+x86_64 1.1.9 6.00 42.00 48.00 OK
r-patched-linux-x86_64 1.1.9 1.96 19.51 21.47 OK
r-patched-solaris-sparc 1.1.9 228.20 NOTE
r-patched-solaris-x86 1.1.9 47.70 NOTE
r-release-linux-x86_64 1.1.9 1.84 19.38 21.22 OK
r-release-osx-x86_64-mavericks 1.1.9 OK
r-release-windows-ix86+x86_64 1.1.9 8.00 39.00 47.00 OK
r-oldrel-windows-ix86+x86_64 1.1.9 9.00 39.00 48.00 OK

Check Details

Version: 1.1.9
Check: package dependencies
Result: NOTE
    Package suggested but not available for checking: ‘RMySQL’
Flavors: r-patched-solaris-sparc, r-patched-solaris-x86