CRAN Package Check Results for Package twitteR

Last updated on 2014-08-22 13:47:06.

Flavor Version Tinstall Tcheck Ttotal Status Flags
r-devel-linux-x86_64-debian-clang 1.1.7 2.08 20.56 22.64 NOTE
r-devel-linux-x86_64-debian-gcc 1.1.7 2.02 20.70 22.71 NOTE
r-devel-linux-x86_64-fedora-clang 1.1.7 47.50 NOTE
r-devel-linux-x86_64-fedora-gcc 1.1.7 44.03 NOTE
r-devel-osx-x86_64-clang 1.1.7 41.22 NOTE --no-examples --no-vignettes
r-devel-windows-ix86+x86_64 1.1.7 7.00 38.00 45.00 NOTE
r-patched-linux-x86_64 1.1.7 2.24 20.59 22.83 NOTE
r-release-linux-ix86 1.1.7 2.66 28.42 31.08 NOTE
r-release-linux-x86_64 1.1.7 2.17 21.77 23.94 NOTE
r-release-osx-x86_64-mavericks 1.1.7 NOTE
r-release-osx-x86_64-snowleopard 1.1.7 NOTE
r-release-windows-ix86+x86_64 1.1.7 7.00 47.00 54.00 NOTE
r-oldrel-windows-ix86+x86_64 1.1.7 11.00 50.00 61.00 NOTE

Check Details

Version: 1.1.7
Check: dependencies in R code
Result: NOTE
    Packages in Depends field not imported from:
     ‘RCurl’ ‘ROAuth’ ‘methods’ ‘rjson’
     These packages need to be imported from (in the NAMESPACE file)
     for when this namespace is loaded but not attached.
    ':::' call which should be '::': ‘rjson:::fromJSON’
     See the note in ?`:::` about the use of this operator.
    See the information on DESCRIPTION files in the chapter ‘Creating R
    packages’ of the ‘Writing R Extensions’ manual.
Flavors: r-devel-linux-x86_64-debian-clang, r-devel-linux-x86_64-debian-gcc, r-devel-linux-x86_64-fedora-clang, r-devel-linux-x86_64-fedora-gcc, r-devel-windows-ix86+x86_64, r-patched-linux-x86_64, r-release-linux-ix86, r-release-linux-x86_64, r-release-osx-x86_64-mavericks, r-release-windows-ix86+x86_64, r-oldrel-windows-ix86+x86_64

Version: 1.1.7
Check: R code for possible problems
Result: NOTE
    decode_short_url: no visible global function definition for ‘fromJSON’
    decode_short_url: no visible global function definition for ‘getURL’
    getTwitterOAuth: no visible binding for global variable ‘OAuthFactory’
Flavors: r-devel-linux-x86_64-fedora-clang, r-devel-linux-x86_64-fedora-gcc

Version: 1.1.7
Flags: --no-examples --no-vignettes
Check: dependencies in R code
Result: NOTE
    Packages in Depends field not imported from:
     ‘RCurl’ ‘ROAuth’ ‘methods’ ‘rjson’
     These packages need to be imported from (in the NAMESPACE file)
     for when this namespace is loaded but not attached.
    ':::' call which should be '::': ‘rjson:::fromJSON’
     See the note in ?`:::` about the use of this operator.
    See the information on DESCRIPTION files in the chapter ‘Creating R
    packages’ of the ‘Writing R Extensions’ manual.
Flavor: r-devel-osx-x86_64-clang

Version: 1.1.7
Flags: --no-examples --no-vignettes
Check: R code for possible problems
Result: NOTE
    decode_short_url: no visible global function definition for ‘fromJSON’
    decode_short_url: no visible global function definition for ‘getURL’
    getTwitterOAuth: no visible binding for global variable ‘OAuthFactory’
Flavor: r-devel-osx-x86_64-clang

Version: 1.1.7
Check: dependencies in R code
Result: NOTE
    ':::' call which should be '::': 'rjson:::fromJSON'
     See the note in ?`:::` about the use of this operator.
    See the information on DESCRIPTION files in the chapter 'Creating R
    packages' of the 'Writing R Extensions' manual.
Flavor: r-release-osx-x86_64-snowleopard