CRAN Package Check Results for Package twitteR

Last updated on 2017-10-18 02:47:32.

Flavor Version Tinstall Tcheck Ttotal Status Flags
r-devel-linux-x86_64-debian-clang 1.1.9 2.30 22.31 24.61 OK
r-devel-linux-x86_64-debian-gcc 1.1.9 2.60 23.45 26.05 OK
r-devel-linux-x86_64-fedora-clang 1.1.9 44.77 OK
r-devel-linux-x86_64-fedora-gcc 1.1.9 42.76 OK
r-devel-windows-ix86+x86_64 1.1.9 7.00 60.00 67.00 OK
r-patched-linux-x86_64 1.1.9 2.14 21.99 24.13 OK
r-patched-solaris-x86 1.1.9 57.20 NOTE
r-release-linux-x86_64 1.1.9 2.25 21.65 23.90 OK
r-release-windows-ix86+x86_64 1.1.9 9.00 45.00 54.00 OK
r-release-osx-x86_64 1.1.9 OK
r-oldrel-windows-ix86+x86_64 1.1.9 7.00 51.00 58.00 OK
r-oldrel-osx-x86_64 1.1.9 OK

Check Details

Version: 1.1.9
Check: package dependencies
Result: NOTE
    Package suggested but not available for checking: ‘RMySQL’
Flavor: r-patched-solaris-x86