CRAN Package Check Results for Package twitteR

Last updated on 2016-02-12 09:51:01.

Flavor Version Tinstall Tcheck Ttotal Status Flags
r-devel-linux-x86_64-debian-gcc 1.1.9 1.85 18.16 20.01 OK
r-devel-linux-x86_64-fedora-clang 1.1.9 36.71 OK
r-devel-linux-x86_64-fedora-gcc 1.1.9 35.03 OK
r-devel-osx-x86_64-clang 1.1.9 41.53 OK
r-devel-windows-ix86+x86_64 1.1.9 10.00 32.00 42.00 OK
r-patched-linux-x86_64 1.1.9 1.93 19.44 21.37 OK
r-patched-solaris-sparc 1.1.9 244.30 NOTE
r-patched-solaris-x86 1.1.9 49.20 NOTE
r-release-linux-x86_64 1.1.9 2.06 19.19 21.25 OK
r-release-osx-x86_64-mavericks 1.1.9 OK
r-release-windows-ix86+x86_64 1.1.9 8.00 52.00 60.00 OK
r-oldrel-windows-ix86+x86_64 1.1.9 11.00 39.00 50.00 OK

Check Details

Version: 1.1.9
Check: package dependencies
Result: NOTE
    Package suggested but not available for checking: ‘RMySQL’
Flavors: r-patched-solaris-sparc, r-patched-solaris-x86