CRAN Package Check Results for Package twitteR

Last updated on 2017-01-20 19:47:29.

Flavor Version Tinstall Tcheck Ttotal Status Flags
r-devel-linux-x86_64-debian-clang 1.1.9 2.08 21.80 23.88 OK
r-devel-linux-x86_64-debian-gcc 1.1.9 2.21 20.95 23.16 OK
r-devel-linux-x86_64-fedora-clang 1.1.9 42.40 OK --no-stop-on-test-error
r-devel-linux-x86_64-fedora-gcc 1.1.9 43.16 OK --no-stop-on-test-error
r-devel-macos-x86_64-clang 1.1.9 33.84 OK --no-stop-on-test-error
r-devel-windows-ix86+x86_64 1.1.9 8.00 55.00 63.00 OK
r-patched-linux-x86_64 1.1.9 2.08 19.63 21.71 OK
r-patched-solaris-sparc 1.1.9 233.20 NOTE
r-patched-solaris-x86 1.1.9 48.00 NOTE
r-release-linux-x86_64 1.1.9 1.85 19.83 21.68 OK
r-release-osx-x86_64-mavericks 1.1.9 OK
r-release-windows-ix86+x86_64 1.1.9 7.00 38.00 45.00 OK
r-oldrel-windows-ix86+x86_64 1.1.9 9.00 79.00 88.00 OK

Check Details

Version: 1.1.9
Check: package dependencies
Result: NOTE
    Package suggested but not available for checking: ‘RMySQL’
Flavors: r-patched-solaris-sparc, r-patched-solaris-x86