CRAN Package Check Results for Package twitteR

Last updated on 2016-08-25 14:48:42.

Flavor Version Tinstall Tcheck Ttotal Status Flags
r-devel-linux-x86_64-debian-clang 1.1.9 1.76 19.53 21.29 OK
r-devel-linux-x86_64-debian-gcc 1.1.9 1.77 19.38 21.15 OK
r-devel-linux-x86_64-fedora-clang 1.1.9 37.81 OK
r-devel-linux-x86_64-fedora-gcc 1.1.9 35.14 OK
r-devel-osx-x86_64-clang 1.1.9 31.92 OK
r-devel-windows-ix86+x86_64 1.1.9 7.00 39.00 46.00 OK
r-patched-linux-x86_64 1.1.9 1.85 18.75 20.59 OK
r-patched-solaris-sparc 1.1.9 228.20 NOTE
r-patched-solaris-x86 1.1.9 48.30 NOTE
r-release-linux-x86_64 1.1.9 1.68 18.71 20.40 OK
r-release-osx-x86_64-mavericks 1.1.9 OK
r-release-windows-ix86+x86_64 1.1.9 7.00 59.00 66.00 OK
r-oldrel-windows-ix86+x86_64 1.1.9 5.00 54.00 59.00 OK

Check Details

Version: 1.1.9
Check: package dependencies
Result: NOTE
    Package suggested but not available for checking: ‘RMySQL’
Flavors: r-patched-solaris-sparc, r-patched-solaris-x86