CRAN Package Check Results for Package twitteR

Last updated on 2016-06-29 21:47:05.

Flavor Version Tinstall Tcheck Ttotal Status Flags
r-devel-linux-x86_64-debian-gcc 1.1.9 1.97 20.83 22.80 OK
r-devel-linux-x86_64-fedora-clang 1.1.9 36.92 OK
r-devel-linux-x86_64-fedora-gcc 1.1.9 36.12 OK
r-devel-osx-x86_64-clang 1.1.9 31.35 OK
r-devel-windows-ix86+x86_64 1.1.9 5.00 58.00 63.00 OK
r-patched-linux-x86_64 1.1.9 1.91 19.50 21.41 OK
r-patched-solaris-sparc 1.1.9 228.20 NOTE
r-patched-solaris-x86 1.1.9 48.90 NOTE
r-release-linux-x86_64 1.1.9 1.84 18.76 20.60 OK
r-release-osx-x86_64-mavericks 1.1.9 OK
r-release-windows-ix86+x86_64 1.1.9 9.00 49.00 58.00 OK
r-oldrel-windows-ix86+x86_64 1.1.9 9.00 38.00 47.00 OK

Check Details

Version: 1.1.9
Check: package dependencies
Result: NOTE
    Package suggested but not available for checking: ‘RMySQL’
Flavors: r-patched-solaris-sparc, r-patched-solaris-x86