CRAN Package Check Results for Package twitteR

Last updated on 2014-10-23 17:47:56.

Flavor Version Tinstall Tcheck Ttotal Status Flags
r-devel-linux-x86_64-debian-clang 1.1.7 2.11 21.43 23.54 NOTE
r-devel-linux-x86_64-debian-gcc 1.1.7 2.04 21.26 23.31 NOTE
r-devel-linux-x86_64-fedora-clang 1.1.7 47.72 NOTE
r-devel-linux-x86_64-fedora-gcc 1.1.7 44.02 NOTE
r-devel-osx-x86_64-clang 1.1.7 45.87 NOTE --no-examples --no-vignettes
r-devel-windows-ix86+x86_64 1.1.7 7.00 33.00 40.00 NOTE
r-patched-linux-x86_64 1.1.7 3.10 21.29 24.39 NOTE
r-release-linux-ix86 1.1.7 2.80 29.00 31.81 NOTE
r-release-linux-x86_64 1.1.7 2.14 21.86 24.00 NOTE
r-release-osx-x86_64-mavericks 1.1.7 NOTE
r-release-osx-x86_64-snowleopard 1.1.7 NOTE
r-release-windows-ix86+x86_64 1.1.7 7.00 47.00 54.00 NOTE
r-oldrel-windows-ix86+x86_64 1.1.7 11.00 50.00 61.00 NOTE

Check Details

Version: 1.1.7
Check: dependencies in R code
Result: NOTE
    Packages in Depends field not imported from:
     ‘RCurl’ ‘ROAuth’ ‘methods’ ‘rjson’
     These packages need to be imported from (in the NAMESPACE file)
     for when this namespace is loaded but not attached.
    ':::' call which should be '::': ‘rjson:::fromJSON’
     See the note in ?`:::` about the use of this operator.
    See the information on DESCRIPTION files in the chapter ‘Creating R
    packages’ of the ‘Writing R Extensions’ manual.
Flavors: r-devel-linux-x86_64-debian-clang, r-devel-linux-x86_64-debian-gcc, r-devel-linux-x86_64-fedora-clang, r-devel-linux-x86_64-fedora-gcc, r-devel-windows-ix86+x86_64, r-patched-linux-x86_64, r-release-linux-ix86, r-release-linux-x86_64, r-release-osx-x86_64-mavericks, r-release-windows-ix86+x86_64, r-oldrel-windows-ix86+x86_64

Version: 1.1.7
Check: R code for possible problems
Result: NOTE
    decode_short_url: no visible global function definition for ‘fromJSON’
    decode_short_url: no visible global function definition for ‘getURL’
    getTwitterOAuth: no visible binding for global variable ‘OAuthFactory’
Flavors: r-devel-linux-x86_64-debian-clang, r-devel-linux-x86_64-debian-gcc, r-devel-linux-x86_64-fedora-clang, r-devel-linux-x86_64-fedora-gcc, r-devel-windows-ix86+x86_64, r-patched-linux-x86_64

Version: 1.1.7
Flags: --no-examples --no-vignettes
Check: dependencies in R code
Result: NOTE
    Packages in Depends field not imported from:
     ‘RCurl’ ‘ROAuth’ ‘methods’ ‘rjson’
     These packages need to be imported from (in the NAMESPACE file)
     for when this namespace is loaded but not attached.
    ':::' call which should be '::': ‘rjson:::fromJSON’
     See the note in ?`:::` about the use of this operator.
    See the information on DESCRIPTION files in the chapter ‘Creating R
    packages’ of the ‘Writing R Extensions’ manual.
Flavor: r-devel-osx-x86_64-clang

Version: 1.1.7
Flags: --no-examples --no-vignettes
Check: R code for possible problems
Result: NOTE
    decode_short_url: no visible global function definition for ‘fromJSON’
    decode_short_url: no visible global function definition for ‘getURL’
    getTwitterOAuth: no visible binding for global variable ‘OAuthFactory’
Flavor: r-devel-osx-x86_64-clang

Version: 1.1.7
Check: dependencies in R code
Result: NOTE
    ':::' call which should be '::': 'rjson:::fromJSON'
     See the note in ?`:::` about the use of this operator.
    See the information on DESCRIPTION files in the chapter 'Creating R
    packages' of the 'Writing R Extensions' manual.
Flavor: r-release-osx-x86_64-snowleopard