CRAN Package Check Results for Package twitteR

Last updated on 2014-04-23 12:48:30.

Flavor Version Tinstall Tcheck Ttotal Status Flags
r-devel-linux-x86_64-debian-clang 1.1.7 2.30 21.84 24.14 NOTE
r-devel-linux-x86_64-debian-gcc 1.1.7 2.24 21.78 24.01 NOTE
r-devel-linux-x86_64-fedora-clang 1.1.7 48.83 NOTE
r-devel-linux-x86_64-fedora-gcc 1.1.7 46.82 NOTE
r-devel-osx-x86_64-clang 1.1.7 45.04 NOTE --no-examples --no-vignettes
r-devel-osx-x86_64-gcc 1.1.7 NOTE
r-devel-windows-ix86+x86_64 1.1.7 6.00 35.00 41.00 NOTE
r-patched-linux-x86_64 1.1.7 2.19 21.73 23.92 NOTE
r-release-linux-ix86 1.1.7 4.00 39.00 43.00 NOTE
r-release-linux-x86_64 1.1.7 2.27 22.06 24.33 NOTE
r-release-osx-x86_64-mavericks 1.1.7 WARN
r-release-osx-x86_64-snowleopard 1.1.7 NOTE
r-release-windows-ix86+x86_64 1.1.7 11.00 37.00 48.00 NOTE
r-oldrel-windows-ix86+x86_64 1.1.7 8.00 38.00 46.00 NOTE

Check Details

Version: 1.1.7
Check: dependencies in R code
Result: NOTE
    Packages in Depends field not imported from:
     ‘RCurl’ ‘ROAuth’ ‘methods’ ‘rjson’
     These packages need to be imported from (in the NAMESPACE file)
     for when this namespace is loaded but not attached.
    ':::' call which should be '::': ‘rjson:::fromJSON’
     See the note in ?`:::` about the use of this operator.
    See the information on DESCRIPTION files in the chapter ‘Creating R
    packages’ of the ‘Writing R Extensions’ manual.
Flavors: r-devel-linux-x86_64-debian-clang, r-devel-linux-x86_64-debian-gcc, r-devel-linux-x86_64-fedora-clang, r-devel-linux-x86_64-fedora-gcc, r-devel-osx-x86_64-gcc, r-devel-windows-ix86+x86_64, r-patched-linux-x86_64, r-release-linux-ix86, r-release-linux-x86_64, r-release-osx-x86_64-mavericks, r-release-windows-ix86+x86_64, r-oldrel-windows-ix86+x86_64

Version: 1.1.7
Flags: --no-examples --no-vignettes
Check: dependencies in R code
Result: NOTE
    Packages in Depends field not imported from:
     ‘RCurl’ ‘ROAuth’ ‘methods’ ‘rjson’
     These packages need to be imported from (in the NAMESPACE file)
     for when this namespace is loaded but not attached.
    ':::' call which should be '::': ‘rjson:::fromJSON’
     See the note in ?`:::` about the use of this operator.
    See the information on DESCRIPTION files in the chapter ‘Creating R
    packages’ of the ‘Writing R Extensions’ manual.
Flavor: r-devel-osx-x86_64-clang

Version: 1.1.7
Check: PDF version of manual
Result: WARNING
    LaTeX errors when creating PDF version.
    This typically indicates Rd problems.
    LaTeX errors found:
    ! LaTeX Error: File `upquote.sty' not found.
    
    Type X to quit or <RETURN> to proceed,
    or enter new name. (Default extension: sty)
    
    e873547/Rd2.tex:8: ==> Fatal error occurred, no output PDF file produced!
Flavor: r-release-osx-x86_64-mavericks

Version: 1.1.7
Check: dependencies in R code
Result: NOTE
    ':::' call which should be '::': 'rjson:::fromJSON'
     See the note in ?`:::` about the use of this operator.
    See the information on DESCRIPTION files in the chapter 'Creating R
    packages' of the 'Writing R Extensions' manual.
Flavor: r-release-osx-x86_64-snowleopard