CRAN Package Check Results for Package twitteR

Last updated on 2017-06-25 22:48:30.

Flavor Version Tinstall Tcheck Ttotal Status Flags
r-devel-linux-x86_64-debian-clang 1.1.9 1.98 22.89 24.87 OK
r-devel-linux-x86_64-debian-gcc 1.1.9 2.16 21.60 23.76 OK
r-devel-linux-x86_64-fedora-clang 1.1.9 42.93 OK
r-devel-linux-x86_64-fedora-gcc 1.1.9 40.64 OK
r-devel-windows-ix86+x86_64 1.1.9 8.00 44.00 52.00 OK
r-patched-linux-x86_64 1.1.9 2.60 21.49 24.09 OK
r-patched-solaris-sparc 1.1.9 242.70 NOTE
r-patched-solaris-x86 1.1.9 54.00 NOTE
r-release-linux-x86_64 1.1.9 2.00 21.44 23.44 OK
r-release-windows-ix86+x86_64 1.1.9 12.00 60.00 72.00 OK
r-release-osx-x86_64 1.1.9 OK
r-oldrel-windows-ix86+x86_64 1.1.9 5.00 56.00 61.00 OK
r-oldrel-osx-x86_64 1.1.9 OK

Check Details

Version: 1.1.9
Check: package dependencies
Result: NOTE
    Package suggested but not available for checking: ‘RMySQL’
Flavors: r-patched-solaris-sparc, r-patched-solaris-x86