Last updated on 2023-12-10 01:52:45 CET.
Flavor | Version | Tinstall | Tcheck | Ttotal | Status | Flags |
---|---|---|---|---|---|---|
r-devel-linux-x86_64-debian-clang | 1.1.9 | 9.38 | 44.92 | 54.30 | NOTE | |
r-devel-linux-x86_64-debian-gcc | 1.1.9 | 5.59 | 34.83 | 40.42 | NOTE | |
r-devel-linux-x86_64-fedora-clang | 1.1.9 | 67.62 | NOTE | |||
r-devel-linux-x86_64-fedora-gcc | 1.1.9 | 64.28 | NOTE | |||
r-devel-windows-x86_64 | 1.1.9 | 8.00 | 59.00 | 67.00 | NOTE | |
r-patched-linux-x86_64 | 1.1.9 | 11.72 | 44.29 | 56.01 | NOTE | |
r-release-linux-x86_64 | 1.1.9 | 7.69 | 44.15 | 51.84 | NOTE | |
r-release-macos-arm64 | 1.1.9 | 29.00 | NOTE | |||
r-release-macos-x86_64 | 1.1.9 | 36.00 | NOTE | |||
r-release-windows-x86_64 | 1.1.9 | 10.00 | 63.00 | 73.00 | NOTE | |
r-oldrel-macos-arm64 | 1.1.9 | 19.00 | NOTE | |||
r-oldrel-macos-x86_64 | 1.1.9 | 31.00 | NOTE | |||
r-oldrel-windows-x86_64 | 1.1.9 | 14.00 | 69.00 | 83.00 | NOTE |
Version: 1.1.9
Check: LazyData
Result: NOTE
'LazyData' is specified without a 'data' directory
Flavors: r-devel-linux-x86_64-debian-clang, r-devel-linux-x86_64-debian-gcc, r-devel-linux-x86_64-fedora-clang, r-devel-linux-x86_64-fedora-gcc, r-devel-windows-x86_64, r-patched-linux-x86_64, r-release-linux-x86_64, r-release-macos-arm64, r-release-macos-x86_64, r-release-windows-x86_64, r-oldrel-macos-arm64, r-oldrel-macos-x86_64, r-oldrel-windows-x86_64