CRAN Package Check Results for Package twitteR

Last updated on 2014-07-25 10:52:07.

Flavor Version Tinstall Tcheck Ttotal Status Flags
r-devel-linux-x86_64-debian-clang 1.1.7 2.07 20.80 22.86 NOTE
r-devel-linux-x86_64-debian-gcc 1.1.7 2.25 20.70 22.94 NOTE
r-devel-linux-x86_64-fedora-clang 1.1.7 48.97 NOTE
r-devel-linux-x86_64-fedora-gcc 1.1.7 45.13 NOTE
r-devel-osx-x86_64-clang 1.1.7 43.09 NOTE --no-examples --no-vignettes
r-devel-windows-ix86+x86_64 1.1.7 7.00 36.00 43.00 NOTE
r-patched-linux-x86_64 1.1.7 2.10 20.60 22.69 NOTE
r-release-linux-ix86 1.1.7 2.75 28.77 31.52 NOTE
r-release-linux-x86_64 1.1.7 2.30 21.38 23.67 NOTE
r-release-osx-x86_64-mavericks 1.1.7 NOTE
r-release-osx-x86_64-snowleopard 1.1.7 NOTE
r-release-windows-ix86+x86_64 1.1.7 10.00 48.00 58.00 NOTE
r-oldrel-windows-ix86+x86_64 1.1.7 7.00 34.00 41.00 NOTE

Check Details

Version: 1.1.7
Check: dependencies in R code
Result: NOTE
    Packages in Depends field not imported from:
     ‘RCurl’ ‘ROAuth’ ‘methods’ ‘rjson’
     These packages need to be imported from (in the NAMESPACE file)
     for when this namespace is loaded but not attached.
    ':::' call which should be '::': ‘rjson:::fromJSON’
     See the note in ?`:::` about the use of this operator.
    See the information on DESCRIPTION files in the chapter ‘Creating R
    packages’ of the ‘Writing R Extensions’ manual.
Flavors: r-devel-linux-x86_64-debian-clang, r-devel-linux-x86_64-debian-gcc, r-devel-linux-x86_64-fedora-clang, r-devel-linux-x86_64-fedora-gcc, r-devel-windows-ix86+x86_64, r-patched-linux-x86_64, r-release-linux-ix86, r-release-linux-x86_64, r-release-osx-x86_64-mavericks, r-release-windows-ix86+x86_64, r-oldrel-windows-ix86+x86_64

Version: 1.1.7
Flags: --no-examples --no-vignettes
Check: dependencies in R code
Result: NOTE
    Packages in Depends field not imported from:
     ‘RCurl’ ‘ROAuth’ ‘methods’ ‘rjson’
     These packages need to be imported from (in the NAMESPACE file)
     for when this namespace is loaded but not attached.
    ':::' call which should be '::': ‘rjson:::fromJSON’
     See the note in ?`:::` about the use of this operator.
    See the information on DESCRIPTION files in the chapter ‘Creating R
    packages’ of the ‘Writing R Extensions’ manual.
Flavor: r-devel-osx-x86_64-clang

Version: 1.1.7
Check: dependencies in R code
Result: NOTE
    ':::' call which should be '::': 'rjson:::fromJSON'
     See the note in ?`:::` about the use of this operator.
    See the information on DESCRIPTION files in the chapter 'Creating R
    packages' of the 'Writing R Extensions' manual.
Flavor: r-release-osx-x86_64-snowleopard