CRAN Package Check Results for Package twitteR

Last updated on 2017-04-26 09:48:07.

Flavor Version Tinstall Tcheck Ttotal Status Flags
r-devel-linux-x86_64-debian-clang 1.1.9 2.18 24.73 26.91 OK
r-devel-linux-x86_64-debian-gcc 1.1.9 2.02 21.60 23.62 OK
r-devel-linux-x86_64-fedora-clang 1.1.9 44.88 OK --no-stop-on-test-error
r-devel-linux-x86_64-fedora-gcc 1.1.9 40.23 OK --no-stop-on-test-error
r-devel-windows-ix86+x86_64 1.1.9 9.00 44.00 53.00 OK
r-patched-linux-x86_64 1.1.9 2.07 21.64 23.71 OK
r-patched-solaris-sparc 1.1.9 242.70 NOTE
r-patched-solaris-x86 1.1.9 54.00 NOTE
r-release-linux-x86_64 1.1.9 1.99 21.33 23.32 OK
r-release-windows-ix86+x86_64 1.1.9 6.00 43.00 49.00 OK
r-release-osx-x86_64 1.1.9 OK
r-oldrel-windows-ix86+x86_64 1.1.9 6.00 52.00 58.00 OK
r-oldrel-osx-x86_64 1.1.9 OK

Check Details

Version: 1.1.9
Check: package dependencies
Result: NOTE
    Package suggested but not available for checking: ‘RMySQL’
Flavors: r-patched-solaris-sparc, r-patched-solaris-x86