CRAN Package Check Results for Package twitteR

Last updated on 2019-03-23 11:51:35 CET.

Flavor Version Tinstall Tcheck Ttotal Status Flags
r-devel-linux-x86_64-debian-clang 1.1.9 6.47 35.03 41.50 OK
r-devel-linux-x86_64-debian-gcc 1.1.9 5.48 27.66 33.14 OK
r-devel-linux-x86_64-fedora-clang 1.1.9 50.06 OK
r-devel-linux-x86_64-fedora-gcc 1.1.9 49.97 OK
r-devel-windows-ix86+x86_64 1.1.9 17.00 51.00 68.00 OK
r-patched-linux-x86_64 1.1.9 6.00 33.49 39.49 OK
r-patched-solaris-x86 1.1.9 68.30 OK
r-release-linux-x86_64 1.1.9 0.33 2.28 2.61 ERROR
r-release-windows-ix86+x86_64 1.1.9 11.00 48.00 59.00 OK
r-release-osx-x86_64 1.1.9 OK
r-oldrel-windows-ix86+x86_64 1.1.9 13.00 62.00 75.00 OK
r-oldrel-osx-x86_64 1.1.9 OK

Check Details

Version: 1.1.9
Check: whether package can be installed
Result: ERROR
    Installation failed.
Flavor: r-release-linux-x86_64