CRAN Package Check Results for Package twitteR

Last updated on 2015-07-02 23:47:47.

Flavor Version Tinstall Tcheck Ttotal Status Flags
r-devel-linux-x86_64-debian-clang 1.1.8 1.88 17.98 19.85 NOTE
r-devel-linux-x86_64-debian-gcc 1.1.8 1.78 18.76 20.54 NOTE
r-devel-linux-x86_64-fedora-clang 1.1.8 41.59 NOTE
r-devel-linux-x86_64-fedora-gcc 1.1.8 38.73 NOTE
r-devel-osx-x86_64-clang 1.1.8 34.78 OK
r-devel-windows-ix86+x86_64 1.1.8 5.00 30.00 35.00 NOTE
r-patched-linux-x86_64 1.1.8 1.78 19.51 21.28 OK
r-release-linux-x86_64 1.1.8 1.80 19.58 21.38 OK
r-release-osx-x86_64-mavericks 1.1.8 OK
r-release-windows-ix86+x86_64 1.1.8 5.00 36.00 41.00 OK
r-oldrel-windows-ix86+x86_64 1.1.8 9.00 41.00 50.00 OK

Check Details

Version: 1.1.8
Check: R code for possible problems
Result: NOTE
    doAPICall : <anonymous>: no visible global function definition for
     ‘URLencode’
    load_tweets_db: no visible binding for global variable ‘df’
    load_users_db: no visible binding for global variable ‘df’
    Undefined global functions or variables:
     URLencode df
Flavors: r-devel-linux-x86_64-debian-clang, r-devel-linux-x86_64-fedora-clang, r-devel-linux-x86_64-fedora-gcc, r-devel-windows-ix86+x86_64

Version: 1.1.8
Check: R code for possible problems
Result: NOTE
    doAPICall : <anonymous>: no visible global function definition for
     ‘URLencode’
    load_tweets_db: no visible binding for global variable ‘df’
    load_users_db: no visible binding for global variable ‘df’
Flavor: r-devel-linux-x86_64-debian-gcc