CRAN Package Check Results for Package twitteR

Last updated on 2017-08-18 17:48:14.

Flavor Version Tinstall Tcheck Ttotal Status Flags
r-devel-linux-x86_64-debian-clang 1.1.9 2.06 21.90 23.96 OK
r-devel-linux-x86_64-debian-gcc 1.1.9 2.10 21.42 23.52 OK
r-devel-linux-x86_64-fedora-clang 1.1.9 42.57 OK
r-devel-linux-x86_64-fedora-gcc 1.1.9 41.75 OK
r-devel-windows-ix86+x86_64 1.1.9 6.00 45.00 51.00 OK
r-patched-linux-x86_64 1.1.9 2.06 21.92 23.98 OK
r-patched-solaris-x86 1.1.9 54.00 NOTE
r-release-linux-x86_64 1.1.9 2.06 21.98 24.04 OK
r-release-windows-ix86+x86_64 1.1.9 9.00 44.00 53.00 OK
r-release-osx-x86_64 1.1.9 OK
r-oldrel-windows-ix86+x86_64 1.1.9 6.00 35.00 41.00 OK
r-oldrel-osx-x86_64 1.1.9 OK

Check Details

Version: 1.1.9
Check: package dependencies
Result: NOTE
    Package suggested but not available for checking: ‘RMySQL’
Flavor: r-patched-solaris-x86