CRAN Package Check Results for Package twitteR

Last updated on 2016-05-24 08:48:59.

Flavor Version Tinstall Tcheck Ttotal Status Flags
r-devel-linux-x86_64-debian-gcc 1.1.9 1.81 18.78 20.59 OK
r-devel-linux-x86_64-fedora-clang 1.1.9 38.19 OK
r-devel-linux-x86_64-fedora-gcc 1.1.9 35.34 OK
r-devel-osx-x86_64-clang 1.1.9 44.17 OK
r-devel-windows-ix86+x86_64 1.1.9 5.00 64.00 69.00 OK
r-patched-linux-x86_64 1.1.9 1.87 18.75 20.61 OK
r-patched-solaris-sparc 1.1.9 228.10 NOTE
r-patched-solaris-x86 1.1.9 49.30 NOTE
r-release-linux-x86_64 1.1.9 1.72 18.95 20.67 OK
r-release-osx-x86_64-mavericks 1.1.9 OK
r-release-windows-ix86+x86_64 1.1.9 5.00 64.00 69.00 OK
r-oldrel-windows-ix86+x86_64 1.1.9 8.00 36.00 44.00 OK

Check Details

Version: 1.1.9
Check: package dependencies
Result: NOTE
    Package suggested but not available for checking: ‘RMySQL’
Flavors: r-patched-solaris-sparc, r-patched-solaris-x86