CRAN Package Check Results for Package twitteR

Last updated on 2017-02-27 23:04:04.

Flavor Version Tinstall Tcheck Ttotal Status Flags
r-devel-linux-x86_64-debian-clang 1.1.9 2.00 21.29 23.28 OK
r-devel-linux-x86_64-debian-gcc 1.1.9 2.05 21.46 23.51 OK
r-devel-linux-x86_64-fedora-clang 1.1.9 46.41 OK --no-stop-on-test-error
r-devel-linux-x86_64-fedora-gcc 1.1.9 43.73 OK --no-stop-on-test-error
r-devel-macos-x86_64-clang 1.1.9 35.11 OK --no-stop-on-test-error
r-devel-windows-ix86+x86_64 1.1.9 6.00 58.00 64.00 OK
r-patched-linux-x86_64 1.1.9 2.02 19.43 21.45 OK
r-patched-solaris-sparc 1.1.9 233.20 NOTE
r-patched-solaris-x86 1.1.9 47.80 NOTE
r-release-linux-x86_64 1.1.9 1.87 19.20 21.07 OK
r-release-osx-x86_64-mavericks 1.1.9 OK
r-release-windows-ix86+x86_64 1.1.9 8.00 39.00 47.00 OK
r-oldrel-windows-ix86+x86_64 1.1.9 5.00 51.00 56.00 OK

Check Details

Version: 1.1.9
Check: package dependencies
Result: NOTE
    Package suggested but not available for checking: ‘RMySQL’
Flavors: r-patched-solaris-sparc, r-patched-solaris-x86