CRAN Package Check Results for Package twitteR

Last updated on 2016-09-28 21:48:33.

Flavor Version Tinstall Tcheck Ttotal Status Flags
r-devel-linux-x86_64-debian-clang 1.1.9 1.77 19.65 21.42 OK
r-devel-linux-x86_64-debian-gcc 1.1.9 1.64 18.52 20.16 OK
r-devel-linux-x86_64-fedora-clang 1.1.9 24.73 OK
r-devel-linux-x86_64-fedora-gcc 1.1.9 35.66 OK
r-devel-macos-x86_64-clang 1.1.9 30.32 OK
r-devel-windows-ix86+x86_64 1.1.9 5.00 48.00 53.00 OK
r-patched-linux-x86_64 1.1.9 1.73 19.13 20.86 OK
r-patched-solaris-sparc 1.1.9 228.20 NOTE
r-patched-solaris-x86 1.1.9 47.80 NOTE
r-release-linux-x86_64 1.1.9 1.82 19.29 21.12 OK
r-release-osx-x86_64-mavericks 1.1.9 OK
r-release-windows-ix86+x86_64 1.1.9 8.00 38.00 46.00 OK
r-oldrel-windows-ix86+x86_64 1.1.9 9.00 47.00 56.00 OK

Check Details

Version: 1.1.9
Check: package dependencies
Result: NOTE
    Package suggested but not available for checking: ‘RMySQL’
Flavors: r-patched-solaris-sparc, r-patched-solaris-x86