CRAN Package Check Results for Package twitteR

Last updated on 2017-05-24 09:48:27.

Flavor Version Tinstall Tcheck Ttotal Status Flags
r-devel-linux-x86_64-debian-clang 1.1.9 2.08 21.92 24.00 OK
r-devel-linux-x86_64-debian-gcc 1.1.9 2.18 21.66 23.84 OK
r-devel-linux-x86_64-fedora-clang 1.1.9 42.40 OK --no-stop-on-test-error
r-devel-linux-x86_64-fedora-gcc 1.1.9 41.43 OK --no-stop-on-test-error
r-devel-windows-ix86+x86_64 1.1.9 6.00 46.00 52.00 OK
r-patched-linux-x86_64 1.1.9 2.03 21.32 23.35 OK
r-patched-solaris-sparc 1.1.9 242.70 NOTE
r-patched-solaris-x86 1.1.9 55.60 NOTE
r-release-linux-x86_64 1.1.9 2.29 21.38 23.67 OK
r-release-windows-ix86+x86_64 1.1.9 6.00 58.00 64.00 OK
r-release-osx-x86_64 1.1.9 OK
r-oldrel-windows-ix86+x86_64 1.1.9 8.00 62.00 70.00 OK
r-oldrel-osx-x86_64 1.1.9 OK

Check Details

Version: 1.1.9
Check: package dependencies
Result: NOTE
    Package suggested but not available for checking: ‘RMySQL’
Flavors: r-patched-solaris-sparc, r-patched-solaris-x86