CRAN Package Check Results for Package twosigma

Last updated on 2024-02-26 18:50:16 CET.

Flavor Version Tinstall Tcheck Ttotal Status Flags
r-devel-linux-x86_64-debian-clang 1.0.2 11.24 102.06 113.30 NOTE
r-devel-linux-x86_64-debian-gcc 1.0.2 9.17 76.40 85.57 NOTE
r-devel-linux-x86_64-fedora-clang 1.0.2 137.55 NOTE
r-devel-linux-x86_64-fedora-gcc 1.0.2 132.72 OK
r-devel-windows-x86_64 1.0.2 12.00 93.00 105.00 OK
r-patched-linux-x86_64 1.0.2 11.47 98.76 110.23 OK
r-release-linux-x86_64 1.0.2 8.34 98.28 106.62 OK
r-release-macos-arm64 1.0.2 44.00 OK
r-release-macos-x86_64 1.0.2 73.00 OK
r-release-windows-x86_64 1.0.2 13.00 106.00 119.00 OK
r-oldrel-macos-arm64 1.0.2 40.00 OK
r-oldrel-windows-x86_64 1.0.2 14.00 114.00 128.00 OK

Check Details

Version: 1.0.2
Check: Rd files
Result: NOTE checkRd: (-1) twosigmag.Rd:83: Lost braces in \itemize; \value handles \item{}{} directly checkRd: (-1) twosigmag.Rd:84: Lost braces in \itemize; \value handles \item{}{} directly checkRd: (-1) twosigmag.Rd:85: Lost braces in \itemize; \value handles \item{}{} directly checkRd: (-1) twosigmag.Rd:86: Lost braces in \itemize; \value handles \item{}{} directly checkRd: (-1) twosigmag.Rd:87: Lost braces in \itemize; \value handles \item{}{} directly checkRd: (-1) twosigmag.Rd:88: Lost braces in \itemize; \value handles \item{}{} directly checkRd: (-1) twosigmag.Rd:89: Lost braces in \itemize; \value handles \item{}{} directly checkRd: (-1) twosigmag.Rd:90: Lost braces in \itemize; \value handles \item{}{} directly checkRd: (-1) twosigmag.Rd:91: Lost braces in \itemize; \value handles \item{}{} directly checkRd: (-1) twosigmag.Rd:92: Lost braces in \itemize; \value handles \item{}{} directly checkRd: (-1) twosigmag.Rd:94: Lost braces in \itemize; \value handles \item{}{} directly checkRd: (-1) twosigmag.Rd:95: Lost braces in \itemize; \value handles \item{}{} directly checkRd: (-1) twosigmag.Rd:96: Lost braces in \itemize; \value handles \item{}{} directly Flavors: r-devel-linux-x86_64-debian-clang, r-devel-linux-x86_64-debian-gcc, r-devel-linux-x86_64-fedora-clang