CRAN Package Check Results for Package twostageTE

Last updated on 2015-08-29 00:48:34.

Flavor Version Tinstall Tcheck Ttotal Status Flags
r-devel-linux-x86_64-debian-clang 1.2 0.62 12.74 13.35 NOTE
r-devel-linux-x86_64-debian-gcc 1.2 0.61 12.54 13.14 NOTE
r-devel-linux-x86_64-fedora-clang 1.2 25.71 NOTE
r-devel-linux-x86_64-fedora-gcc 1.2 23.70 NOTE
r-devel-osx-x86_64-clang 1.2 25.58 OK
r-devel-windows-ix86+x86_64 1.2 6.00 34.00 40.00 NOTE
r-patched-linux-x86_64 1.2 0.68 13.00 13.68 OK
r-patched-solaris-sparc 1.2 168.90 OK
r-patched-solaris-x86 1.2 38.10 OK
r-release-linux-x86_64 1.2 0.74 13.31 14.06 OK
r-release-osx-x86_64-mavericks 1.2 OK
r-release-windows-ix86+x86_64 1.2 6.00 26.00 32.00 OK
r-oldrel-windows-ix86+x86_64 1.2 4.00 27.00 31.00 OK

Check Details

Version: 1.2
Check: R code for possible problems
Result: NOTE
    estimateDeriv : deriv_estimateHelper: no visible global function
     definition for ‘lm’
    estimateDeriv: no visible global function definition for ‘lm’
    likelihoodConfidenceInterval: no visible global function definition for
     ‘data’
    likelihoodConfidenceInterval: no visible global function definition for
     ‘quantile’
    linearBootstrapConfidenceInterval_stageTwo: no visible global function
     definition for ‘quantile’
    plot.twostageTE : plot_gpava: no visible global function definition for
     ‘lines’
    plot.twostageTE : plot_gpava: no visible global function definition for
     ‘points’
    plot.twostageTE: no visible global function definition for ‘plot’
    plot.twostageTE: no visible global function definition for ‘abline’
    plot.twostageTE: no visible global function definition for ‘points’
    plot.twostageTE: no visible global function definition for ‘segments’
    plot.twostageTE: no visible global function definition for ‘mtext’
    plot.twostageTE: no visible global function definition for ‘legend’
    threshold_estimate_locLinear: no visible global function definition for
     ‘lm’
    waldConfidenceInterval_ir_stageOne: no visible global function
     definition for ‘data’
    waldConfidenceInterval_ir_stageTwo: no visible global function
     definition for ‘data’
    Undefined global functions or variables:
     abline data legend lines lm mtext plot points quantile segments
    Consider adding
     importFrom("graphics", "abline", "legend", "lines", "mtext", "plot",
     "points", "segments")
     importFrom("stats", "lm", "quantile")
     importFrom("utils", "data")
    to your NAMESPACE.
Flavors: r-devel-linux-x86_64-debian-clang, r-devel-linux-x86_64-debian-gcc, r-devel-linux-x86_64-fedora-clang, r-devel-linux-x86_64-fedora-gcc, r-devel-windows-ix86+x86_64