CRAN Package Check Results for Package twostageTE

Last updated on 2014-07-25 01:48:54.

Flavor Version Tinstall Tcheck Ttotal Status Flags
r-devel-linux-x86_64-debian-clang 1.0 0.72 13.94 14.66 NOTE
r-devel-linux-x86_64-debian-gcc 1.0 0.80 13.69 14.49 NOTE
r-devel-linux-x86_64-fedora-clang 1.0 29.85 NOTE
r-devel-linux-x86_64-fedora-gcc 1.0 28.62 NOTE
r-devel-osx-x86_64-clang 1.0 30.22 NOTE
r-devel-windows-ix86+x86_64 1.0 3.00 27.00 30.00 NOTE
r-patched-linux-x86_64 1.0 0.73 13.48 14.21 NOTE
r-patched-solaris-sparc 1.0 166.90 NOTE
r-patched-solaris-x86 1.0 39.70 NOTE
r-release-linux-ix86 1.0 1.12 20.38 21.50 NOTE
r-release-linux-x86_64 1.0 0.77 13.90 14.67 NOTE
r-release-osx-x86_64-mavericks 1.0 NOTE
r-release-osx-x86_64-snowleopard 1.0 NOTE
r-release-windows-ix86+x86_64 1.0 4.00 34.00 38.00 NOTE
r-oldrel-windows-ix86+x86_64 1.0 3.00 26.00 29.00 NOTE

Check Details

Version: 1.0
Check: dependencies in R code
Result: NOTE
    'library' or 'require' call to ‘isotone’ which was already attached by Depends.
     Please remove these calls from your code.
    See the information on DESCRIPTION files in the chapter ‘Creating R
    packages’ of the ‘Writing R Extensions’ manual.
Flavors: r-devel-linux-x86_64-debian-clang, r-devel-linux-x86_64-debian-gcc, r-devel-linux-x86_64-fedora-clang, r-devel-linux-x86_64-fedora-gcc, r-devel-osx-x86_64-clang, r-devel-windows-ix86+x86_64, r-patched-linux-x86_64, r-patched-solaris-sparc, r-patched-solaris-x86, r-release-linux-ix86, r-release-linux-x86_64, r-release-osx-x86_64-mavericks, r-release-osx-x86_64-snowleopard, r-release-windows-ix86+x86_64, r-oldrel-windows-ix86+x86_64