CRAN Package Check Results for Package twostageTE

Last updated on 2014-04-20 22:47:08.

Flavor Version Tinstall Tcheck Ttotal Status Flags
r-devel-linux-x86_64-debian-clang 1.0 0.82 14.32 15.13 NOTE
r-devel-linux-x86_64-debian-gcc 1.0 0.77 14.42 15.19 NOTE
r-devel-linux-x86_64-fedora-clang 1.0 29.79 NOTE
r-devel-linux-x86_64-fedora-gcc 1.0 28.12 NOTE
r-devel-macosx-x86_64-clang 1.0 30.75 NOTE
r-devel-macosx-x86_64-gcc 1.0 NOTE
r-devel-windows-ix86+x86_64 1.0 3.00 24.00 27.00 NOTE
r-patched-linux-x86_64 1.0 0.78 15.16 15.94 NOTE
r-patched-solaris-sparc 1.0 166.90 NOTE
r-patched-solaris-x86 1.0 39.40 NOTE
r-release-linux-ix86 NOTE
r-release-linux-x86_64 1.0 0.78 14.43 15.20 NOTE
r-release-macosx-x86_64 1.0 NOTE
r-release-windows-ix86+x86_64 1.0 5.00 25.00 30.00 NOTE
r-oldrel-windows-ix86+x86_64 1.0 3.00 26.00 29.00 NOTE

Check Details

Version: 1.0
Check: dependencies in R code
Result: NOTE
    'library' or 'require' call to ‘isotone’ which was already attached by Depends.
     Please remove these calls from your code.
    See the information on DESCRIPTION files in the chapter ‘Creating R
    packages’ of the ‘Writing R Extensions’ manual.
Flavors: r-devel-linux-x86_64-debian-clang, r-devel-linux-x86_64-debian-gcc, r-devel-linux-x86_64-fedora-clang, r-devel-linux-x86_64-fedora-gcc, r-devel-macosx-x86_64-clang, r-devel-macosx-x86_64-gcc, r-devel-windows-ix86+x86_64, r-patched-linux-x86_64, r-patched-solaris-sparc, r-patched-solaris-x86, r-release-linux-ix86, r-release-linux-x86_64, r-release-macosx-x86_64, r-release-windows-ix86+x86_64, r-oldrel-windows-ix86+x86_64