CRAN Package Check Results for Package twostageTE

Last updated on 2015-07-02 11:48:50.

Flavor Version Tinstall Tcheck Ttotal Status Flags
r-devel-linux-x86_64-debian-clang 1.2 0.69 12.71 13.40 NOTE
r-devel-linux-x86_64-debian-gcc 1.2 0.74 13.76 14.50 NOTE
r-devel-linux-x86_64-fedora-clang 1.2 24.63 NOTE
r-devel-linux-x86_64-fedora-gcc 1.2 23.62 NOTE
r-devel-osx-x86_64-clang 1.2 23.37 OK
r-devel-windows-ix86+x86_64 1.2 3.00 24.00 27.00 OK
r-patched-linux-x86_64 1.2 0.70 12.99 13.70 OK
r-patched-solaris-sparc 1.2 164.80 OK
r-patched-solaris-x86 1.2 37.40 OK
r-release-linux-x86_64 1.2 0.67 13.18 13.86 OK
r-release-osx-x86_64-mavericks 1.2 OK
r-release-windows-ix86+x86_64 1.2 3.00 25.00 28.00 OK
r-oldrel-windows-ix86+x86_64 1.2 5.00 26.00 31.00 OK

Check Details

Version: 1.2
Check: R code for possible problems
Result: NOTE
    estimateDeriv : deriv_estimateHelper: no visible global function
     definition for ‘lm’
    estimateDeriv: no visible global function definition for ‘lm’
    likelihoodConfidenceInterval: Error while checking: invalid ‘envir’
     argument
    linearBootstrapConfidenceInterval_stageTwo: no visible global function
     definition for ‘quantile’
    plot.twostageTE : plot_gpava: no visible global function definition for
     ‘lines’
    plot.twostageTE : plot_gpava: no visible global function definition for
     ‘points’
    plot.twostageTE: no visible global function definition for ‘plot’
    plot.twostageTE: no visible global function definition for ‘abline’
    plot.twostageTE: no visible global function definition for ‘points’
    plot.twostageTE: no visible global function definition for ‘segments’
    plot.twostageTE: no visible global function definition for ‘mtext’
    plot.twostageTE: no visible global function definition for ‘legend’
    threshold_estimate_locLinear: no visible global function definition for
     ‘lm’
    waldConfidenceInterval_ir_stageOne: Error while checking: invalid
     ‘envir’ argument
    waldConfidenceInterval_ir_stageTwo: Error while checking: invalid
     ‘envir’ argument
Flavors: r-devel-linux-x86_64-debian-clang, r-devel-linux-x86_64-debian-gcc, r-devel-linux-x86_64-fedora-gcc

Version: 1.2
Check: R code for possible problems
Result: NOTE
    estimateDeriv : deriv_estimateHelper: no visible global function
     definition for ‘lm’
    estimateDeriv: no visible global function definition for ‘lm’
    likelihoodConfidenceInterval: Error while checking: invalid 'envir'
     argument
    linearBootstrapConfidenceInterval_stageTwo: no visible global function
     definition for ‘quantile’
    plot.twostageTE : plot_gpava: no visible global function definition for
     ‘lines’
    plot.twostageTE : plot_gpava: no visible global function definition for
     ‘points’
    plot.twostageTE: no visible global function definition for ‘plot’
    plot.twostageTE: no visible global function definition for ‘abline’
    plot.twostageTE: no visible global function definition for ‘points’
    plot.twostageTE: no visible global function definition for ‘segments’
    plot.twostageTE: no visible global function definition for ‘mtext’
    plot.twostageTE: no visible global function definition for ‘legend’
    threshold_estimate_locLinear: no visible global function definition for
     ‘lm’
    waldConfidenceInterval_ir_stageOne: Error while checking: invalid
     'envir' argument
    waldConfidenceInterval_ir_stageTwo: Error while checking: invalid
     'envir' argument
    Undefined global functions or variables:
     abline legend lines lm mtext plot points quantile segments
Flavor: r-devel-linux-x86_64-fedora-clang