CRAN Package Check Results for Package twoway

Last updated on 2019-06-25 17:50:11 CEST.

Flavor Version Tinstall Tcheck Ttotal Status Flags
r-devel-linux-x86_64-debian-clang 0.6.2 2.11 22.54 24.65 NOTE
r-devel-linux-x86_64-debian-gcc 0.6.2 1.67 18.17 19.84 NOTE
r-devel-linux-x86_64-fedora-clang 0.6.2 29.95 OK
r-devel-linux-x86_64-fedora-gcc 0.6.2 28.78 OK
r-devel-windows-ix86+x86_64 0.6.2 8.00 37.00 45.00 OK
r-patched-linux-x86_64 0.6.2 1.68 22.11 23.79 OK
r-patched-solaris-x86 0.6.2 46.30 OK
r-release-linux-x86_64 0.6.2 2.09 22.53 24.62 OK
r-release-windows-ix86+x86_64 0.6.2 5.00 48.00 53.00 OK
r-release-osx-x86_64 0.6.2 OK
r-oldrel-windows-ix86+x86_64 0.6.2 3.00 35.00 38.00 OK
r-oldrel-osx-x86_64 0.6.2 OK

Check Details

Version: 0.6.2
Check: package vignettes
Result: NOTE
    Package vignette with placeholder title 'Vignette Title':
     'intro.Rmd'
Flavors: r-devel-linux-x86_64-debian-clang, r-devel-linux-x86_64-debian-gcc