CRAN Package Check Results for Package twoway

Last updated on 2019-09-22 01:46:26 CEST.

Flavor Version Tinstall Tcheck Ttotal Status Flags
r-devel-linux-x86_64-debian-clang 0.6.2 2.11 22.08 24.19 NOTE
r-devel-linux-x86_64-debian-gcc 0.6.2 1.87 17.68 19.55 NOTE
r-devel-linux-x86_64-fedora-clang 0.6.2 30.56 OK
r-devel-linux-x86_64-fedora-gcc 0.6.2 30.69 OK
r-devel-windows-ix86+x86_64 0.6.2 7.00 38.00 45.00 NOTE
r-patched-linux-x86_64 0.6.2 1.80 21.50 23.30 OK
r-patched-solaris-x86 0.6.2 44.60 OK
r-release-linux-x86_64 0.6.2 1.88 21.76 23.64 OK
r-release-windows-ix86+x86_64 0.6.2 5.00 37.00 42.00 OK
r-release-osx-x86_64 0.6.2 OK
r-oldrel-windows-ix86+x86_64 0.6.2 3.00 36.00 39.00 OK
r-oldrel-osx-x86_64 0.6.2 OK

Check Details

Version: 0.6.2
Check: package vignettes
Result: NOTE
    Package vignette with placeholder title 'Vignette Title':
     'intro.Rmd'
Flavors: r-devel-linux-x86_64-debian-clang, r-devel-linux-x86_64-debian-gcc, r-devel-windows-ix86+x86_64