CRAN Package Check Results for Package types

Last updated on 2021-11-29 20:51:00 CET.

Flavor Version Tinstall Tcheck Ttotal Status Flags
r-devel-linux-x86_64-debian-clang 1.0.0 1.80 19.25 21.05 NOTE
r-devel-linux-x86_64-debian-gcc 1.0.0 1.38 15.70 17.08 NOTE
r-devel-linux-x86_64-fedora-clang 1.0.0 38.60 NOTE
r-devel-linux-x86_64-fedora-gcc 1.0.0 26.38 NOTE
r-devel-windows-x86_64-new-UL 1.0.0 6.00 50.00 56.00 NOTE
r-devel-windows-x86_64-new-TK 1.0.0 NOTE
r-devel-windows-x86_64-old 1.0.0 5.00 27.00 32.00 NOTE
r-patched-linux-x86_64 1.0.0 1.69 18.77 20.46 NOTE
r-patched-solaris-x86 1.0.0 43.00 NOTE
r-release-linux-x86_64 1.0.0 1.89 18.64 20.53 NOTE
r-release-macos-arm64 1.0.0 NOTE
r-release-macos-x86_64 1.0.0 NOTE
r-release-windows-ix86+x86_64 1.0.0 4.00 27.00 31.00 NOTE
r-oldrel-macos-x86_64 1.0.0 OK
r-oldrel-windows-ix86+x86_64 1.0.0 4.00 26.00 30.00 OK

Check Details

Version: 1.0.0
Check: LazyData
Result: NOTE
     'LazyData' is specified without a 'data' directory
Flavors: r-devel-linux-x86_64-debian-clang, r-devel-linux-x86_64-debian-gcc, r-devel-linux-x86_64-fedora-clang, r-devel-linux-x86_64-fedora-gcc, r-devel-windows-x86_64-new-UL, r-devel-windows-x86_64-new-TK, r-devel-windows-x86_64-old, r-patched-linux-x86_64, r-patched-solaris-x86, r-release-linux-x86_64, r-release-macos-arm64, r-release-macos-x86_64, r-release-windows-ix86+x86_64