CRAN Package Check Results for Package uaparserjs

Last updated on 2022-12-02 05:55:31 CET.

Flavor Version Tinstall Tcheck Ttotal Status Flags
r-devel-linux-x86_64-debian-clang 0.3.5 4.87 41.35 46.22 NOTE
r-devel-linux-x86_64-debian-gcc 0.3.5 3.44 32.05 35.49 NOTE
r-devel-linux-x86_64-fedora-clang 0.3.5 67.47 NOTE
r-devel-linux-x86_64-fedora-gcc 0.3.5 68.14 NOTE
r-devel-windows-x86_64 0.3.5 13.00 69.00 82.00 NOTE
r-patched-linux-x86_64 0.3.5 4.33 39.90 44.23 OK
r-release-linux-x86_64 0.3.5 4.72 39.83 44.55 OK
r-release-macos-arm64 0.3.5 17.00 OK
r-release-macos-x86_64 0.3.5 28.00 OK
r-release-windows-x86_64 0.3.5 10.00 72.00 82.00 OK
r-oldrel-macos-arm64 0.3.5 27.00 OK
r-oldrel-macos-x86_64 0.3.5 34.00 OK
r-oldrel-windows-ix86+x86_64 0.3.5 14.00 77.00 91.00 OK

Check Details

Version: 0.3.5
Check: package subdirectories
Result: NOTE
    Problems with news in 'NEWS.md':
    No news entries found.
Flavors: r-devel-linux-x86_64-debian-clang, r-devel-linux-x86_64-debian-gcc, r-devel-linux-x86_64-fedora-clang, r-devel-linux-x86_64-fedora-gcc, r-devel-windows-x86_64