CRAN Package Check Results for Package ucminf

Last updated on 2021-10-23 07:50:36 CEST.

Flavor Version Tinstall Tcheck Ttotal Status Flags
r-devel-linux-x86_64-debian-clang 1.1-4 2.55 21.61 24.16 OK
r-devel-linux-x86_64-debian-gcc 1.1-4 2.19 17.35 19.54 OK
r-devel-linux-x86_64-fedora-clang 1.1-4 41.81 NOTE
r-devel-linux-x86_64-fedora-gcc 1.1-4 30.95 NOTE
r-devel-windows-x86_64 1.1-4 5.00 33.00 38.00 OK
r-devel-windows-x86_64-gcc10-UCRT 1.1-4 OK
r-patched-linux-x86_64 1.1-4 2.61 21.32 23.93 OK
r-patched-solaris-x86 1.1-4 45.10 OK
r-release-linux-x86_64 1.1-4 2.43 21.24 23.67 OK
r-release-macos-arm64 1.1-4 OK
r-release-macos-x86_64 1.1-4 OK
r-release-windows-ix86+x86_64 1.1-4 10.00 35.00 45.00 OK
r-oldrel-macos-x86_64 1.1-4 OK
r-oldrel-windows-ix86+x86_64 1.1-4 257.00 38.00 295.00 OK

Additional issues

rchk

Check Details

Version: 1.1-4
Check: compiled code
Result: NOTE
    File ‘ucminf/libs/ucminf.so’:
     Found no calls to: ‘R_registerRoutines’, ‘R_useDynamicSymbols’
    
    It is good practice to register native routines and to disable symbol
    search.
    
    See ‘Writing portable packages’ in the ‘Writing R Extensions’ manual.
Flavors: r-devel-linux-x86_64-fedora-clang, r-devel-linux-x86_64-fedora-gcc