CRAN Package Check Results for Package ucminf

Last updated on 2015-04-01 08:50:21.

Flavor Version Tinstall Tcheck Ttotal Status Flags
r-devel-linux-x86_64-debian-clang 1.1-3 1.06 9.90 10.97 NOTE
r-devel-linux-x86_64-debian-gcc 1.1-3 1.05 9.94 10.98 NOTE
r-devel-linux-x86_64-fedora-clang 1.1-3 21.90 NOTE
r-devel-linux-x86_64-fedora-gcc 1.1-3 20.04 NOTE
r-devel-osx-x86_64-clang 1.1-3 25.53 NOTE
r-prerel-windows-ix86+x86_64 1.1-3 8.00 20.00 28.00 NOTE
r-prerel-linux-x86_64 1.1-3 1.02 10.16 11.17 NOTE
r-prerel-solaris-sparc 1.1-3 122.40 NOTE
r-prerel-solaris-x86 1.1-3 26.80 NOTE
r-release-linux-x86_64 1.1-3 1.07 10.98 12.05 NOTE
r-release-osx-x86_64-mavericks 1.1-3 OK
r-release-windows-ix86+x86_64 1.1-3 10.00 22.00 32.00 NOTE
r-oldrel-windows-ix86+x86_64 1.1-3 6.00 20.00 26.00 OK

Check Details

Version: 1.1-3
Check: dependencies in R code
Result: NOTE
    'library' or 'require' call to ‘numDeriv’ in package code.
     Please use :: or requireNamespace() instead.
     See section 'Suggested packages' in the 'Writing R Extensions' manual.
Flavors: r-devel-linux-x86_64-debian-clang, r-devel-linux-x86_64-debian-gcc, r-devel-linux-x86_64-fedora-clang, r-devel-linux-x86_64-fedora-gcc, r-devel-osx-x86_64-clang, r-prerel-windows-ix86+x86_64, r-prerel-linux-x86_64, r-prerel-solaris-sparc, r-prerel-solaris-x86, r-release-linux-x86_64, r-release-windows-ix86+x86_64