CRAN Package Check Results for Package ucminf

Last updated on 2014-04-24 15:50:50.

Flavor Version Tinstall Tcheck Ttotal Status Flags
r-devel-linux-x86_64-debian-clang 1.1-3 1.04 8.92 9.96 OK
r-devel-linux-x86_64-debian-gcc 1.1-3 1.00 9.08 10.08 OK
r-devel-linux-x86_64-fedora-clang 1.1-3 22.72 OK
r-devel-linux-x86_64-fedora-gcc 1.1-3 21.73 OK
r-devel-osx-x86_64-clang 1.1-3 22.74 OK
r-devel-osx-x86_64-gcc 1.1-3 OK
r-devel-windows-ix86+x86_64 1.1-3 5.00 19.00 24.00 OK
r-patched-linux-x86_64 1.1-3 1.02 9.40 10.41 OK
r-patched-solaris-sparc 1.1-3 112.70 OK
r-patched-solaris-x86 1.1-3 33.80 OK
r-release-linux-ix86 1.1-3 2.00 21.00 23.00 OK
r-release-linux-x86_64 1.1-3 1.02 8.90 9.92 OK
r-release-osx-x86_64-mavericks 1.1-3 WARN
r-release-windows-ix86+x86_64 1.1-3 10.00 21.00 31.00 OK
r-oldrel-windows-ix86+x86_64 1.1-3 6.00 20.00 26.00 OK

Check Details

Version: 1.1-3
Check: PDF version of manual
Result: WARNING
    LaTeX errors when creating PDF version.
    This typically indicates Rd problems.
    LaTeX errors found:
    ! LaTeX Error: File `upquote.sty' not found.
    
    Type X to quit or <RETURN> to proceed,
    or enter new name. (Default extension: sty)
    
    58b9b76d/Rd2.tex:8: ==> Fatal error occurred, no output PDF file produced!
Flavor: r-release-osx-x86_64-mavericks