CRAN Package Check Results for Package ucminf

Last updated on 2017-10-23 10:50:12.

Flavor Version Tinstall Tcheck Ttotal Status Flags
r-devel-linux-x86_64-debian-clang 1.1-4 1.22 12.09 13.32 NOTE
r-devel-linux-x86_64-debian-gcc 1.1-4 3.46 12.79 16.26 NOTE
r-devel-linux-x86_64-fedora-clang 1.1-4 21.46 NOTE
r-devel-linux-x86_64-fedora-gcc 1.1-4 21.57 NOTE
r-devel-windows-ix86+x86_64 1.1-4 14.00 31.00 45.00 OK
r-patched-linux-x86_64 1.1-4 1.11 11.94 13.05 NOTE
r-patched-solaris-x86 1.1-4 28.00 OK
r-release-linux-x86_64 1.1-4 1.25 11.78 13.03 NOTE
r-release-windows-ix86+x86_64 1.1-4 6.00 30.00 36.00 OK
r-release-osx-x86_64 1.1-4 OK
r-oldrel-windows-ix86+x86_64 1.1-4 11.00 27.00 38.00 OK
r-oldrel-osx-x86_64 1.1-4 OK

Additional issues

rchk

Check Details

Version: 1.1-4
Check: compiled code
Result: NOTE
    File ‘ucminf/libs/ucminf.so’:
     Found no calls to: ‘R_registerRoutines’, ‘R_useDynamicSymbols’
    
    It is good practice to register native routines and to disable symbol
    search.
    
    See ‘Writing portable packages’ in the ‘Writing R Extensions’ manual.
Flavors: r-devel-linux-x86_64-debian-clang, r-devel-linux-x86_64-debian-gcc, r-devel-linux-x86_64-fedora-clang, r-devel-linux-x86_64-fedora-gcc, r-patched-linux-x86_64, r-release-linux-x86_64