CRAN Package Check Results for Package ucminf

Last updated on 2017-08-21 02:49:24.

Flavor Version Tinstall Tcheck Ttotal Status Flags
r-devel-linux-x86_64-debian-clang 1.1-4 1.33 12.41 13.74 NOTE
r-devel-linux-x86_64-debian-gcc 1.1-4 1.16 12.18 13.34 NOTE
r-devel-linux-x86_64-fedora-clang 1.1-4 22.09 NOTE
r-devel-linux-x86_64-fedora-gcc 1.1-4 21.15 NOTE
r-devel-windows-ix86+x86_64 1.1-4 8.00 32.00 40.00 OK
r-patched-linux-x86_64 1.1-4 1.25 11.85 13.09 NOTE
r-patched-solaris-x86 1.1-4 27.90 OK
r-release-linux-x86_64 1.1-4 1.10 12.08 13.17 NOTE
r-release-windows-ix86+x86_64 1.1-4 6.00 30.00 36.00 OK
r-release-osx-x86_64 1.1-4 OK
r-oldrel-windows-ix86+x86_64 1.1-4 11.00 27.00 38.00 OK
r-oldrel-osx-x86_64 1.1-4 OK

Additional issues

rchk

Check Details

Version: 1.1-4
Check: compiled code
Result: NOTE
    File ‘ucminf/libs/ucminf.so’:
     Found no calls to: ‘R_registerRoutines’, ‘R_useDynamicSymbols’
    
    It is good practice to register native routines and to disable symbol
    search.
    
    See ‘Writing portable packages’ in the ‘Writing R Extensions’ manual.
Flavors: r-devel-linux-x86_64-debian-clang, r-devel-linux-x86_64-debian-gcc, r-devel-linux-x86_64-fedora-clang, r-devel-linux-x86_64-fedora-gcc, r-patched-linux-x86_64, r-release-linux-x86_64