CRAN Package Check Results for Package ucminf

Last updated on 2017-04-23 17:50:08.

Flavor Version Tinstall Tcheck Ttotal Status Flags
r-devel-linux-x86_64-debian-clang 1.1-4 1.38 11.94 13.32 NOTE
r-devel-linux-x86_64-debian-gcc 1.1-4 1.16 11.75 12.91 NOTE
r-devel-linux-x86_64-fedora-clang 1.1-4 23.22 NOTE --no-stop-on-test-error
r-devel-linux-x86_64-fedora-gcc 1.1-4 20.88 NOTE --no-stop-on-test-error
r-devel-windows-ix86+x86_64 1.1-4 8.00 33.00 41.00 OK
r-patched-linux-x86_64 1.1-4 1.08 11.92 13.00 NOTE
r-patched-solaris-sparc 1.1-4 116.80 OK
r-patched-solaris-x86 1.1-4 29.10 OK
r-release-linux-x86_64 1.1-4 1.10 11.65 12.76 NOTE
r-release-windows-ix86+x86_64 1.1-4 7.00 30.00 37.00 OK
r-release-osx-x86_64 1.1-4 OK
r-oldrel-windows-ix86+x86_64 1.1-4 11.00 27.00 38.00 OK
r-oldrel-osx-x86_64 1.1-4 OK

Check Details

Version: 1.1-4
Check: compiled code
Result: NOTE
    File ‘ucminf/libs/ucminf.so’:
     Found no calls to: ‘R_registerRoutines’, ‘R_useDynamicSymbols’
    
    It is good practice to register native routines and to disable symbol
    search.
    
    See ‘Writing portable packages’ in the ‘Writing R Extensions’ manual.
Flavors: r-devel-linux-x86_64-debian-clang, r-devel-linux-x86_64-debian-gcc, r-patched-linux-x86_64, r-release-linux-x86_64

Version: 1.1-4
Flags: --no-stop-on-test-error
Check: compiled code
Result: NOTE
    File ‘ucminf/libs/ucminf.so’:
     Found no calls to: ‘R_registerRoutines’, ‘R_useDynamicSymbols’
    
    It is good practice to register native routines and to disable symbol
    search.
    
    See ‘Writing portable packages’ in the ‘Writing R Extensions’ manual.
Flavors: r-devel-linux-x86_64-fedora-clang, r-devel-linux-x86_64-fedora-gcc