CRAN Package Check Results for Package ucminf

Last updated on 2017-02-24 23:53:00.

Flavor Version Tinstall Tcheck Ttotal Status Flags
r-devel-linux-x86_64-debian-clang 1.1-4 1.26 11.98 13.24 NOTE
r-devel-linux-x86_64-debian-gcc 1.1-4 1.18 12.02 13.20 NOTE
r-devel-linux-x86_64-fedora-clang 1.1-4 21.58 NOTE --no-stop-on-test-error
r-devel-linux-x86_64-fedora-gcc 1.1-4 20.76 NOTE --no-stop-on-test-error
r-devel-macos-x86_64-clang 1.1-4 17.90 NOTE --no-stop-on-test-error
r-devel-windows-ix86+x86_64 1.1-4 7.00 33.00 40.00 OK
r-patched-linux-x86_64 1.1-4 1.12 10.11 11.23 OK
r-patched-solaris-sparc 1.1-4 97.20 OK
r-patched-solaris-x86 1.1-4 23.60 OK
r-release-linux-x86_64 1.1-4 1.07 10.25 11.32 OK
r-release-osx-x86_64-mavericks 1.1-4 OK
r-release-windows-ix86+x86_64 1.1-4 11.00 27.00 38.00 OK
r-oldrel-windows-ix86+x86_64 1.1-4 13.00 44.00 57.00 OK

Check Details

Version: 1.1-4
Check: compiled code
Result: NOTE
    File ‘ucminf/libs/ucminf.so’:
     Found no calls to: ‘R_registerRoutines’, ‘R_useDynamicSymbols’
    
    It is good practice to register native routines and to disable symbol
    search.
    
    See ‘Writing portable packages’ in the ‘Writing R Extensions’ manual.
Flavors: r-devel-linux-x86_64-debian-clang, r-devel-linux-x86_64-debian-gcc

Version: 1.1-4
Flags: --no-stop-on-test-error
Check: compiled code
Result: NOTE
    File ‘ucminf/libs/ucminf.so’:
     Found no calls to: ‘R_registerRoutines’, ‘R_useDynamicSymbols’
    
    It is good practice to register native routines and to disable symbol
    search.
    
    See ‘Writing portable packages’ in the ‘Writing R Extensions’ manual.
Flavors: r-devel-linux-x86_64-fedora-clang, r-devel-linux-x86_64-fedora-gcc, r-devel-macos-x86_64-clang