CRAN Package Check Results for Package ucminf

Last updated on 2018-05-25 00:47:02 CEST.

Flavor Version Tinstall Tcheck Ttotal Status Flags
r-devel-linux-x86_64-debian-clang 1.1-4 1.66 18.16 19.82 NOTE
r-devel-linux-x86_64-debian-gcc 1.1-4 1.04 15.30 16.34 NOTE
r-devel-linux-x86_64-fedora-clang 1.1-4 25.05 NOTE
r-devel-linux-x86_64-fedora-gcc 1.1-4 23.62 NOTE
r-devel-windows-ix86+x86_64 1.1-4 10.00 60.00 70.00 OK
r-patched-linux-x86_64 1.1-4 1.42 18.11 19.53 NOTE
r-patched-solaris-x86 1.1-4 36.90 OK
r-release-linux-x86_64 1.1-4 1.65 18.06 19.71 NOTE
r-release-windows-ix86+x86_64 1.1-4 11.00 36.00 47.00 OK
r-release-osx-x86_64 1.1-4 OK
r-oldrel-windows-ix86+x86_64 1.1-4 6.00 30.00 36.00 OK
r-oldrel-osx-x86_64 1.1-4 OK

Additional issues

rchk

Check Details

Version: 1.1-4
Check: compiled code
Result: NOTE
    File ‘ucminf/libs/ucminf.so’:
     Found no calls to: ‘R_registerRoutines’, ‘R_useDynamicSymbols’
    
    It is good practice to register native routines and to disable symbol
    search.
    
    See ‘Writing portable packages’ in the ‘Writing R Extensions’ manual.
Flavors: r-devel-linux-x86_64-debian-clang, r-devel-linux-x86_64-debian-gcc, r-devel-linux-x86_64-fedora-clang, r-devel-linux-x86_64-fedora-gcc, r-patched-linux-x86_64, r-release-linux-x86_64