CRAN Package Check Results for Package ucminf

Last updated on 2015-03-06 11:48:45.

Flavor Version Tinstall Tcheck Ttotal Status Flags
r-devel-linux-x86_64-debian-clang 1.1-3 1.08 10.12 11.19 NOTE
r-devel-linux-x86_64-debian-gcc 1.1-3 1.00 9.78 10.77 NOTE
r-devel-linux-x86_64-fedora-clang 1.1-3 21.34 NOTE
r-devel-linux-x86_64-fedora-gcc 1.1-3 19.56 NOTE
r-devel-osx-x86_64-clang 1.1-3 22.37 NOTE
r-devel-windows-ix86+x86_64 1.1-3 9.00 20.00 29.00 NOTE
r-patched-linux-x86_64 1.1-3 1.08 10.86 11.94 NOTE
r-patched-solaris-sparc 1.1-3 135.00 NOTE
r-patched-solaris-x86 1.1-3 31.70 NOTE
r-release-linux-ix86 1.1-3 1.50 18.92 20.42 OK
r-release-linux-x86_64 1.1-3 1.13 10.99 12.12 OK
r-release-osx-x86_64-mavericks 1.1-3 OK
r-release-windows-ix86+x86_64 1.1-3 6.00 27.00 33.00 OK
r-oldrel-windows-ix86+x86_64 1.1-3 6.00 20.00 26.00 OK

Check Details

Version: 1.1-3
Check: dependencies in R code
Result: NOTE
    'library' or 'require' call to ‘numDeriv’ in package code.
     Please use :: or requireNamespace() instead.
     See section 'Suggested packages' in the 'Writing R Extensions' manual.
Flavors: r-devel-linux-x86_64-debian-clang, r-devel-linux-x86_64-debian-gcc, r-devel-linux-x86_64-fedora-clang, r-devel-linux-x86_64-fedora-gcc, r-devel-osx-x86_64-clang, r-devel-windows-ix86+x86_64, r-patched-linux-x86_64, r-patched-solaris-sparc, r-patched-solaris-x86