CRAN Package Check Results for Package ucminf

Last updated on 2017-06-27 23:48:31.

Flavor Version Tinstall Tcheck Ttotal Status Flags
r-devel-linux-x86_64-debian-clang 1.1-4 1.38 12.07 13.45 NOTE
r-devel-linux-x86_64-debian-gcc 1.1-4 1.23 11.60 12.83 NOTE
r-devel-linux-x86_64-fedora-clang 1.1-4 23.81 NOTE
r-devel-linux-x86_64-fedora-gcc 1.1-4 21.12 NOTE
r-devel-windows-ix86+x86_64 1.1-4 13.00 33.00 46.00 OK
r-patched-linux-x86_64 1.1-4 1.32 11.68 13.00 NOTE
r-patched-solaris-sparc 1.1-4 116.80 OK
r-patched-solaris-x86 1.1-4 27.50 OK
r-release-linux-x86_64 1.1-4 1.26 12.02 13.27 NOTE
r-release-windows-ix86+x86_64 1.1-4 7.00 30.00 37.00 OK
r-release-osx-x86_64 1.1-4 OK
r-oldrel-windows-ix86+x86_64 1.1-4 11.00 27.00 38.00 OK
r-oldrel-osx-x86_64 1.1-4 OK

Additional issues

rchk

Check Details

Version: 1.1-4
Check: compiled code
Result: NOTE
    File ‘ucminf/libs/ucminf.so’:
     Found no calls to: ‘R_registerRoutines’, ‘R_useDynamicSymbols’
    
    It is good practice to register native routines and to disable symbol
    search.
    
    See ‘Writing portable packages’ in the ‘Writing R Extensions’ manual.
Flavors: r-devel-linux-x86_64-debian-clang, r-devel-linux-x86_64-debian-gcc, r-devel-linux-x86_64-fedora-clang, r-devel-linux-x86_64-fedora-gcc, r-patched-linux-x86_64, r-release-linux-x86_64