CRAN Package Check Results for Package ucminf

Last updated on 2015-01-27 19:50:35.

Flavor Version Tinstall Tcheck Ttotal Status Flags
r-devel-linux-x86_64-debian-clang 1.1-3 1.10 10.20 11.30 NOTE
r-devel-linux-x86_64-debian-gcc 1.1-3 1.00 10.53 11.53 NOTE
r-devel-linux-x86_64-fedora-clang 1.1-3 25.28 NOTE
r-devel-linux-x86_64-fedora-gcc 1.1-3 22.17 NOTE
r-devel-osx-x86_64-clang 1.1-3 24.56 NOTE
r-devel-windows-ix86+x86_64 1.1-3 9.00 21.00 30.00 NOTE
r-patched-linux-x86_64 1.1-3 1.38 10.96 12.34 OK
r-patched-solaris-sparc 1.1-3 116.80 OK
r-patched-solaris-x86 1.1-3 30.70 OK
r-release-linux-ix86 1.1-3 1.52 14.63 16.16 OK
r-release-linux-x86_64 1.1-3 1.09 10.65 11.74 OK
r-release-osx-x86_64-mavericks 1.1-3 OK
r-release-windows-ix86+x86_64 1.1-3 6.00 27.00 33.00 OK
r-oldrel-windows-ix86+x86_64 1.1-3 6.00 20.00 26.00 OK

Check Details

Version: 1.1-3
Check: dependencies in R code
Result: NOTE
    'library' or 'require' call to ‘numDeriv’ in package code.
     Please use :: or requireNamespace() instead.
     See section 'Suggested packages' in the 'Writing R Extensions' manual.
Flavors: r-devel-linux-x86_64-debian-clang, r-devel-linux-x86_64-debian-gcc, r-devel-linux-x86_64-fedora-clang, r-devel-linux-x86_64-fedora-gcc, r-devel-osx-x86_64-clang, r-devel-windows-ix86+x86_64