CRAN Package Check Results for Package ucminf

Last updated on 2015-08-02 23:48:27.

Flavor Version Tinstall Tcheck Ttotal Status Flags
r-devel-linux-x86_64-debian-clang 1.1-3 1.07 10.40 11.47 NOTE
r-devel-linux-x86_64-debian-gcc 1.1-3 1.10 9.32 10.41 NOTE
r-devel-linux-x86_64-fedora-clang 1.1-3 20.44 NOTE
r-devel-linux-x86_64-fedora-gcc 1.1-3 19.53 NOTE
r-devel-osx-x86_64-clang 1.1-3 18.31 NOTE
r-devel-windows-ix86+x86_64 1.1-3 6.00 20.00 26.00 NOTE
r-patched-linux-x86_64 1.1-3 1.03 10.00 11.04 NOTE
r-patched-solaris-sparc 1.1-3 117.30 NOTE
r-patched-solaris-x86 1.1-3 27.80 NOTE
r-release-linux-x86_64 1.1-3 1.09 9.82 10.91 NOTE
r-release-osx-x86_64-mavericks 1.1-3 NOTE
r-release-windows-ix86+x86_64 1.1-3 5.00 22.00 27.00 NOTE
r-oldrel-windows-ix86+x86_64 1.1-3 6.00 21.00 27.00 NOTE

Check Details

Version: 1.1-3
Check: dependencies in R code
Result: NOTE
    'library' or 'require' call to ‘numDeriv’ in package code.
     Please use :: or requireNamespace() instead.
     See section 'Suggested packages' in the 'Writing R Extensions' manual.
Flavors: r-devel-linux-x86_64-debian-clang, r-devel-linux-x86_64-debian-gcc, r-devel-linux-x86_64-fedora-clang, r-devel-linux-x86_64-fedora-gcc, r-devel-osx-x86_64-clang, r-devel-windows-ix86+x86_64, r-patched-linux-x86_64, r-patched-solaris-sparc, r-patched-solaris-x86, r-release-linux-x86_64, r-release-osx-x86_64-mavericks, r-release-windows-ix86+x86_64, r-oldrel-windows-ix86+x86_64