CRAN Package Check Results for Package ucminf

Last updated on 2016-02-07 15:47:02.

Flavor Version Tinstall Tcheck Ttotal Status Flags
r-devel-linux-x86_64-debian-gcc 1.1-3 1.07 9.04 10.11 NOTE
r-devel-linux-x86_64-fedora-clang 1.1-3 18.33 NOTE
r-devel-linux-x86_64-fedora-gcc 1.1-3 17.38 NOTE
r-devel-osx-x86_64-clang 1.1-3 18.75 NOTE
r-devel-windows-ix86+x86_64 1.1-3 8.00 27.00 35.00 NOTE
r-patched-linux-x86_64 1.1-3 1.10 9.75 10.86 NOTE
r-patched-solaris-sparc 1.1-3 102.60 NOTE
r-patched-solaris-x86 1.1-3 23.40 NOTE
r-release-linux-x86_64 1.1-3 1.14 9.47 10.60 NOTE
r-release-osx-x86_64-mavericks 1.1-3 NOTE
r-release-windows-ix86+x86_64 1.1-3 5.00 31.00 36.00 NOTE
r-oldrel-windows-ix86+x86_64 1.1-3 6.00 21.00 27.00 NOTE

Check Details

Version: 1.1-3
Check: dependencies in R code
Result: NOTE
    'library' or 'require' call to ‘numDeriv’ in package code.
     Please use :: or requireNamespace() instead.
     See section 'Suggested packages' in the 'Writing R Extensions' manual.
Flavors: r-devel-linux-x86_64-debian-gcc, r-devel-linux-x86_64-fedora-clang, r-devel-linux-x86_64-fedora-gcc, r-devel-osx-x86_64-clang, r-devel-windows-ix86+x86_64, r-patched-linux-x86_64, r-patched-solaris-sparc, r-patched-solaris-x86, r-release-linux-x86_64, r-release-osx-x86_64-mavericks, r-release-windows-ix86+x86_64, r-oldrel-windows-ix86+x86_64