CRAN Package Check Results for Package ucminf

Last updated on 2017-03-27 21:49:19.

Flavor Version Tinstall Tcheck Ttotal Status Flags
r-devel-linux-x86_64-debian-clang 1.1-4 1.29 12.21 13.50 NOTE
r-devel-linux-x86_64-debian-gcc 1.1-4 1.24 11.98 13.22 NOTE
r-devel-linux-x86_64-fedora-clang 1.1-4 21.94 NOTE --no-stop-on-test-error
r-devel-linux-x86_64-fedora-gcc 1.1-4 20.72 NOTE --no-stop-on-test-error
r-devel-macos-x86_64-clang 1.1-4 17.32 NOTE --no-stop-on-test-error
r-devel-windows-ix86+x86_64 1.1-4 7.00 44.00 51.00 OK
r-patched-linux-x86_64 1.1-4 1.12 11.84 12.96 NOTE
r-patched-solaris-sparc 1.1-4 116.80 OK
r-patched-solaris-x86 1.1-4 27.90 OK
r-release-linux-x86_64 1.1-4 1.09 9.98 11.07 OK
r-release-osx-x86_64-mavericks 1.1-4 OK
r-release-windows-ix86+x86_64 1.1-4 11.00 27.00 38.00 OK
r-oldrel-windows-ix86+x86_64 1.1-4 13.00 44.00 57.00 OK

Check Details

Version: 1.1-4
Check: compiled code
Result: NOTE
    File ‘ucminf/libs/ucminf.so’:
     Found no calls to: ‘R_registerRoutines’, ‘R_useDynamicSymbols’
    
    It is good practice to register native routines and to disable symbol
    search.
    
    See ‘Writing portable packages’ in the ‘Writing R Extensions’ manual.
Flavors: r-devel-linux-x86_64-debian-clang, r-devel-linux-x86_64-debian-gcc, r-patched-linux-x86_64

Version: 1.1-4
Flags: --no-stop-on-test-error
Check: compiled code
Result: NOTE
    File ‘ucminf/libs/ucminf.so’:
     Found no calls to: ‘R_registerRoutines’, ‘R_useDynamicSymbols’
    
    It is good practice to register native routines and to disable symbol
    search.
    
    See ‘Writing portable packages’ in the ‘Writing R Extensions’ manual.
Flavors: r-devel-linux-x86_64-fedora-clang, r-devel-linux-x86_64-fedora-gcc, r-devel-macos-x86_64-clang