CRAN Package Check Results for Package ucminf

Last updated on 2016-05-26 11:49:53.

Flavor Version Tinstall Tcheck Ttotal Status Flags
r-devel-linux-x86_64-debian-gcc 1.1-3 1.09 10.08 11.17 NOTE
r-devel-linux-x86_64-fedora-clang 1.1-3 18.92 NOTE
r-devel-linux-x86_64-fedora-gcc 1.1-3 17.57 NOTE
r-devel-osx-x86_64-clang 1.1-3 19.91 NOTE
r-devel-windows-ix86+x86_64 1.1-3 6.00 27.00 33.00 NOTE
r-patched-linux-x86_64 1.1-3 1.15 10.18 11.33 NOTE
r-patched-solaris-sparc 1.1-3 95.60 NOTE
r-patched-solaris-x86 1.1-3 22.30 NOTE
r-release-linux-x86_64 1.1-3 1.11 9.78 10.89 NOTE
r-release-osx-x86_64-mavericks 1.1-3 NOTE
r-release-windows-ix86+x86_64 1.1-3 8.00 38.00 46.00 NOTE
r-oldrel-windows-ix86+x86_64 1.1-3 5.00 31.00 36.00 NOTE

Check Details

Version: 1.1-3
Check: dependencies in R code
Result: NOTE
    'library' or 'require' call to ‘numDeriv’ in package code.
     Please use :: or requireNamespace() instead.
     See section 'Suggested packages' in the 'Writing R Extensions' manual.
Flavors: r-devel-linux-x86_64-debian-gcc, r-devel-linux-x86_64-fedora-clang, r-devel-linux-x86_64-fedora-gcc, r-devel-osx-x86_64-clang, r-devel-windows-ix86+x86_64, r-patched-linux-x86_64, r-patched-solaris-sparc, r-patched-solaris-x86, r-release-linux-x86_64, r-release-osx-x86_64-mavericks, r-release-windows-ix86+x86_64, r-oldrel-windows-ix86+x86_64