CRAN Package Check Results for Package ucminf

Last updated on 2015-05-24 10:47:15.

Flavor Version Tinstall Tcheck Ttotal Status Flags
r-devel-linux-x86_64-debian-clang 1.1-3 1.05 10.12 11.16 NOTE
r-devel-linux-x86_64-debian-gcc 1.1-3 1.04 9.93 10.97 NOTE
r-devel-linux-x86_64-fedora-clang 1.1-3 21.84 NOTE
r-devel-linux-x86_64-fedora-gcc 1.1-3 20.57 NOTE
r-devel-osx-x86_64-clang 1.1-3 21.93 NOTE
r-devel-windows-ix86+x86_64 1.1-3 5.00 21.00 26.00 NOTE
r-patched-linux-x86_64 1.1-3 1.02 9.94 10.96 NOTE
r-patched-solaris-sparc 1.1-3 115.00 NOTE
r-patched-solaris-x86 1.1-3 27.10 NOTE
r-release-linux-x86_64 1.1-3 1.03 10.11 11.14 NOTE
r-release-osx-x86_64-mavericks 1.1-3 NOTE
r-release-osx-x86_64-snowleopard 1.1-3 NOTE
r-release-windows-ix86+x86_64 1.1-3 6.00 24.00 30.00 NOTE
r-oldrel-windows-ix86+x86_64 1.1-3 6.00 21.00 27.00 NOTE

Check Details

Version: 1.1-3
Check: dependencies in R code
Result: NOTE
    'library' or 'require' call to ‘numDeriv’ in package code.
     Please use :: or requireNamespace() instead.
     See section 'Suggested packages' in the 'Writing R Extensions' manual.
Flavors: r-devel-linux-x86_64-debian-clang, r-devel-linux-x86_64-debian-gcc, r-devel-linux-x86_64-fedora-clang, r-devel-linux-x86_64-fedora-gcc, r-devel-osx-x86_64-clang, r-devel-windows-ix86+x86_64, r-patched-linux-x86_64, r-patched-solaris-sparc, r-patched-solaris-x86, r-release-linux-x86_64, r-release-osx-x86_64-mavericks, r-release-osx-x86_64-snowleopard, r-release-windows-ix86+x86_64, r-oldrel-windows-ix86+x86_64