CRAN Package Check Results for Package udunits2

Last updated on 2020-09-27 20:47:49 CEST.

Flavor Version Tinstall Tcheck Ttotal Status Flags
r-devel-linux-x86_64-debian-clang 0.13 5.15 21.34 26.49 OK
r-devel-linux-x86_64-debian-gcc 0.13 3.46 17.02 20.48 OK
r-devel-linux-x86_64-fedora-clang 0.13 44.29 NOTE
r-devel-linux-x86_64-fedora-gcc 0.13 31.78 NOTE
r-devel-windows-ix86+x86_64 0.13 8.00 38.00 46.00 OK
r-patched-linux-x86_64 0.13 4.11 21.16 25.27 OK
r-patched-solaris-x86 0.13 43.70 OK
r-release-linux-x86_64 0.13 4.08 21.17 25.25 OK
r-release-macos-x86_64 0.13 ERROR
r-release-windows-ix86+x86_64 0.13 10.00 55.00 65.00 OK
r-oldrel-macos-x86_64 0.13 OK
r-oldrel-windows-ix86+x86_64 0.13 14.00 57.00 71.00 OK

Check Details

Version: 0.13
Check: compiled code
Result: NOTE
    File ‘udunits2/libs/udunits2.so’:
     Found no calls to: ‘R_registerRoutines’, ‘R_useDynamicSymbols’
    
    It is good practice to register native routines and to disable symbol
    search.
    
    See ‘Writing portable packages’ in the ‘Writing R Extensions’ manual.
Flavors: r-devel-linux-x86_64-fedora-clang, r-devel-linux-x86_64-fedora-gcc

Version: 0.13
Check: whether package can be installed
Result: ERROR
    Installation failed.
Flavor: r-release-macos-x86_64