CRAN Package Check Results for Package ui

Last updated on 2021-12-07 21:52:42 CET.

Flavor Version Tinstall Tcheck Ttotal Status Flags
r-devel-linux-x86_64-debian-clang 0.1.1 9.32 85.39 94.71 NOTE
r-devel-linux-x86_64-debian-gcc 0.1.1 8.01 65.10 73.11 NOTE
r-devel-linux-x86_64-fedora-clang 0.1.1 122.95 NOTE
r-devel-linux-x86_64-fedora-gcc 0.1.1 105.31 NOTE
r-devel-windows-x86_64-new-UL 0.1.1 19.00 111.00 130.00 NOTE
r-devel-windows-x86_64-new-TK 0.1.1 NOTE
r-devel-windows-x86_64-old 0.1.1 15.00 72.00 87.00 NOTE
r-patched-linux-x86_64 0.1.1 9.25 82.78 92.03 NOTE
r-release-linux-x86_64 0.1.1 9.04 82.30 91.34 NOTE
r-release-macos-arm64 0.1.1 NOTE
r-release-macos-x86_64 0.1.1 NOTE
r-release-windows-ix86+x86_64 0.1.1 15.00 100.00 115.00 NOTE
r-oldrel-macos-x86_64 0.1.1 OK
r-oldrel-windows-ix86+x86_64 0.1.1 21.00 95.00 116.00 OK

Check Details

Version: 0.1.1
Check: LazyData
Result: NOTE
     'LazyData' is specified without a 'data' directory
Flavors: r-devel-linux-x86_64-debian-clang, r-devel-linux-x86_64-debian-gcc, r-devel-linux-x86_64-fedora-clang, r-devel-linux-x86_64-fedora-gcc, r-devel-windows-x86_64-new-UL, r-devel-windows-x86_64-new-TK, r-devel-windows-x86_64-old, r-patched-linux-x86_64, r-release-linux-x86_64, r-release-macos-arm64, r-release-macos-x86_64, r-release-windows-ix86+x86_64