Last updated on 2022-05-20 14:52:43 CEST.
Flavor | Version | Tinstall | Tcheck | Ttotal | Status | Flags |
---|---|---|---|---|---|---|
r-devel-linux-x86_64-debian-clang | 1.0.2 | 12.86 | 78.34 | 91.20 | OK | |
r-devel-linux-x86_64-debian-gcc | 1.0.2 | 10.95 | 59.84 | 70.79 | OK | |
r-devel-linux-x86_64-fedora-clang | 1.0.2 | 110.63 | OK | |||
r-devel-linux-x86_64-fedora-gcc | 1.0.2 | 107.09 | OK | |||
r-devel-windows-x86_64 | 1.0.2 | 27.00 | 104.00 | 131.00 | OK | |
r-patched-linux-x86_64 | 1.0.2 | 11.35 | 73.72 | 85.07 | OK | |
r-release-linux-x86_64 | 1.0.2 | 12.07 | 72.41 | 84.48 | OK | |
r-release-macos-arm64 | 1.0.2 | 80.00 | NOTE | |||
r-release-macos-x86_64 | 1.0.2 | 58.00 | OK | |||
r-release-windows-x86_64 | 1.0.2 | 27.00 | 100.00 | 127.00 | OK | |
r-oldrel-macos-arm64 | 1.0.2 | 94.00 | NOTE | |||
r-oldrel-macos-x86_64 | 1.0.2 | 98.00 | OK | |||
r-oldrel-windows-ix86+x86_64 | 1.0.2 | 24.00 | 97.00 | 121.00 | OK |
Version: 1.0.2
Check: installed package size
Result: NOTE
installed size is 5.4Mb
sub-directories of 1Mb or more:
data 5.1Mb
Flavors: r-release-macos-arm64, r-oldrel-macos-arm64