CRAN Package Check Results for Package ulid

Last updated on 2022-10-04 17:52:57 CEST.

Flavor Version Tinstall Tcheck Ttotal Status Flags
r-devel-linux-x86_64-debian-clang 0.3.0 17.15 31.58 48.73 NOTE
r-devel-linux-x86_64-debian-gcc 0.3.0 14.63 24.94 39.57 NOTE
r-devel-linux-x86_64-fedora-clang 0.3.0 84.55 NOTE
r-devel-linux-x86_64-fedora-gcc 0.3.0 82.62 NOTE
r-devel-windows-x86_64 0.3.0 20.00 80.00 100.00 NOTE
r-patched-linux-x86_64 0.3.0 16.16 31.00 47.16 OK
r-release-linux-x86_64 0.3.0 16.81 30.68 47.49 OK
r-release-macos-arm64 0.3.0 25.00 OK
r-release-macos-x86_64 0.3.0 32.00 OK
r-release-windows-x86_64 0.3.0 22.00 87.00 109.00 OK
r-oldrel-macos-arm64 0.3.0 30.00 OK
r-oldrel-macos-x86_64 0.3.0 44.00 OK
r-oldrel-windows-ix86+x86_64 0.3.0 50.00 78.00 128.00 OK

Check Details

Version: 0.3.0
Check: package subdirectories
Result: NOTE
    Problems with news in 'NEWS.md':
    No news entries found.
Flavors: r-devel-linux-x86_64-debian-clang, r-devel-linux-x86_64-debian-gcc, r-devel-linux-x86_64-fedora-clang, r-devel-linux-x86_64-fedora-gcc, r-devel-windows-x86_64