CRAN Package Check Results for Package umx

Last updated on 2022-01-19 10:55:40 CET.

Flavor Version Tinstall Tcheck Ttotal Status Flags
r-devel-linux-x86_64-debian-clang 4.10.50 OK
r-devel-linux-x86_64-debian-gcc 4.10.50 34.94 619.69 654.63 OK
r-devel-linux-x86_64-fedora-clang 4.10.50 1175.25 NOTE
r-devel-linux-x86_64-fedora-gcc 4.10.50 997.37 NOTE
r-devel-windows-x86_64-new-UL 4.10.50 70.00 871.00 941.00 NOTE
r-devel-windows-x86_64-new-TK 4.10.50 NOTE
r-patched-linux-x86_64 4.10.50 58.00 804.79 862.79 OK
r-release-linux-x86_64 4.10.50 OK
r-release-macos-arm64 4.10.50 NOTE
r-release-macos-x86_64 4.10.50 NOTE
r-release-windows-ix86+x86_64 4.10.50 78.00 918.00 996.00 NOTE
r-oldrel-macos-x86_64 4.10.50 NOTE
r-oldrel-windows-ix86+x86_64 4.10.50 78.00 923.00 1001.00 NOTE

Check Details

Version: 4.10.50
Check: installed package size
Result: NOTE
     installed size is 5.1Mb
     sub-directories of 1Mb or more:
     help 3.6Mb
Flavors: r-devel-linux-x86_64-fedora-clang, r-devel-windows-x86_64-new-UL, r-release-macos-arm64, r-release-macos-x86_64, r-release-windows-ix86+x86_64, r-oldrel-macos-x86_64, r-oldrel-windows-ix86+x86_64

Version: 4.10.50
Check: dependencies in R code
Result: NOTE
    Namespace in Imports field not imported from: ‘tibble’
     All declared Imports should be used.
Flavors: r-devel-linux-x86_64-fedora-clang, r-devel-linux-x86_64-fedora-gcc, r-devel-windows-x86_64-new-TK, r-release-macos-arm64, r-release-macos-x86_64, r-oldrel-macos-x86_64