CRAN Package Check Results for Package umx

Last updated on 2021-10-16 13:52:43 CEST.

Flavor Version Tinstall Tcheck Ttotal Status Flags
r-devel-linux-x86_64-debian-clang 4.9.0 38.84 395.57 434.41 OK
r-devel-linux-x86_64-debian-gcc 4.9.0 31.61 271.22 302.83 OK
r-devel-linux-x86_64-fedora-clang 4.9.0 514.95 NOTE
r-devel-linux-x86_64-fedora-gcc 4.9.0 482.03 OK
r-devel-windows-x86_64 4.9.0 53.00 422.00 475.00 NOTE
r-devel-windows-x86_64-gcc10-UCRT 4.9.0 OK
r-patched-linux-x86_64 4.9.0 59.61 338.02 397.63 OK
r-release-linux-x86_64 4.9.0 35.64 326.25 361.89 OK
r-release-macos-arm64 4.9.0 NOTE
r-release-macos-x86_64 4.9.0 NOTE
r-release-windows-ix86+x86_64 4.9.0 73.00 509.00 582.00 NOTE
r-oldrel-macos-x86_64 4.9.0 NOTE
r-oldrel-windows-ix86+x86_64 4.9.0 75.00 509.00 584.00 NOTE

Check Details

Version: 4.9.0
Check: installed package size
Result: NOTE
     installed size is 5.5Mb
     sub-directories of 1Mb or more:
     help 4.1Mb
Flavors: r-devel-linux-x86_64-fedora-clang, r-devel-windows-x86_64, r-release-macos-arm64, r-release-macos-x86_64, r-release-windows-ix86+x86_64, r-oldrel-macos-x86_64, r-oldrel-windows-ix86+x86_64

Version: 4.9.0
Check: Rd cross-references
Result: NOTE
    Undeclared package ‘sem’ in Rd xrefs
Flavor: r-devel-linux-x86_64-fedora-clang