CRAN Package Check Results for Package unbalanced

Last updated on 2016-09-26 03:55:18.

Flavor Version Tinstall Tcheck Ttotal Status Flags
r-devel-linux-x86_64-debian-clang 2.0 3.34 59.43 62.77 NOTE
r-devel-linux-x86_64-debian-gcc 2.0 3.42 57.14 60.56 NOTE
r-devel-linux-x86_64-fedora-clang 2.0 111.37 NOTE
r-devel-linux-x86_64-fedora-gcc 2.0 118.37 NOTE
r-devel-macos-x86_64-clang 2.0 90.79 NOTE
r-devel-windows-ix86+x86_64 2.0 19.00 136.00 155.00 NOTE
r-patched-linux-x86_64 2.0 3.62 57.32 60.94 NOTE
r-patched-solaris-sparc 2.0 667.90 NOTE
r-patched-solaris-x86 2.0 160.60 NOTE
r-release-linux-x86_64 2.0 3.49 56.19 59.68 NOTE
r-release-osx-x86_64-mavericks 2.0 NOTE
r-release-windows-ix86+x86_64 2.0 21.00 135.00 156.00 NOTE
r-oldrel-windows-ix86+x86_64 2.0 23.00 139.00 162.00 OK

Check Details

Version: 2.0
Check: R code for possible problems
Result: NOTE
    ubRacing : predCandidate: no visible global function definition for
     ‘predict’
    ubRacing : aux2.friedman.edit: no visible global function definition
     for ‘pchisq’
    ubRacing : aux2.friedman.edit: no visible global function definition
     for ‘qt’
    ubRacing : aux.friedman.edit: no visible global function definition for
     ‘wilcox.test’
    ubRacing : aux.ttest.edit: no visible global function definition for
     ‘t.test’
    ubRacing : aux.ttest.edit: no visible global function definition for
     ‘p.adjust’
    ubRacing : idFolds: no visible global function definition for
     ‘quantile’
    ubRacing: no visible binding for global variable ‘sd’
    ubSmoteExs: no visible global function definition for ‘runif’
    Undefined global functions or variables:
     p.adjust pchisq predict qt quantile runif sd t.test wilcox.test
    Consider adding
     importFrom("stats", "p.adjust", "pchisq", "predict", "qt", "quantile",
     "runif", "sd", "t.test", "wilcox.test")
    to your NAMESPACE file.
Flavors: r-devel-linux-x86_64-debian-clang, r-devel-linux-x86_64-debian-gcc, r-devel-linux-x86_64-fedora-clang, r-devel-linux-x86_64-fedora-gcc, r-devel-macos-x86_64-clang, r-devel-windows-ix86+x86_64, r-patched-linux-x86_64, r-patched-solaris-sparc, r-patched-solaris-x86, r-release-linux-x86_64, r-release-osx-x86_64-mavericks, r-release-windows-ix86+x86_64