CRAN Package Check Results for Package unbalanced

Last updated on 2016-07-27 17:50:21.

Flavor Version Tinstall Tcheck Ttotal Status Flags
r-devel-linux-x86_64-debian-clang 2.0 4.38 70.81 75.19 NOTE
r-devel-linux-x86_64-debian-gcc 2.0 4.14 65.78 69.92 NOTE
r-devel-linux-x86_64-fedora-clang 2.0 122.41 NOTE
r-devel-linux-x86_64-fedora-gcc 2.0 116.54 NOTE
r-devel-osx-x86_64-clang 2.0 94.45 NOTE
r-devel-windows-ix86+x86_64 2.0 17.00 120.00 137.00 NOTE
r-patched-linux-x86_64 2.0 4.15 65.52 69.67 NOTE
r-patched-solaris-sparc 2.0 667.90 NOTE
r-patched-solaris-x86 2.0 157.80 NOTE
r-release-linux-x86_64 2.0 5.51 64.11 69.62 NOTE
r-release-osx-x86_64-mavericks 2.0 NOTE
r-release-windows-ix86+x86_64 2.0 17.00 141.00 158.00 NOTE
r-oldrel-windows-ix86+x86_64 2.0 20.00 161.00 181.00 OK

Check Details

Version: 2.0
Check: R code for possible problems
Result: NOTE
    ubRacing : predCandidate: no visible global function definition for
     ‘predict’
    ubRacing : aux2.friedman.edit: no visible global function definition
     for ‘pchisq’
    ubRacing : aux2.friedman.edit: no visible global function definition
     for ‘qt’
    ubRacing : aux.friedman.edit: no visible global function definition for
     ‘wilcox.test’
    ubRacing : aux.ttest.edit: no visible global function definition for
     ‘t.test’
    ubRacing : aux.ttest.edit: no visible global function definition for
     ‘p.adjust’
    ubRacing : idFolds: no visible global function definition for
     ‘quantile’
    ubRacing: no visible binding for global variable ‘sd’
    ubSmoteExs: no visible global function definition for ‘runif’
    Undefined global functions or variables:
     p.adjust pchisq predict qt quantile runif sd t.test wilcox.test
    Consider adding
     importFrom("stats", "p.adjust", "pchisq", "predict", "qt", "quantile",
     "runif", "sd", "t.test", "wilcox.test")
    to your NAMESPACE file.
Flavors: r-devel-linux-x86_64-debian-clang, r-devel-linux-x86_64-debian-gcc, r-devel-linux-x86_64-fedora-clang, r-devel-linux-x86_64-fedora-gcc, r-devel-osx-x86_64-clang, r-devel-windows-ix86+x86_64, r-patched-linux-x86_64, r-patched-solaris-sparc, r-patched-solaris-x86, r-release-linux-x86_64, r-release-osx-x86_64-mavericks, r-release-windows-ix86+x86_64