CRAN Package Check Results for Package unbalanced

Last updated on 2016-06-28 08:48:57.

Flavor Version Tinstall Tcheck Ttotal Status Flags
r-devel-linux-x86_64-debian-gcc 2.0 3.92 58.50 62.43 NOTE
r-devel-linux-x86_64-fedora-clang 2.0 121.52 NOTE
r-devel-linux-x86_64-fedora-gcc 2.0 118.76 NOTE
r-devel-osx-x86_64-clang 2.0 91.45 NOTE
r-devel-windows-ix86+x86_64 2.0 18.00 98.00 116.00 NOTE
r-patched-linux-x86_64 2.0 3.77 63.54 67.31 NOTE
r-patched-solaris-sparc 2.0 667.90 NOTE
r-patched-solaris-x86 2.0 161.20 NOTE
r-release-linux-x86_64 2.0 3.74 57.47 61.21 NOTE
r-release-osx-x86_64-mavericks 2.0 NOTE
r-release-windows-ix86+x86_64 2.0 16.00 95.00 111.00 NOTE
r-oldrel-windows-ix86+x86_64 2.0 17.00 91.00 108.00 OK

Check Details

Version: 2.0
Check: R code for possible problems
Result: NOTE
    ubRacing : predCandidate: no visible global function definition for
     ‘predict’
    ubRacing : aux2.friedman.edit: no visible global function definition
     for ‘pchisq’
    ubRacing : aux2.friedman.edit: no visible global function definition
     for ‘qt’
    ubRacing : aux.friedman.edit: no visible global function definition for
     ‘wilcox.test’
    ubRacing : aux.ttest.edit: no visible global function definition for
     ‘t.test’
    ubRacing : aux.ttest.edit: no visible global function definition for
     ‘p.adjust’
    ubRacing : idFolds: no visible global function definition for
     ‘quantile’
    ubRacing: no visible binding for global variable ‘sd’
    ubSmoteExs: no visible global function definition for ‘runif’
    Undefined global functions or variables:
     p.adjust pchisq predict qt quantile runif sd t.test wilcox.test
    Consider adding
     importFrom("stats", "p.adjust", "pchisq", "predict", "qt", "quantile",
     "runif", "sd", "t.test", "wilcox.test")
    to your NAMESPACE file.
Flavors: r-devel-linux-x86_64-debian-gcc, r-devel-linux-x86_64-fedora-clang, r-devel-linux-x86_64-fedora-gcc, r-devel-osx-x86_64-clang, r-devel-windows-ix86+x86_64, r-patched-linux-x86_64, r-patched-solaris-sparc, r-patched-solaris-x86, r-release-linux-x86_64, r-release-osx-x86_64-mavericks, r-release-windows-ix86+x86_64