CRAN Package Check Results for Package unbalanced

Last updated on 2017-05-24 05:50:32.

Flavor Version Tinstall Tcheck Ttotal Status Flags
r-devel-linux-x86_64-debian-clang 2.0 3.20 63.12 66.32 NOTE
r-devel-linux-x86_64-debian-gcc 2.0 3.31 63.26 66.57 NOTE
r-devel-linux-x86_64-fedora-clang 2.0 147.20 NOTE --no-stop-on-test-error
r-devel-linux-x86_64-fedora-gcc 2.0 138.61 NOTE --no-stop-on-test-error
r-devel-windows-ix86+x86_64 2.0 11.00 113.00 124.00 NOTE
r-patched-linux-x86_64 2.0 3.43 66.35 69.78 NOTE
r-patched-solaris-sparc 2.0 699.10 NOTE
r-patched-solaris-x86 2.0 187.40 NOTE
r-release-linux-x86_64 2.0 3.66 63.52 67.18 NOTE
r-release-windows-ix86+x86_64 2.0 10.00 115.00 125.00 NOTE
r-release-osx-x86_64 2.0 NOTE
r-oldrel-windows-ix86+x86_64 2.0 13.00 133.00 146.00 NOTE
r-oldrel-osx-x86_64 2.0 NOTE

Check Details

Version: 2.0
Check: R code for possible problems
Result: NOTE
    ubRacing : predCandidate: no visible global function definition for
     ‘predict’
    ubRacing : aux2.friedman.edit: no visible global function definition
     for ‘pchisq’
    ubRacing : aux2.friedman.edit: no visible global function definition
     for ‘qt’
    ubRacing : aux.friedman.edit: no visible global function definition for
     ‘wilcox.test’
    ubRacing : aux.ttest.edit: no visible global function definition for
     ‘t.test’
    ubRacing : aux.ttest.edit: no visible global function definition for
     ‘p.adjust’
    ubRacing : idFolds: no visible global function definition for
     ‘quantile’
    ubRacing: no visible binding for global variable ‘sd’
    ubSmoteExs: no visible global function definition for ‘runif’
    Undefined global functions or variables:
     p.adjust pchisq predict qt quantile runif sd t.test wilcox.test
    Consider adding
     importFrom("stats", "p.adjust", "pchisq", "predict", "qt", "quantile",
     "runif", "sd", "t.test", "wilcox.test")
    to your NAMESPACE file.
Flavors: r-devel-linux-x86_64-debian-clang, r-devel-linux-x86_64-debian-gcc, r-devel-windows-ix86+x86_64, r-patched-linux-x86_64, r-patched-solaris-sparc, r-patched-solaris-x86, r-release-linux-x86_64, r-release-windows-ix86+x86_64, r-release-osx-x86_64, r-oldrel-windows-ix86+x86_64, r-oldrel-osx-x86_64

Version: 2.0
Flags: --no-stop-on-test-error
Check: R code for possible problems
Result: NOTE
    ubRacing : predCandidate: no visible global function definition for
     ‘predict’
    ubRacing : aux2.friedman.edit: no visible global function definition
     for ‘pchisq’
    ubRacing : aux2.friedman.edit: no visible global function definition
     for ‘qt’
    ubRacing : aux.friedman.edit: no visible global function definition for
     ‘wilcox.test’
    ubRacing : aux.ttest.edit: no visible global function definition for
     ‘t.test’
    ubRacing : aux.ttest.edit: no visible global function definition for
     ‘p.adjust’
    ubRacing : idFolds: no visible global function definition for
     ‘quantile’
    ubRacing: no visible binding for global variable ‘sd’
    ubSmoteExs: no visible global function definition for ‘runif’
    Undefined global functions or variables:
     p.adjust pchisq predict qt quantile runif sd t.test wilcox.test
    Consider adding
     importFrom("stats", "p.adjust", "pchisq", "predict", "qt", "quantile",
     "runif", "sd", "t.test", "wilcox.test")
    to your NAMESPACE file.
Flavors: r-devel-linux-x86_64-fedora-clang, r-devel-linux-x86_64-fedora-gcc