CRAN Package Check Results for Package unbalanced

Last updated on 2016-05-29 23:47:56.

Flavor Version Tinstall Tcheck Ttotal Status Flags
r-devel-linux-x86_64-debian-gcc 2.0 3.70 58.44 62.14 NOTE
r-devel-linux-x86_64-fedora-clang 2.0 120.00 NOTE
r-devel-linux-x86_64-fedora-gcc 2.0 115.59 NOTE
r-devel-osx-x86_64-clang 2.0 127.69 NOTE
r-devel-windows-ix86+x86_64 2.0 10.00 100.00 110.00 NOTE
r-patched-linux-x86_64 2.0 3.83 57.85 61.68 NOTE
r-patched-solaris-sparc 2.0 663.40 NOTE
r-patched-solaris-x86 2.0 158.20 NOTE
r-release-linux-x86_64 2.0 4.10 56.90 61.00 NOTE
r-release-osx-x86_64-mavericks 2.0 NOTE
r-release-windows-ix86+x86_64 2.0 19.00 112.00 131.00 NOTE
r-oldrel-windows-ix86+x86_64 2.0 12.00 109.00 121.00 OK

Check Details

Version: 2.0
Check: R code for possible problems
Result: NOTE
    ubRacing : predCandidate: no visible global function definition for
     ‘predict’
    ubRacing : aux2.friedman.edit: no visible global function definition
     for ‘pchisq’
    ubRacing : aux2.friedman.edit: no visible global function definition
     for ‘qt’
    ubRacing : aux.friedman.edit: no visible global function definition for
     ‘wilcox.test’
    ubRacing : aux.ttest.edit: no visible global function definition for
     ‘t.test’
    ubRacing : aux.ttest.edit: no visible global function definition for
     ‘p.adjust’
    ubRacing : idFolds: no visible global function definition for
     ‘quantile’
    ubRacing: no visible binding for global variable ‘sd’
    ubSmoteExs: no visible global function definition for ‘runif’
    Undefined global functions or variables:
     p.adjust pchisq predict qt quantile runif sd t.test wilcox.test
    Consider adding
     importFrom("stats", "p.adjust", "pchisq", "predict", "qt", "quantile",
     "runif", "sd", "t.test", "wilcox.test")
    to your NAMESPACE file.
Flavors: r-devel-linux-x86_64-debian-gcc, r-devel-linux-x86_64-fedora-clang, r-devel-linux-x86_64-fedora-gcc, r-devel-osx-x86_64-clang, r-devel-windows-ix86+x86_64, r-patched-linux-x86_64, r-patched-solaris-sparc, r-patched-solaris-x86, r-release-linux-x86_64, r-release-osx-x86_64-mavericks, r-release-windows-ix86+x86_64