CRAN Package Check Results for Package unbalanced

Last updated on 2015-08-30 09:47:48.

Flavor Version Tinstall Tcheck Ttotal Status Flags
r-devel-linux-x86_64-debian-clang 2.0 1.39 30.26 31.64 NOTE
r-devel-linux-x86_64-debian-gcc 2.0 1.36 30.25 31.60 NOTE
r-devel-linux-x86_64-fedora-clang 2.0 63.22 NOTE
r-devel-linux-x86_64-fedora-gcc 2.0 60.32 NOTE
r-devel-osx-x86_64-clang 2.0 50.18 OK
r-devel-windows-ix86+x86_64 2.0 12.00 62.00 74.00 NOTE
r-patched-linux-x86_64 2.0 1.50 31.72 33.23 OK
r-patched-solaris-sparc 2.0 383.60 OK
r-patched-solaris-x86 2.0 91.80 OK
r-release-linux-x86_64 2.0 1.47 31.80 33.28 OK
r-release-osx-x86_64-mavericks 2.0 OK
r-release-windows-ix86+x86_64 2.0 10.00 57.00 67.00 OK
r-oldrel-windows-ix86+x86_64 2.0 20.00 131.00 151.00 OK

Check Details

Version: 2.0
Check: R code for possible problems
Result: NOTE
    ubRacing : predCandidate: no visible global function definition for
     ‘predict’
    ubRacing : aux2.friedman.edit: no visible global function definition
     for ‘pchisq’
    ubRacing : aux2.friedman.edit: no visible global function definition
     for ‘qt’
    ubRacing : aux.friedman.edit: no visible global function definition for
     ‘wilcox.test’
    ubRacing : aux.ttest.edit: no visible global function definition for
     ‘t.test’
    ubRacing : aux.ttest.edit: no visible global function definition for
     ‘p.adjust’
    ubRacing : idFolds: no visible global function definition for
     ‘quantile’
    ubRacing: no visible binding for global variable ‘sd’
    ubSmoteExs: no visible global function definition for ‘runif’
    Undefined global functions or variables:
     p.adjust pchisq predict qt quantile runif sd t.test wilcox.test
    Consider adding
     importFrom("stats", "p.adjust", "pchisq", "predict", "qt", "quantile",
     "runif", "sd", "t.test", "wilcox.test")
    to your NAMESPACE.
Flavors: r-devel-linux-x86_64-debian-clang, r-devel-linux-x86_64-debian-gcc, r-devel-linux-x86_64-fedora-clang, r-devel-linux-x86_64-fedora-gcc, r-devel-windows-ix86+x86_64