CRAN Package Check Results for Package unbalanced

Last updated on 2015-07-03 16:47:44.

Flavor Version Tinstall Tcheck Ttotal Status Flags
r-devel-linux-x86_64-debian-clang 2.0 1.49 30.43 31.92 NOTE
r-devel-linux-x86_64-debian-gcc 2.0 1.46 31.04 32.50 NOTE
r-devel-linux-x86_64-fedora-clang 2.0 64.71 NOTE
r-devel-linux-x86_64-fedora-gcc 2.0 60.40 NOTE
r-devel-osx-x86_64-clang 2.0 51.75 OK
r-devel-windows-ix86+x86_64 2.0 7.00 52.00 59.00 NOTE
r-patched-linux-x86_64 2.0 1.64 31.42 33.06 OK
r-patched-solaris-sparc 2.0 344.30 OK
r-patched-solaris-x86 2.0 74.90 OK
r-release-linux-x86_64 2.0 1.50 31.21 32.71 OK
r-release-osx-x86_64-mavericks 2.0 OK
r-release-windows-ix86+x86_64 2.0 10.00 63.00 73.00 OK
r-oldrel-windows-ix86+x86_64 2.0 14.00 129.00 143.00 OK

Check Details

Version: 2.0
Check: R code for possible problems
Result: NOTE
    ubRacing : predCandidate: no visible global function definition for
     ‘predict’
    ubRacing : aux2.friedman.edit: no visible global function definition
     for ‘pchisq’
    ubRacing : aux2.friedman.edit: no visible global function definition
     for ‘qt’
    ubRacing : aux.friedman.edit: no visible global function definition for
     ‘wilcox.test’
    ubRacing : aux.ttest.edit: no visible global function definition for
     ‘t.test’
    ubRacing : aux.ttest.edit: no visible global function definition for
     ‘p.adjust’
    ubRacing : idFolds: no visible global function definition for
     ‘quantile’
    ubRacing: no visible binding for global variable ‘sd’
    ubSmoteExs: no visible global function definition for ‘runif’
    Undefined global functions or variables:
     p.adjust pchisq predict qt quantile runif sd t.test wilcox.test
Flavors: r-devel-linux-x86_64-debian-clang, r-devel-linux-x86_64-debian-gcc, r-devel-linux-x86_64-fedora-clang, r-devel-linux-x86_64-fedora-gcc, r-devel-windows-ix86+x86_64