Last updated on 2023-09-25 19:04:06 CEST.
Flavor | Version | Tinstall | Tcheck | Ttotal | Status | Flags |
---|---|---|---|---|---|---|
r-devel-linux-x86_64-debian-clang | 0.1.1 | 2.20 | 23.82 | 26.02 | NOTE | |
r-devel-linux-x86_64-debian-gcc | 0.1.1 | 1.66 | 18.88 | 20.54 | NOTE | |
r-devel-linux-x86_64-fedora-clang | 0.1.1 | 32.84 | NOTE | |||
r-devel-linux-x86_64-fedora-gcc | 0.1.1 | 31.48 | NOTE | |||
r-devel-windows-x86_64 | 0.1.1 | 2.00 | 41.00 | 43.00 | NOTE | |
r-patched-linux-x86_64 | 0.1.1 | 2.31 | 22.99 | 25.30 | OK | |
r-release-linux-x86_64 | 0.1.1 | 1.93 | 23.51 | 25.44 | OK | |
r-release-macos-arm64 | 0.1.1 | 15.00 | OK | |||
r-release-macos-x86_64 | 0.1.1 | 21.00 | OK | |||
r-release-windows-x86_64 | 0.1.1 | 5.00 | 42.00 | 47.00 | OK | |
r-oldrel-macos-arm64 | 0.1.1 | 17.00 | OK | |||
r-oldrel-macos-x86_64 | 0.1.1 | 21.00 | OK | |||
r-oldrel-windows-x86_64 | 0.1.1 | 4.00 | 43.00 | 47.00 | OK |
Version: 0.1.1
Check: Rd \usage sections
Result: NOTE
Documented arguments not in \usage in documentation object 'sqrtm':
‘A’
Functions with \usage entries need to have the appropriate \alias
entries, and all their arguments documented.
The \usage entries must correspond to syntactically valid R code.
See chapter ‘Writing R documentation files’ in the ‘Writing R
Extensions’ manual.
Flavors: r-devel-linux-x86_64-debian-clang, r-devel-linux-x86_64-debian-gcc, r-devel-linux-x86_64-fedora-clang, r-devel-linux-x86_64-fedora-gcc, r-devel-windows-x86_64