Last updated on 2025-01-19 06:48:38 CET.
Flavor | Version | Tinstall | Tcheck | Ttotal | Status | Flags |
---|---|---|---|---|---|---|
r-devel-linux-x86_64-debian-clang | 1.4.4 | 34.87 | 93.83 | 128.70 | OK | |
r-devel-linux-x86_64-debian-gcc | 1.4.4 | 27.83 | 73.30 | 101.13 | OK | |
r-devel-linux-x86_64-fedora-clang | 1.4.4 | 218.09 | OK | |||
r-devel-linux-x86_64-fedora-gcc | 1.4.4 | 249.57 | OK | |||
r-devel-windows-x86_64 | 1.4.4 | 38.00 | 151.00 | 189.00 | OK | |
r-patched-linux-x86_64 | 1.4.4 | 41.17 | 99.89 | 141.06 | OK | |
r-release-linux-x86_64 | 1.4.4 | 41.29 | 100.14 | 141.43 | OK | |
r-release-macos-arm64 | 1.4.4 | 69.00 | NOTE | |||
r-release-macos-x86_64 | 1.4.4 | 104.00 | NOTE | |||
r-release-windows-x86_64 | 1.4.4 | 38.00 | 151.00 | 189.00 | OK | |
r-oldrel-macos-arm64 | 1.4.4 | 80.00 | NOTE | |||
r-oldrel-macos-x86_64 | 1.4.4 | 200.00 | NOTE | |||
r-oldrel-windows-x86_64 | 1.4.4 | 47.00 | 169.00 | 216.00 | OK |
Version: 1.4.4
Check: installed package size
Result: NOTE
installed size is 13.9Mb
sub-directories of 1Mb or more:
libs 13.2Mb
Flavors: r-release-macos-arm64, r-release-macos-x86_64, r-oldrel-macos-arm64, r-oldrel-macos-x86_64