CRAN Package Check Results for Package uniCox

Last updated on 2014-07-25 07:53:24.

Flavor Version Tinstall Tcheck Ttotal Status Flags
r-devel-linux-x86_64-debian-clang 1.0 0.89 56.34 57.24 NOTE
r-devel-linux-x86_64-debian-gcc 1.0 0.89 56.87 57.76 NOTE
r-devel-linux-x86_64-fedora-clang 1.0 117.48 NOTE
r-devel-linux-x86_64-fedora-gcc 1.0 111.28 NOTE
r-devel-osx-x86_64-clang 1.0 74.96 NOTE
r-devel-windows-ix86+x86_64 1.0 5.00 222.00 227.00 NOTE
r-patched-linux-x86_64 1.0 0.86 55.73 56.59 NOTE
r-patched-solaris-sparc 1.0 720.70 NOTE
r-patched-solaris-x86 1.0 144.50 NOTE
r-release-linux-ix86 1.0 1.40 139.62 141.02 NOTE
r-release-linux-x86_64 1.0 0.98 56.12 57.10 NOTE
r-release-osx-x86_64-mavericks 1.0 NOTE
r-release-osx-x86_64-snowleopard 1.0 NOTE
r-release-windows-ix86+x86_64 1.0 7.00 262.00 269.00 NOTE
r-oldrel-windows-ix86+x86_64 1.0 5.00 228.00 233.00 NOTE

Check Details

Version: 1.0
Check: dependencies in R code
Result: NOTE
    Package in Depends field not imported from: ‘survival’
     These packages need to be imported from (in the NAMESPACE file)
     for when this namespace is loaded but not attached.
    See the information on DESCRIPTION files in the chapter ‘Creating R
    packages’ of the ‘Writing R Extensions’ manual.
Flavors: r-devel-linux-x86_64-debian-clang, r-devel-linux-x86_64-debian-gcc, r-devel-linux-x86_64-fedora-clang, r-devel-linux-x86_64-fedora-gcc, r-devel-osx-x86_64-clang, r-devel-windows-ix86+x86_64, r-patched-linux-x86_64, r-patched-solaris-sparc, r-patched-solaris-x86, r-release-linux-ix86, r-release-linux-x86_64, r-release-osx-x86_64-mavericks, r-release-windows-ix86+x86_64, r-oldrel-windows-ix86+x86_64

Version: 1.0
Check: Rd \usage sections
Result: NOTE
    S3 methods shown with full name in documentation object 'predict.uniCox':
     ‘predict.uniCox’
    
    S3 methods shown with full name in documentation object 'uniCox-internal':
     ‘print.uniCoxCVFit’ ‘print.uniCoxFit’
    
    The \usage entries for S3 methods should use the \method markup and not
    their full name.
    See the chapter ‘Writing R documentation files’ in the ‘Writing R
    Extensions’ manual.
Flavors: r-devel-linux-x86_64-debian-clang, r-devel-linux-x86_64-debian-gcc, r-devel-linux-x86_64-fedora-clang, r-devel-linux-x86_64-fedora-gcc, r-devel-osx-x86_64-clang, r-devel-windows-ix86+x86_64, r-patched-linux-x86_64, r-patched-solaris-sparc, r-patched-solaris-x86, r-release-linux-ix86, r-release-linux-x86_64, r-release-osx-x86_64-mavericks, r-release-osx-x86_64-snowleopard, r-release-windows-ix86+x86_64, r-oldrel-windows-ix86+x86_64