CRAN Package Check Results for Package uniCox

Last updated on 2014-04-24 17:49:56.

Flavor Version Tinstall Tcheck Ttotal Status Flags
r-devel-linux-x86_64-debian-clang 1.0 0.97 57.30 58.27 NOTE
r-devel-linux-x86_64-debian-gcc 1.0 0.96 57.04 58.00 NOTE
r-devel-linux-x86_64-fedora-clang 1.0 119.08 NOTE
r-devel-linux-x86_64-fedora-gcc 1.0 115.58 NOTE
r-devel-osx-x86_64-clang 1.0 75.67 NOTE
r-devel-osx-x86_64-gcc 1.0 NOTE
r-devel-windows-ix86+x86_64 1.0 6.00 230.00 236.00 NOTE
r-patched-linux-x86_64 1.0 0.98 57.05 58.03 NOTE
r-patched-solaris-sparc 1.0 720.70 NOTE
r-patched-solaris-x86 1.0 145.90 NOTE
r-release-linux-ix86 1.0 2.00 152.00 154.00 NOTE
r-release-linux-x86_64 1.0 0.98 56.86 57.84 NOTE
r-release-osx-x86_64-mavericks 1.0 WARN
r-release-osx-x86_64-snowleopard 1.0 NOTE
r-release-windows-ix86+x86_64 1.0 10.00 221.00 231.00 NOTE
r-oldrel-windows-ix86+x86_64 1.0 5.00 228.00 233.00 NOTE

Check Details

Version: 1.0
Check: dependencies in R code
Result: NOTE
    Package in Depends field not imported from: ‘survival’
     These packages need to be imported from (in the NAMESPACE file)
     for when this namespace is loaded but not attached.
    See the information on DESCRIPTION files in the chapter ‘Creating R
    packages’ of the ‘Writing R Extensions’ manual.
Flavors: r-devel-linux-x86_64-debian-clang, r-devel-linux-x86_64-debian-gcc, r-devel-linux-x86_64-fedora-clang, r-devel-linux-x86_64-fedora-gcc, r-devel-osx-x86_64-clang, r-devel-osx-x86_64-gcc, r-devel-windows-ix86+x86_64, r-patched-linux-x86_64, r-patched-solaris-sparc, r-patched-solaris-x86, r-release-linux-ix86, r-release-linux-x86_64, r-release-osx-x86_64-mavericks, r-release-windows-ix86+x86_64, r-oldrel-windows-ix86+x86_64

Version: 1.0
Check: Rd \usage sections
Result: NOTE
    S3 methods shown with full name in documentation object 'predict.uniCox':
     ‘predict.uniCox’
    
    S3 methods shown with full name in documentation object 'uniCox-internal':
     ‘print.uniCoxCVFit’ ‘print.uniCoxFit’
    
    The \usage entries for S3 methods should use the \method markup and not
    their full name.
    See the chapter ‘Writing R documentation files’ in the ‘Writing R
    Extensions’ manual.
Flavors: r-devel-linux-x86_64-debian-clang, r-devel-linux-x86_64-debian-gcc, r-devel-linux-x86_64-fedora-clang, r-devel-linux-x86_64-fedora-gcc, r-devel-osx-x86_64-clang, r-devel-osx-x86_64-gcc, r-devel-windows-ix86+x86_64, r-patched-linux-x86_64, r-patched-solaris-sparc, r-patched-solaris-x86, r-release-linux-ix86, r-release-linux-x86_64, r-release-osx-x86_64-mavericks, r-release-osx-x86_64-snowleopard, r-release-windows-ix86+x86_64, r-oldrel-windows-ix86+x86_64

Version: 1.0
Check: PDF version of manual
Result: WARNING
    LaTeX errors when creating PDF version.
    This typically indicates Rd problems.
    LaTeX errors found:
    ! LaTeX Error: File `upquote.sty' not found.
    
    Type X to quit or <RETURN> to proceed,
    or enter new name. (Default extension: sty)
    
    15ad774b/Rd2.tex:8: ==> Fatal error occurred, no output PDF file produced!
Flavor: r-release-osx-x86_64-mavericks