CRAN Package Check Results for Package uniCox

Last updated on 2015-04-26 00:47:37.

Flavor Version Tinstall Tcheck Ttotal Status Flags
r-devel-linux-x86_64-debian-clang 1.0 0.86 65.07 65.93 NOTE
r-devel-linux-x86_64-debian-gcc 1.0 0.89 54.35 55.24 NOTE
r-devel-linux-x86_64-fedora-clang 1.0 104.06 NOTE
r-devel-linux-x86_64-fedora-gcc 1.0 102.20 NOTE
r-devel-osx-x86_64-clang 1.0 69.64 NOTE
r-devel-windows-ix86+x86_64 1.0 6.00 227.00 233.00 NOTE
r-patched-linux-x86_64 1.0 0.93 54.06 54.98 NOTE
r-patched-solaris-sparc 1.0 704.90 NOTE
r-patched-solaris-x86 1.0 143.50 NOTE
r-release-linux-x86_64 1.0 0.89 53.86 54.75 NOTE
r-release-osx-x86_64-mavericks 1.0 NOTE
r-release-osx-x86_64-snowleopard 1.0 NOTE
r-release-windows-ix86+x86_64 1.0 4.00 256.00 260.00 NOTE
r-oldrel-windows-ix86+x86_64 1.0 8.00 236.00 244.00 NOTE

Check Details

Version: 1.0
Check: dependencies in R code
Result: NOTE
    Package in Depends field not imported from: 'survival'
     These packages need to be imported from (in the NAMESPACE file)
     for when this namespace is loaded but not attached.
Flavors: r-devel-windows-ix86+x86_64, r-release-windows-ix86+x86_64, r-oldrel-windows-ix86+x86_64

Version: 1.0
Check: R code for possible problems
Result: NOTE
    uniCoxCV: no visible global function definition for 'coxph'
Flavors: r-devel-windows-ix86+x86_64, r-release-windows-ix86+x86_64, r-oldrel-windows-ix86+x86_64

Version: 1.0
Check: Rd \usage sections
Result: NOTE
    S3 methods shown with full name in documentation object 'predict.uniCox':
     'predict.uniCox'
    
    S3 methods shown with full name in documentation object 'uniCox-internal':
     'print.uniCoxCVFit' 'print.uniCoxFit'
    
    The \usage entries for S3 methods should use the \method markup and not
    their full name.
    See chapter 'Writing R documentation files' in the 'Writing R
    Extensions' manual.
Flavors: r-devel-windows-ix86+x86_64, r-release-windows-ix86+x86_64, r-oldrel-windows-ix86+x86_64