CRAN Package Check Results for Package uniCox

Last updated on 2015-05-29 21:47:14.

Flavor Version Tinstall Tcheck Ttotal Status Flags
r-devel-linux-x86_64-debian-clang 1.0 0.87 54.05 54.92 NOTE
r-devel-linux-x86_64-debian-gcc 1.0 0.86 56.32 57.18 NOTE
r-devel-linux-x86_64-fedora-clang 1.0 105.57 NOTE
r-devel-linux-x86_64-fedora-gcc 1.0 102.85 NOTE
r-devel-osx-x86_64-clang 1.0 69.29 NOTE
r-devel-windows-ix86+x86_64 1.0 6.00 228.00 234.00 NOTE
r-patched-linux-x86_64 1.0 0.87 54.60 55.47 NOTE
r-patched-solaris-sparc 1.0 707.60 NOTE
r-patched-solaris-x86 1.0 141.60 NOTE
r-release-linux-x86_64 1.0 0.88 54.65 55.52 NOTE
r-release-osx-x86_64-mavericks 1.0 NOTE
r-release-osx-x86_64-snowleopard 1.0 NOTE
r-release-windows-ix86+x86_64 1.0 4.00 256.00 260.00 NOTE
r-oldrel-windows-ix86+x86_64 1.0 8.00 236.00 244.00 NOTE

Check Details

Version: 1.0
Check: dependencies in R code
Result: NOTE
    Package in Depends field not imported from: ‘survival’
     These packages need to be imported from (in the NAMESPACE file)
     for when this namespace is loaded but not attached.
Flavors: r-devel-linux-x86_64-debian-clang, r-devel-linux-x86_64-debian-gcc, r-devel-linux-x86_64-fedora-clang, r-devel-linux-x86_64-fedora-gcc, r-devel-osx-x86_64-clang, r-devel-windows-ix86+x86_64, r-patched-linux-x86_64, r-patched-solaris-sparc, r-patched-solaris-x86, r-release-linux-x86_64, r-release-osx-x86_64-mavericks, r-release-osx-x86_64-snowleopard, r-release-windows-ix86+x86_64, r-oldrel-windows-ix86+x86_64

Version: 1.0
Check: S3 generic/method consistency
Result: NOTE
    Found the following apparent S3 methods exported but not registered:
     predict.uniCox print.uniCoxCVFit print.uniCoxFit
    See section ‘Registering S3 methods’ in the ‘Writing R Extensions’
    manual.
Flavors: r-devel-linux-x86_64-debian-clang, r-devel-linux-x86_64-debian-gcc, r-devel-linux-x86_64-fedora-clang, r-devel-linux-x86_64-fedora-gcc, r-devel-osx-x86_64-clang, r-patched-linux-x86_64, r-patched-solaris-sparc, r-patched-solaris-x86, r-release-linux-x86_64

Version: 1.0
Check: R code for possible problems
Result: NOTE
    uniCoxCV: no visible global function definition for ‘coxph’
Flavors: r-devel-linux-x86_64-debian-clang, r-devel-linux-x86_64-debian-gcc, r-devel-linux-x86_64-fedora-clang, r-devel-linux-x86_64-fedora-gcc, r-devel-osx-x86_64-clang, r-devel-windows-ix86+x86_64, r-patched-linux-x86_64, r-patched-solaris-sparc, r-patched-solaris-x86, r-release-linux-x86_64, r-release-osx-x86_64-mavericks, r-release-osx-x86_64-snowleopard, r-release-windows-ix86+x86_64, r-oldrel-windows-ix86+x86_64

Version: 1.0
Check: Rd \usage sections
Result: NOTE
    S3 methods shown with full name in documentation object 'predict.uniCox':
     ‘predict.uniCox’
    
    S3 methods shown with full name in documentation object 'uniCox-internal':
     ‘print.uniCoxCVFit’ ‘print.uniCoxFit’
    
    The \usage entries for S3 methods should use the \method markup and not
    their full name.
    See chapter ‘Writing R documentation files’ in the ‘Writing R
    Extensions’ manual.
Flavors: r-devel-linux-x86_64-debian-clang, r-devel-linux-x86_64-debian-gcc, r-devel-linux-x86_64-fedora-clang, r-devel-linux-x86_64-fedora-gcc, r-devel-osx-x86_64-clang, r-devel-windows-ix86+x86_64, r-patched-linux-x86_64, r-patched-solaris-sparc, r-patched-solaris-x86, r-release-linux-x86_64, r-release-osx-x86_64-mavericks, r-release-osx-x86_64-snowleopard, r-release-windows-ix86+x86_64, r-oldrel-windows-ix86+x86_64