CRAN Package Check Results for Package unitedR

Last updated on 2022-09-25 00:49:18 CEST.

Flavor Version Tinstall Tcheck Ttotal Status Flags
r-devel-linux-x86_64-debian-clang 0.4 6.71 42.95 49.66 NOTE
r-devel-linux-x86_64-debian-gcc 0.4 4.87 33.28 38.15 NOTE
r-devel-linux-x86_64-fedora-clang 0.4 70.32 NOTE
r-devel-linux-x86_64-fedora-gcc 0.4 72.86 NOTE
r-devel-windows-x86_64 0.4 19.00 73.00 92.00 NOTE
r-patched-linux-x86_64 0.4 5.24 40.87 46.11 NOTE
r-release-linux-x86_64 0.4 4.16 41.21 45.37 NOTE
r-release-macos-arm64 0.4 23.00 NOTE
r-release-macos-x86_64 0.4 33.00 NOTE
r-release-windows-x86_64 0.4 19.00 77.00 96.00 NOTE
r-oldrel-macos-arm64 0.4 29.00 NOTE
r-oldrel-macos-x86_64 0.4 46.00 NOTE
r-oldrel-windows-ix86+x86_64 0.4 14.00 69.00 83.00 NOTE

Check Details

Version: 0.4
Check: LazyData
Result: NOTE
     'LazyData' is specified without a 'data' directory
Flavors: r-devel-linux-x86_64-debian-clang, r-devel-linux-x86_64-debian-gcc, r-devel-linux-x86_64-fedora-clang, r-devel-linux-x86_64-fedora-gcc, r-devel-windows-x86_64, r-patched-linux-x86_64, r-release-linux-x86_64, r-release-macos-arm64, r-release-macos-x86_64, r-release-windows-x86_64, r-oldrel-macos-arm64, r-oldrel-macos-x86_64, r-oldrel-windows-ix86+x86_64