CRAN Package Check Results for Package unmarked

Last updated on 2015-04-26 09:46:39.

Flavor Version Tinstall Tcheck Ttotal Status Flags
r-devel-linux-x86_64-debian-clang 0.10-6 27.32 108.22 135.54 NOTE
r-devel-linux-x86_64-debian-gcc 0.10-6 27.86 96.60 124.46 NOTE
r-devel-linux-x86_64-fedora-clang 0.10-6 258.78 NOTE
r-devel-linux-x86_64-fedora-gcc 0.10-6 186.58 NOTE
r-devel-osx-x86_64-clang 0.10-6 203.99 NOTE
r-devel-windows-ix86+x86_64 0.10-6 91.00 187.00 278.00 NOTE
r-patched-linux-x86_64 0.10-6 28.83 100.58 129.41 NOTE
r-patched-solaris-sparc 0.10-6 1126.40 NOTE --no-vignettes
r-patched-solaris-x86 0.10-6 282.10 NOTE
r-release-linux-x86_64 0.10-6 27.69 99.37 127.06 NOTE
r-release-osx-x86_64-mavericks 0.10-6 NOTE
r-release-osx-x86_64-snowleopard 0.10-6 WARN
r-release-windows-ix86+x86_64 0.10-6 86.00 195.00 281.00 NOTE
r-oldrel-windows-ix86+x86_64 0.10-6 78.00 208.00 286.00 NOTE

Check Details

Version: 0.10-6
Check: installed package size
Result: NOTE
     installed size is 5.6Mb
     sub-directories of 1Mb or more:
     doc 1.6Mb
     libs 2.7Mb
Flavor: r-devel-linux-x86_64-fedora-gcc

Version: 0.10-6
Check: for GNU extensions in Makefiles
Result: NOTE
    GNU make is a SystemRequirements.
Flavors: r-devel-linux-x86_64-fedora-gcc, r-devel-windows-ix86+x86_64, r-release-windows-ix86+x86_64, r-oldrel-windows-ix86+x86_64