CRAN Package Check Results for Package unmarked

Last updated on 2017-04-24 18:47:50.

Flavor Version Tinstall Tcheck Ttotal Status Flags
r-devel-linux-x86_64-debian-clang 0.12-0 40.93 119.63 160.56 NOTE
r-devel-linux-x86_64-debian-gcc 0.12-0 43.00 114.29 157.29 NOTE
r-devel-linux-x86_64-fedora-clang 0.12-0 321.53 NOTE --no-stop-on-test-error
r-devel-linux-x86_64-fedora-gcc 0.12-0 300.41 NOTE --no-stop-on-test-error
r-devel-windows-ix86+x86_64 0.12-0 NOTE
r-patched-linux-x86_64 0.12-0 34.11 115.30 149.41 NOTE
r-patched-solaris-sparc 0.12-0 1376.90 NOTE --no-vignettes
r-patched-solaris-x86 0.12-0 321.80 NOTE
r-release-linux-x86_64 0.12-0 35.20 114.59 149.79 NOTE
r-release-windows-ix86+x86_64 0.12-0 128.00 236.00 364.00 NOTE
r-release-osx-x86_64 0.12-0 NOTE
r-oldrel-windows-ix86+x86_64 0.12-0 127.00 235.00 362.00 NOTE
r-oldrel-osx-x86_64 0.12-0 NOTE

Check Details

Version: 0.12-0
Check: for GNU extensions in Makefiles
Result: NOTE
    GNU make is a SystemRequirements.
Flavors: r-devel-linux-x86_64-debian-clang, r-devel-linux-x86_64-debian-gcc, r-devel-windows-ix86+x86_64, r-patched-linux-x86_64, r-patched-solaris-x86, r-release-linux-x86_64, r-release-windows-ix86+x86_64, r-release-osx-x86_64, r-oldrel-windows-ix86+x86_64, r-oldrel-osx-x86_64

Version: 0.12-0
Flags: --no-stop-on-test-error
Check: installed package size
Result: NOTE
     installed size is 5.6Mb
     sub-directories of 1Mb or more:
     doc 1.6Mb
     libs 2.2Mb
Flavors: r-devel-linux-x86_64-fedora-clang, r-devel-linux-x86_64-fedora-gcc

Version: 0.12-0
Flags: --no-stop-on-test-error
Check: for GNU extensions in Makefiles
Result: NOTE
    GNU make is a SystemRequirements.
Flavors: r-devel-linux-x86_64-fedora-clang, r-devel-linux-x86_64-fedora-gcc

Version: 0.12-0
Check: installed package size
Result: NOTE
     installed size is 5.1Mb
     sub-directories of 1Mb or more:
     doc 1.6Mb
     libs 1.7Mb
Flavors: r-devel-windows-ix86+x86_64, r-release-windows-ix86+x86_64, r-release-osx-x86_64, r-oldrel-windows-ix86+x86_64, r-oldrel-osx-x86_64

Version: 0.12-0
Flags: --no-vignettes
Check: for GNU extensions in Makefiles
Result: NOTE
    GNU make is a SystemRequirements.
Flavor: r-patched-solaris-sparc

Version: 0.12-0
Check: re-building of vignette outputs
Result: NOTE
    Error in re-building vignettes:
     ...
    Loading required package: reshape
    Loading required package: lattice
    Loading required package: parallel
    Loading required package: Rcpp
    Error in texi2dvi(file = file, pdf = TRUE, clean = clean, quiet = quiet, :
     Running 'texi2dvi' on 'cap-recap.tex' failed.
    LaTeX errors:
    ! LaTeX Error: File `fullpage.sty' not found.
    
    Type X to quit or <RETURN> to proceed,
    or enter new name. (Default extension: sty)
    
    ! Emergency stop.
    <read *>
    
    l.7 \usepackage
     {amsmath}^^M
    ! ==> Fatal error occurred, no output PDF file produced!
    Calls: buildVignettes -> texi2pdf -> texi2dvi
    Execution halted
Flavor: r-release-osx-x86_64