CRAN Package Check Results for Package unmarked

Last updated on 2014-07-30 03:48:29.

Flavor Version Tinstall Tcheck Ttotal Status Flags
r-devel-linux-x86_64-debian-clang 0.10-4 23.55 102.83 126.38 OK
r-devel-linux-x86_64-debian-gcc 0.10-4 27.28 100.82 128.10 NOTE
r-devel-linux-x86_64-fedora-clang 0.10-4 290.31 OK
r-devel-linux-x86_64-fedora-gcc 0.10-4 273.05 NOTE
r-devel-osx-x86_64-clang 0.10-4 225.93 OK
r-devel-windows-ix86+x86_64 0.10-4 77.00 200.00 277.00 OK
r-patched-linux-x86_64 0.10-4 27.32 103.53 130.85 NOTE
r-patched-solaris-sparc 0.10-4 1098.00 NOTE --no-vignettes
r-patched-solaris-x86 0.10-4 333.70 NOTE
r-release-linux-ix86 0.10-4 33.87 135.13 169.00 OK
r-release-linux-x86_64 0.10-4 27.66 103.80 131.46 NOTE
r-release-osx-x86_64-mavericks 0.10-4 NOTE
r-release-osx-x86_64-snowleopard 0.10-4 OK
r-release-windows-ix86+x86_64 0.10-4 82.00 212.00 294.00 OK
r-oldrel-windows-ix86+x86_64 0.10-4 80.00 209.00 289.00 OK

Check Details

Version: 0.10-4
Check: installed package size
Result: NOTE
     installed size is 5.4Mb
     sub-directories of 1Mb or more:
     doc 1.6Mb
     libs 2.6Mb
Flavors: r-devel-linux-x86_64-debian-gcc, r-devel-linux-x86_64-fedora-gcc, r-patched-linux-x86_64, r-patched-solaris-x86, r-release-linux-x86_64

Version: 0.10-4
Flags: --no-vignettes
Check: installed package size
Result: NOTE
     installed size is 6.4Mb
     sub-directories of 1Mb or more:
     doc 1.9Mb
     libs 3.1Mb
Flavor: r-patched-solaris-sparc

Version: 0.10-4
Check: re-building of vignette outputs
Result: NOTE
    Error in re-building vignettes:
     ...
    Loading required package: reshape
    Loading required package: lattice
    Loading required package: Rcpp
    Error in texi2dvi(file = file, pdf = TRUE, clean = clean, quiet = quiet, :
     Running 'texi2dvi' on 'cap-recap.tex' failed.
    LaTeX errors:
    ! LaTeX Error: File `fullpage.sty' not found.
    
    Type X to quit or <RETURN> to proceed,
    or enter new name. (Default extension: sty)
    
    n_test/unmarked/vignettes/cap-recap.tex:7: ==> Fatal error occurred, no output
     PDF file produced!
    Calls: buildVignettes -> texi2pdf -> texi2dvi
    Execution halted
Flavor: r-release-osx-x86_64-mavericks