CRAN Package Check Results for Package unmarked

Last updated on 2016-12-04 08:47:22.

Flavor Version Tinstall Tcheck Ttotal Status Flags
r-devel-linux-x86_64-debian-clang 0.11-0 39.12 125.55 164.67 NOTE
r-devel-linux-x86_64-debian-gcc 0.11-0 42.29 124.76 167.05 NOTE
r-devel-linux-x86_64-fedora-clang 0.11-0 315.12 NOTE --no-stop-on-test-error
r-devel-linux-x86_64-fedora-gcc 0.11-0 306.75 NOTE
r-devel-macos-x86_64-clang 0.11-0 216.59 NOTE
r-devel-windows-ix86+x86_64 0.11-0 121.00 333.00 454.00 NOTE
r-patched-linux-x86_64 0.11-0 33.92 111.74 145.66 NOTE
r-patched-solaris-sparc 0.11-0 1372.50 NOTE --no-vignettes
r-patched-solaris-x86 0.11-0 296.00 NOTE
r-release-linux-x86_64 0.11-0 33.37 113.66 147.02 NOTE
r-release-osx-x86_64-mavericks 0.11-0 NOTE
r-release-windows-ix86+x86_64 0.11-0 158.00 218.00 376.00 NOTE
r-oldrel-windows-ix86+x86_64 0.11-0 150.00 363.00 513.00 NOTE

Check Details

Version: 0.11-0
Check: for GNU extensions in Makefiles
Result: NOTE
    GNU make is a SystemRequirements.
Flavors: r-devel-linux-x86_64-debian-clang, r-devel-linux-x86_64-debian-gcc, r-devel-linux-x86_64-fedora-gcc, r-devel-macos-x86_64-clang, r-devel-windows-ix86+x86_64, r-patched-linux-x86_64, r-patched-solaris-x86, r-release-linux-x86_64, r-release-osx-x86_64-mavericks, r-release-windows-ix86+x86_64, r-oldrel-windows-ix86+x86_64

Version: 0.11-0
Flags: --no-stop-on-test-error
Check: installed package size
Result: NOTE
     installed size is 5.5Mb
     sub-directories of 1Mb or more:
     doc 1.6Mb
     libs 2.1Mb
Flavor: r-devel-linux-x86_64-fedora-clang

Version: 0.11-0
Flags: --no-stop-on-test-error
Check: for GNU extensions in Makefiles
Result: NOTE
    GNU make is a SystemRequirements.
Flavor: r-devel-linux-x86_64-fedora-clang

Version: 0.11-0
Check: installed package size
Result: NOTE
     installed size is 6.6Mb
     sub-directories of 1Mb or more:
     doc 1.6Mb
     libs 3.3Mb
Flavors: r-devel-linux-x86_64-fedora-gcc, r-devel-windows-ix86+x86_64, r-release-osx-x86_64-mavericks, r-release-windows-ix86+x86_64

Version: 0.11-0
Flags: --no-vignettes
Check: for GNU extensions in Makefiles
Result: NOTE
    GNU make is a SystemRequirements.
Flavor: r-patched-solaris-sparc