CRAN Package Check Results for Package unmarked

Last updated on 2017-07-21 18:47:21.

Flavor Version Tinstall Tcheck Ttotal Status Flags
r-devel-linux-x86_64-debian-clang 0.12-2 42.10 137.85 179.95 NOTE
r-devel-linux-x86_64-debian-gcc 0.12-2 46.64 134.47 181.11 NOTE
r-devel-linux-x86_64-fedora-clang 0.12-2 324.72 NOTE
r-devel-linux-x86_64-fedora-gcc 0.12-2 319.02 NOTE
r-devel-windows-ix86+x86_64 0.12-2 180.00 338.00 518.00 NOTE
r-patched-linux-x86_64 0.12-2 48.14 138.20 186.35 NOTE
r-patched-solaris-x86 0.12-2 340.00 NOTE
r-release-linux-x86_64 0.12-2 47.52 137.76 185.28 NOTE
r-release-windows-ix86+x86_64 0.12-2 125.00 357.00 482.00 NOTE
r-release-osx-x86_64 0.12-2 NOTE
r-oldrel-windows-ix86+x86_64 0.12-2 147.00 314.00 461.00 NOTE
r-oldrel-osx-x86_64 0.12-2 NOTE

Check Details

Version: 0.12-2
Check: for GNU extensions in Makefiles
Result: NOTE
    GNU make is a SystemRequirements.
Flavors: r-devel-linux-x86_64-debian-clang, r-devel-linux-x86_64-debian-gcc, r-devel-linux-x86_64-fedora-clang, r-devel-linux-x86_64-fedora-gcc, r-devel-windows-ix86+x86_64, r-patched-linux-x86_64, r-patched-solaris-x86, r-release-linux-x86_64, r-release-windows-ix86+x86_64, r-release-osx-x86_64, r-oldrel-windows-ix86+x86_64, r-oldrel-osx-x86_64

Version: 0.12-2
Check: installed package size
Result: NOTE
     installed size is 5.5Mb
     sub-directories of 1Mb or more:
     doc 1.6Mb
     libs 2.5Mb
Flavors: r-devel-linux-x86_64-fedora-clang, r-devel-linux-x86_64-fedora-gcc, r-oldrel-osx-x86_64

Version: 0.12-2
Check: re-building of vignette outputs
Result: NOTE
    Error in re-building vignettes:
     ...
    Loading required package: reshape
    Loading required package: lattice
    Loading required package: parallel
    Loading required package: Rcpp
    Error in texi2dvi(file = file, pdf = TRUE, clean = clean, quiet = quiet, :
     Running 'texi2dvi' on 'cap-recap.tex' failed.
    LaTeX errors:
    ! LaTeX Error: File `fullpage.sty' not found.
    
    Type X to quit or <RETURN> to proceed,
    or enter new name. (Default extension: sty)
    
    ! Emergency stop.
    <read *>
    
    l.7 \usepackage
     {amsmath}^^M
    ! ==> Fatal error occurred, no output PDF file produced!
    Calls: buildVignettes -> texi2pdf -> texi2dvi
    Execution halted
Flavor: r-release-osx-x86_64