CRAN Package Check Results for Package unmarked

Last updated on 2015-02-01 11:47:28.

Flavor Version Tinstall Tcheck Ttotal Status Flags
r-devel-linux-x86_64-debian-clang 0.10-6 24.02 97.45 121.47 NOTE
r-devel-linux-x86_64-debian-gcc 0.10-6 27.71 94.49 122.20 NOTE
r-devel-linux-x86_64-fedora-clang 0.10-6 272.53 NOTE
r-devel-linux-x86_64-fedora-gcc 0.10-6 238.69 NOTE
r-devel-osx-x86_64-clang 0.10-6 220.43 NOTE
r-devel-windows-ix86+x86_64 0.10-6 125.00 201.00 326.00 NOTE
r-patched-linux-x86_64 0.10-6 28.21 107.49 135.70 NOTE
r-patched-solaris-sparc 0.10-6 1085.50 NOTE --no-vignettes
r-patched-solaris-x86 0.10-6 314.70 NOTE
r-release-linux-ix86 0.10-6 33.86 137.88 171.73 NOTE
r-release-linux-x86_64 0.10-6 28.50 108.02 136.52 NOTE
r-release-osx-x86_64-mavericks 0.10-6 NOTE
r-release-osx-x86_64-snowleopard 0.10-6 NOTE
r-release-windows-ix86+x86_64 0.10-6 82.00 234.00 316.00 OK
r-oldrel-windows-ix86+x86_64 0.10-6 87.00 255.00 342.00 OK

Check Details

Version: 0.10-6
Check: for GNU extensions in Makefiles
Result: NOTE
    GNU make is a SystemRequirements.
Flavors: r-devel-linux-x86_64-debian-clang, r-devel-linux-x86_64-debian-gcc, r-devel-linux-x86_64-fedora-clang, r-devel-linux-x86_64-fedora-gcc, r-devel-osx-x86_64-clang, r-devel-windows-ix86+x86_64, r-patched-linux-x86_64, r-patched-solaris-x86, r-release-osx-x86_64-mavericks, r-release-osx-x86_64-snowleopard

Version: 0.10-6
Check: installed package size
Result: NOTE
     installed size is 5.4Mb
     sub-directories of 1Mb or more:
     doc 1.6Mb
     libs 2.6Mb
Flavors: r-devel-linux-x86_64-debian-gcc, r-devel-linux-x86_64-fedora-clang, r-devel-linux-x86_64-fedora-gcc, r-patched-linux-x86_64, r-patched-solaris-x86, r-release-linux-ix86, r-release-linux-x86_64

Version: 0.10-6
Flags: --no-vignettes
Check: installed package size
Result: NOTE
     installed size is 6.1Mb
     sub-directories of 1Mb or more:
     doc 1.9Mb
     libs 2.9Mb
Flavor: r-patched-solaris-sparc

Version: 0.10-6
Flags: --no-vignettes
Check: for GNU extensions in Makefiles
Result: NOTE
    GNU make is a SystemRequirements.
Flavor: r-patched-solaris-sparc