CRAN Package Check Results for Package unmarked

Last updated on 2016-08-27 10:48:13.

Flavor Version Tinstall Tcheck Ttotal Status Flags
r-devel-linux-x86_64-debian-clang 0.11-0 38.21 118.16 156.37 NOTE
r-devel-linux-x86_64-debian-gcc 0.11-0 53.69 142.24 195.92 NOTE
r-devel-linux-x86_64-fedora-clang 0.11-0 298.35 NOTE
r-devel-linux-x86_64-fedora-gcc 0.11-0 280.16 NOTE
r-devel-osx-x86_64-clang 0.11-0 211.22 NOTE
r-devel-windows-ix86+x86_64 0.11-0 154.00 219.00 373.00 NOTE
r-patched-linux-x86_64 0.11-0 33.97 110.98 144.95 NOTE
r-patched-solaris-sparc 0.11-0 1372.50 NOTE --no-vignettes
r-patched-solaris-x86 0.11-0 285.00 NOTE
r-release-linux-x86_64 0.11-0 33.42 112.32 145.74 NOTE
r-release-osx-x86_64-mavericks 0.11-0 NOTE
r-release-windows-ix86+x86_64 0.11-0 165.00 282.00 447.00 NOTE
r-oldrel-windows-ix86+x86_64 0.11-0 111.00 244.00 355.00 NOTE

Check Details

Version: 0.11-0
Check: installed package size
Result: NOTE
     installed size is 5.3Mb
     sub-directories of 1Mb or more:
     doc 1.6Mb
     libs 1.9Mb
Flavors: r-devel-linux-x86_64-debian-clang, r-devel-linux-x86_64-debian-gcc, r-devel-linux-x86_64-fedora-clang, r-devel-linux-x86_64-fedora-gcc, r-patched-linux-x86_64, r-release-linux-x86_64, r-release-osx-x86_64-mavericks, r-release-windows-ix86+x86_64

Version: 0.11-0
Check: for GNU extensions in Makefiles
Result: NOTE
    GNU make is a SystemRequirements.
Flavors: r-devel-linux-x86_64-debian-clang, r-devel-linux-x86_64-debian-gcc, r-devel-linux-x86_64-fedora-clang, r-devel-linux-x86_64-fedora-gcc, r-devel-osx-x86_64-clang, r-devel-windows-ix86+x86_64, r-patched-linux-x86_64, r-patched-solaris-x86, r-release-linux-x86_64, r-release-osx-x86_64-mavericks, r-release-windows-ix86+x86_64, r-oldrel-windows-ix86+x86_64

Version: 0.11-0
Flags: --no-vignettes
Check: for GNU extensions in Makefiles
Result: NOTE
    GNU make is a SystemRequirements.
Flavor: r-patched-solaris-sparc