CRAN Package Check Results for Package unmarked

Last updated on 2014-09-02 08:47:29.

Flavor Version Tinstall Tcheck Ttotal Status Flags
r-devel-linux-x86_64-debian-clang 0.10-4 23.14 97.92 121.06 OK
r-devel-linux-x86_64-debian-gcc 0.10-4 27.21 95.20 122.40 NOTE
r-devel-linux-x86_64-fedora-clang 0.10-4 281.84 NOTE
r-devel-linux-x86_64-fedora-gcc 0.10-4 264.55 NOTE
r-devel-osx-x86_64-clang 0.10-4 211.47 OK
r-devel-windows-ix86+x86_64 0.10-4 80.00 193.00 273.00 OK
r-patched-linux-x86_64 0.10-4 27.84 103.32 131.16 NOTE
r-patched-solaris-sparc 0.10-4 1176.10 NOTE --no-vignettes
r-patched-solaris-x86 0.10-4 334.70 NOTE
r-release-linux-ix86 0.10-4 34.32 136.50 170.82 OK
r-release-linux-x86_64 0.10-4 27.78 105.89 133.67 NOTE
r-release-osx-x86_64-mavericks 0.10-4 NOTE
r-release-osx-x86_64-snowleopard 0.10-4 OK
r-release-windows-ix86+x86_64 0.10-4 80.00 214.00 294.00 OK
r-oldrel-windows-ix86+x86_64 0.10-4 103.00 210.00 313.00 OK

Check Details

Version: 0.10-4
Check: installed package size
Result: NOTE
     installed size is 5.4Mb
     sub-directories of 1Mb or more:
     doc 1.6Mb
     libs 2.6Mb
Flavors: r-devel-linux-x86_64-debian-gcc, r-devel-linux-x86_64-fedora-clang, r-devel-linux-x86_64-fedora-gcc, r-patched-linux-x86_64, r-patched-solaris-x86, r-release-linux-x86_64

Version: 0.10-4
Flags: --no-vignettes
Check: installed package size
Result: NOTE
     installed size is 6.1Mb
     sub-directories of 1Mb or more:
     doc 1.9Mb
     libs 2.9Mb
Flavor: r-patched-solaris-sparc

Version: 0.10-4
Check: re-building of vignette outputs
Result: NOTE
    Error in re-building vignettes:
     ...
    Loading required package: reshape
    Loading required package: lattice
    Loading required package: Rcpp
    Error in texi2dvi(file = file, pdf = TRUE, clean = clean, quiet = quiet, :
     Running 'texi2dvi' on 'cap-recap.tex' failed.
    LaTeX errors:
    ! LaTeX Error: File `fullpage.sty' not found.
    
    Type X to quit or <RETURN> to proceed,
    or enter new name. (Default extension: sty)
    
    n_test/unmarked/vignettes/cap-recap.tex:7: ==> Fatal error occurred, no output
     PDF file produced!
    Calls: buildVignettes -> texi2pdf -> texi2dvi
    Execution halted
Flavor: r-release-osx-x86_64-mavericks