CRAN Package Check Results for Package unmarked

Last updated on 2016-02-12 12:47:37.

Flavor Version Tinstall Tcheck Ttotal Status Flags
r-devel-linux-x86_64-debian-gcc 0.11-0 32.56 102.50 135.06 NOTE
r-devel-linux-x86_64-fedora-clang 0.11-0 284.41 NOTE
r-devel-linux-x86_64-fedora-gcc 0.11-0 263.74 NOTE
r-devel-osx-x86_64-clang 0.11-0 261.34 NOTE
r-devel-windows-ix86+x86_64 0.11-0 156.00 214.00 370.00 NOTE
r-patched-linux-x86_64 0.11-0 32.78 128.02 160.79 NOTE
r-patched-solaris-sparc 0.11-0 1374.60 NOTE --no-vignettes
r-patched-solaris-x86 0.11-0 352.90 NOTE
r-release-linux-x86_64 0.11-0 32.82 125.75 158.57 NOTE
r-release-osx-x86_64-mavericks 0.11-0 NOTE
r-release-windows-ix86+x86_64 0.11-0 139.00 245.00 384.00 NOTE
r-oldrel-windows-ix86+x86_64 0.11-0 157.00 289.00 446.00 NOTE

Check Details

Version: 0.11-0
Check: installed package size
Result: NOTE
     installed size is 6.4Mb
     sub-directories of 1Mb or more:
     doc 1.6Mb
     libs 3.0Mb
Flavors: r-devel-linux-x86_64-debian-gcc, r-devel-linux-x86_64-fedora-clang, r-devel-linux-x86_64-fedora-gcc, r-patched-linux-x86_64, r-release-linux-x86_64, r-release-osx-x86_64-mavericks

Version: 0.11-0
Check: for GNU extensions in Makefiles
Result: NOTE
    GNU make is a SystemRequirements.
Flavors: r-devel-linux-x86_64-debian-gcc, r-devel-linux-x86_64-fedora-clang, r-devel-linux-x86_64-fedora-gcc, r-devel-osx-x86_64-clang, r-devel-windows-ix86+x86_64, r-patched-linux-x86_64, r-patched-solaris-x86, r-release-linux-x86_64, r-release-osx-x86_64-mavericks, r-release-windows-ix86+x86_64, r-oldrel-windows-ix86+x86_64

Version: 0.11-0
Flags: --no-vignettes
Check: for GNU extensions in Makefiles
Result: NOTE
    GNU make is a SystemRequirements.
Flavor: r-patched-solaris-sparc