CRAN Package Check Results for Package unmarked

Last updated on 2017-03-24 23:56:17.

Flavor Version Tinstall Tcheck Ttotal Status Flags
r-devel-linux-x86_64-debian-clang 0.11-0 40.58 118.82 159.40 NOTE
r-devel-linux-x86_64-debian-gcc 0.11-0 42.37 117.72 160.09 NOTE
r-devel-linux-x86_64-fedora-clang 0.11-0 309.17 NOTE --no-stop-on-test-error
r-devel-linux-x86_64-fedora-gcc 0.11-0 297.94 NOTE --no-stop-on-test-error
r-devel-macos-x86_64-clang 0.11-0 213.23 NOTE --no-stop-on-test-error
r-devel-windows-ix86+x86_64 0.11-0 135.00 361.00 496.00 NOTE
r-patched-linux-x86_64 0.11-0 34.00 104.66 138.65 NOTE
r-patched-solaris-sparc 0.11-0 1447.80 NOTE --no-vignettes
r-patched-solaris-x86 0.11-0 320.40 NOTE
r-release-linux-x86_64 0.11-0 34.03 105.23 139.26 NOTE
r-release-osx-x86_64-mavericks 0.11-0 NOTE
r-release-windows-ix86+x86_64 0.11-0 170.00 212.00 382.00 NOTE
r-oldrel-windows-ix86+x86_64 0.11-0 115.00 265.00 380.00 NOTE

Check Details

Version: 0.11-0
Check: for GNU extensions in Makefiles
Result: NOTE
    GNU make is a SystemRequirements.
Flavors: r-devel-linux-x86_64-debian-clang, r-devel-linux-x86_64-debian-gcc, r-devel-windows-ix86+x86_64, r-patched-linux-x86_64, r-patched-solaris-x86, r-release-linux-x86_64, r-release-osx-x86_64-mavericks, r-release-windows-ix86+x86_64, r-oldrel-windows-ix86+x86_64

Version: 0.11-0
Check: compiled code
Result: NOTE
    File ‘unmarked/libs/unmarked.so’:
     Found no calls to: ‘R_registerRoutines’, ‘R_useDynamicSymbols’
    
    It is good practice to register native routines and to disable symbol
    search.
    
    See ‘Writing portable packages’ in the ‘Writing R Extensions’ manual.
Flavors: r-devel-linux-x86_64-debian-clang, r-devel-linux-x86_64-debian-gcc

Version: 0.11-0
Flags: --no-stop-on-test-error
Check: installed package size
Result: NOTE
     installed size is 5.6Mb
     sub-directories of 1Mb or more:
     doc 1.6Mb
     libs 2.2Mb
Flavors: r-devel-linux-x86_64-fedora-clang, r-devel-linux-x86_64-fedora-gcc

Version: 0.11-0
Flags: --no-stop-on-test-error
Check: for GNU extensions in Makefiles
Result: NOTE
    GNU make is a SystemRequirements.
Flavors: r-devel-linux-x86_64-fedora-clang, r-devel-linux-x86_64-fedora-gcc, r-devel-macos-x86_64-clang

Version: 0.11-0
Flags: --no-stop-on-test-error
Check: compiled code
Result: NOTE
    File ‘unmarked/libs/unmarked.so’:
     Found no calls to: ‘R_registerRoutines’, ‘R_useDynamicSymbols’
    
    It is good practice to register native routines and to disable symbol
    search.
    
    See ‘Writing portable packages’ in the ‘Writing R Extensions’ manual.
Flavors: r-devel-linux-x86_64-fedora-clang, r-devel-linux-x86_64-fedora-gcc, r-devel-macos-x86_64-clang

Version: 0.11-0
Check: installed package size
Result: NOTE
     installed size is 5.0Mb
     sub-directories of 1Mb or more:
     doc 1.6Mb
     libs 1.7Mb
Flavors: r-devel-windows-ix86+x86_64, r-release-osx-x86_64-mavericks, r-release-windows-ix86+x86_64

Version: 0.11-0
Flags: --no-vignettes
Check: for GNU extensions in Makefiles
Result: NOTE
    GNU make is a SystemRequirements.
Flavor: r-patched-solaris-sparc