CRAN Package Check Results for Package unmarked

Last updated on 2017-02-23 23:50:02.

Flavor Version Tinstall Tcheck Ttotal Status Flags
r-devel-linux-x86_64-debian-clang 0.11-0 39.93 117.17 157.10 NOTE
r-devel-linux-x86_64-debian-gcc 0.11-0 43.04 113.90 156.94 NOTE
r-devel-linux-x86_64-fedora-clang 0.11-0 308.59 NOTE --no-stop-on-test-error
r-devel-linux-x86_64-fedora-gcc 0.11-0 311.36 NOTE --no-stop-on-test-error
r-devel-macos-x86_64-clang 0.11-0 216.28 NOTE --no-stop-on-test-error
r-devel-windows-ix86+x86_64 0.11-0 164.00 421.00 585.00 NOTE
r-patched-linux-x86_64 0.11-0 33.73 105.23 138.97 NOTE
r-patched-solaris-sparc 0.11-0 1428.00 NOTE --no-vignettes
r-patched-solaris-x86 0.11-0 302.20 NOTE
r-release-linux-x86_64 0.11-0 33.56 105.20 138.76 NOTE
r-release-osx-x86_64-mavericks 0.11-0 NOTE
r-release-windows-ix86+x86_64 0.11-0 168.00 318.00 486.00 NOTE
r-oldrel-windows-ix86+x86_64 0.11-0 146.00 453.00 599.00 NOTE

Check Details

Version: 0.11-0
Check: for GNU extensions in Makefiles
Result: NOTE
    GNU make is a SystemRequirements.
Flavors: r-devel-linux-x86_64-debian-clang, r-devel-linux-x86_64-debian-gcc, r-devel-windows-ix86+x86_64, r-patched-linux-x86_64, r-patched-solaris-x86, r-release-linux-x86_64, r-release-osx-x86_64-mavericks, r-release-windows-ix86+x86_64, r-oldrel-windows-ix86+x86_64

Version: 0.11-0
Check: compiled code
Result: NOTE
    File ‘unmarked/libs/unmarked.so’:
     Found no calls to: ‘R_registerRoutines’, ‘R_useDynamicSymbols’
    
    It is good practice to register native routines and to disable symbol
    search.
    
    See ‘Writing portable packages’ in the ‘Writing R Extensions’ manual.
Flavors: r-devel-linux-x86_64-debian-clang, r-devel-linux-x86_64-debian-gcc

Version: 0.11-0
Flags: --no-stop-on-test-error
Check: installed package size
Result: NOTE
     installed size is 5.5Mb
     sub-directories of 1Mb or more:
     doc 1.6Mb
     libs 2.2Mb
Flavors: r-devel-linux-x86_64-fedora-clang, r-devel-linux-x86_64-fedora-gcc

Version: 0.11-0
Flags: --no-stop-on-test-error
Check: for GNU extensions in Makefiles
Result: NOTE
    GNU make is a SystemRequirements.
Flavors: r-devel-linux-x86_64-fedora-clang, r-devel-linux-x86_64-fedora-gcc, r-devel-macos-x86_64-clang

Version: 0.11-0
Flags: --no-stop-on-test-error
Check: compiled code
Result: NOTE
    File ‘unmarked/libs/unmarked.so’:
     Found no calls to: ‘R_registerRoutines’, ‘R_useDynamicSymbols’
    
    It is good practice to register native routines and to disable symbol
    search.
    
    See ‘Writing portable packages’ in the ‘Writing R Extensions’ manual.
Flavors: r-devel-linux-x86_64-fedora-clang, r-devel-linux-x86_64-fedora-gcc, r-devel-macos-x86_64-clang

Version: 0.11-0
Check: installed package size
Result: NOTE
     installed size is 5.0Mb
     sub-directories of 1Mb or more:
     doc 1.6Mb
     libs 1.7Mb
Flavors: r-devel-windows-ix86+x86_64, r-release-osx-x86_64-mavericks, r-release-windows-ix86+x86_64

Version: 0.11-0
Flags: --no-vignettes
Check: for GNU extensions in Makefiles
Result: NOTE
    GNU make is a SystemRequirements.
Flavor: r-patched-solaris-sparc