CRAN Package Check Results for Package unmarked

Last updated on 2015-08-31 08:47:13.

Flavor Version Tinstall Tcheck Ttotal Status Flags
r-devel-linux-x86_64-debian-clang 0.10-6 26.12 101.14 127.25 NOTE
r-devel-linux-x86_64-debian-gcc 0.10-6 27.78 98.69 126.48 NOTE
r-devel-linux-x86_64-fedora-clang 0.10-6 262.12 NOTE
r-devel-linux-x86_64-fedora-gcc 0.10-6 243.80 NOTE
r-devel-osx-x86_64-clang 0.10-6 176.73 NOTE
r-devel-windows-ix86+x86_64 0.10-6 120.00 215.00 335.00 NOTE
r-patched-linux-x86_64 0.10-6 30.09 102.15 132.24 NOTE
r-patched-solaris-sparc 0.10-6 1148.10 NOTE --no-vignettes
r-patched-solaris-x86 0.10-6 292.30 NOTE
r-release-linux-x86_64 0.10-6 28.01 104.26 132.26 NOTE
r-release-osx-x86_64-mavericks 0.10-6 NOTE
r-release-windows-ix86+x86_64 0.10-6 111.00 219.00 330.00 NOTE
r-oldrel-windows-ix86+x86_64 0.10-6 117.00 326.00 443.00 NOTE

Check Details

Version: 0.10-6
Check: R code for possible problems
Result: NOTE
    update,unmarkedFit: warning in deparse(upDetformula, width = 500):
     partial argument match of ‘width’ to ‘width.cutoff’
    update,unmarkedFit: warning in deparse(upStateformula, width = 500):
     partial argument match of ‘width’ to ‘width.cutoff’
    colext: no visible global function definition for ‘as.formula’
    colext.fit: no visible global function definition for ‘as.formula’
    colext.fit : nll: no visible global function definition for ‘plogis’
    colext.fit: no visible global function definition for ‘optim’
    colext.fit: no visible global function definition for ‘plogis’
    csvToUMF: no visible global function definition for ‘read.csv’
    distsamp: no visible global function definition for ‘median’
    distsamp : nll: no visible global function definition for ‘dnorm’
    distsamp : nll: no visible global function definition for ‘pnorm’
    distsamp : nll: no visible global function definition for ‘integrate’
    distsamp : nll: no visible global function definition for ‘dpois’
    distsamp: no visible global function definition for ‘optim’
    drexp: no visible global function definition for ‘integrate’
    drhaz: no visible global function definition for ‘integrate’
    drhn: no visible global function definition for ‘integrate’
    dxexp: no visible global function definition for ‘integrate’
    dxhaz: no visible global function definition for ‘integrate’
    dxhn: no visible global function definition for ‘integrate’
    gdistsamp: no visible global function definition for ‘as.formula’
    gdistsamp : nll: no visible global function definition for ‘plogis’
    gdistsamp : nll : <anonymous>: no visible global function definition
     for ‘dpois’
    gdistsamp : nll : <anonymous>: no visible global function definition
     for ‘dnbinom’
    gdistsamp : nll: no visible global function definition for ‘dnorm’
    gdistsamp : nll: no visible global function definition for ‘pnorm’
    gdistsamp : nll: no visible global function definition for ‘integrate’
    gdistsamp: no visible global function definition for ‘optim’
    getP.bar: no visible global function definition for ‘dpois’
    gmultmix: no visible global function definition for ‘as.formula’
    gmultmix : nll: no visible global function definition for ‘plogis’
    gmultmix : nll : <anonymous>: no visible global function definition for
     ‘dpois’
    gmultmix : nll : <anonymous>: no visible global function definition for
     ‘dnbinom’
    gmultmix: no visible global function definition for ‘optim’
    gpcount: no visible global function definition for ‘as.formula’
    gpcount : nll: no visible global function definition for ‘plogis’
    gpcount : nll: no visible global function definition for ‘dpois’
    gpcount : nll: no visible global function definition for ‘dnbinom’
    gpcount : nll: no visible global function definition for ‘dbinom’
    gpcount: no visible global function definition for ‘optim’
    multinomPois : nll: no visible global function definition for ‘plogis’
    multinomPois : nll: no visible global function definition for ‘dpois’
    multinomPois: no visible global function definition for ‘optim’
    occu : nll: no visible global function definition for ‘plogis’
    occu: no visible global function definition for ‘optim’
    occuFP : nll: no visible global function definition for ‘plogis’
    occuFP: no visible global function definition for ‘optim’
    occuRN : nll: no visible global function definition for ‘plogis’
    occuRN : nll : <anonymous>: no visible global function definition for
     ‘dpois’
    occuRN: no visible global function definition for ‘optim’
    pcount : nll: no visible global function definition for ‘plogis’
    pcount : nll: no visible global function definition for ‘dbinom’
    pcount : nll: no visible global function definition for ‘dpois’
    pcount : nll: no visible global function definition for ‘dnbinom’
    pcount: no visible global function definition for ‘optim’
    pcountOpen: no visible global function definition for ‘as.formula’
    pcountOpen: no visible global function definition for ‘optim’
    profileCI: no visible global function definition for ‘qchisq’
    profileCI : f: no visible global function definition for ‘optim’
    profileCI: no visible global function definition for ‘uniroot’
    rzip: no visible global function definition for ‘rpois’
    rzip: no visible global function definition for ‘runif’
    LRT,unmarkedFit-unmarkedFit: no visible global function definition for
     ‘pchisq’
    [,unmarkedFrame-numeric-missing-missing : <anonymous>: no visible
     binding for global variable ‘.site’
    [,unmarkedMultFrame-numeric-missing-missing : <anonymous>: no visible
     binding for global variable ‘.site’
    confint,unmarkedEstimate: no visible global function definition for
     ‘qnorm’
    confint,unmarkedLinComb: no visible global function definition for
     ‘qnorm’
    fitted,unmarkedFitColExt: no visible global function definition for
     ‘plogis’
    fitted,unmarkedFitGMM: no visible global function definition for
     ‘plogis’
    fitted,unmarkedFitOccu: no visible global function definition for
     ‘plogis’
    fitted,unmarkedFitOccuRN: no visible global function definition for
     ‘plogis’
    fitted,unmarkedFitPCO: no visible global function definition for
     ‘plogis’
    fitted,unmarkedFitPCount: no visible global function definition for
     ‘dnbinom’
    fitted,unmarkedFitPCount: no visible global function definition for
     ‘plogis’
    getB,unmarkedFitOccuFP: no visible binding for global variable
     ‘newdata’
    getB,unmarkedFitOccuFP: no visible global function definition for
     ‘plogis’
    getDesign,unmarkedFrame: no visible global function definition for
     ‘as.formula’
    getDesign,unmarkedFrame: no visible global function definition for
     ‘model.frame’
    getDesign,unmarkedFrame: no visible global function definition for
     ‘model.matrix’
    getDesign,unmarkedFrame: no visible global function definition for
     ‘model.offset’
    getDesign,unmarkedFrameG3: no visible global function definition for
     ‘as.formula’
    getDesign,unmarkedFrameG3: no visible global function definition for
     ‘model.frame’
    getDesign,unmarkedFrameG3: no visible global function definition for
     ‘model.matrix’
    getDesign,unmarkedFrameG3: no visible global function definition for
     ‘model.offset’
    getDesign,unmarkedFrameOccuFP: no visible global function definition
     for ‘model.frame’
    getDesign,unmarkedFrameOccuFP: no visible global function definition
     for ‘model.matrix’
    getDesign,unmarkedFrameOccuFP: no visible global function definition
     for ‘model.offset’
    getDesign,unmarkedFramePCO: no visible global function definition for
     ‘as.formula’
    getDesign,unmarkedFramePCO: no visible global function definition for
     ‘model.frame’
    getDesign,unmarkedFramePCO: no visible global function definition for
     ‘model.matrix’
    getDesign,unmarkedFramePCO: no visible global function definition for
     ‘model.offset’
    getDesign,unmarkedMultFrame: no visible global function definition for
     ‘as.formula’
    getDesign,unmarkedMultFrame: no visible global function definition for
     ‘model.frame’
    getDesign,unmarkedMultFrame: no visible global function definition for
     ‘model.offset’
    getDesign,unmarkedMultFrame: no visible global function definition for
     ‘model.matrix’
    getFP,unmarkedFitOccuFP: no visible binding for global variable
     ‘newdata’
    getFP,unmarkedFitOccuFP: no visible global function definition for
     ‘plogis’
    getP,unmarkedFit: no visible global function definition for
     ‘as.formula’
    getP,unmarkedFit: no visible global function definition for ‘plogis’
    getP,unmarkedFitColExt: no visible global function definition for
     ‘plogis’
    getP,unmarkedFitDS: no visible global function definition for
     ‘as.formula’
    getP,unmarkedFitDS: no visible global function definition for ‘dnorm’
    getP,unmarkedFitDS: no visible global function definition for ‘pnorm’
    getP,unmarkedFitDS: no visible global function definition for
     ‘integrate’
    getP,unmarkedFitGDS: no visible global function definition for
     ‘as.formula’
    getP,unmarkedFitGDS: no visible global function definition for ‘dnorm’
    getP,unmarkedFitGDS: no visible global function definition for ‘pnorm’
    getP,unmarkedFitGDS: no visible global function definition for
     ‘integrate’
    getP,unmarkedFitGMM: no visible global function definition for ‘plogis’
    getP,unmarkedFitGPC: no visible global function definition for ‘plogis’
    getP,unmarkedFitMPois: no visible global function definition for
     ‘as.formula’
    getP,unmarkedFitMPois: no visible global function definition for
     ‘plogis’
    getP,unmarkedFitOccuFP: no visible binding for global variable
     ‘newdata’
    getP,unmarkedFitOccuFP: no visible global function definition for
     ‘plogis’
    getP,unmarkedFitPCO: no visible global function definition for ‘plogis’
    hist,unmarkedFitDS: no visible global function definition for
     ‘integrate’
    hist,unmarkedFitDS: no visible binding for global variable ‘dnorm’
    hist,unmarkedFitDS : <anonymous>: no visible global function definition
     for ‘dnorm’
    hist,unmarkedFitDS: no visible global function definition for ‘abline’
    nonparboot,unmarkedFit: no visible global function definition for ‘cov’
    nonparboot,unmarkedFitColExt: no visible global function definition for
     ‘cov’
    plot,parboot-missing: no visible global function definition for
     ‘abline’
    plot,parboot-missing: no visible global function definition for
     ‘devAskNewPage’
    plot,unmarkedFit-missing: no visible global function definition for
     ‘abline’
    predict,unmarkedFit: no visible global function definition for
     ‘as.formula’
    predict,unmarkedFit: no visible global function definition for
     ‘model.frame’
    predict,unmarkedFit: no visible global function definition for
     ‘model.matrix’
    predict,unmarkedFit: no visible global function definition for
     ‘model.offset’
    predict,unmarkedFit: no visible global function definition for
     ‘getValues’
    predict,unmarkedFit: no visible global function definition for ‘raster’
    predict,unmarkedFit: no visible global function definition for
     ‘extent<-’
    predict,unmarkedFit: no visible global function definition for ‘extent’
    predict,unmarkedFit: no visible global function definition for ‘stack’
    predict,unmarkedFitColExt: no visible global function definition for
     ‘as.formula’
    predict,unmarkedFitColExt: no visible global function definition for
     ‘model.frame’
    predict,unmarkedFitColExt: no visible global function definition for
     ‘model.matrix’
    predict,unmarkedFitColExt: no visible global function definition for
     ‘getValues’
    predict,unmarkedFitColExt: no visible global function definition for
     ‘model.offset’
    predict,unmarkedFitColExt: no visible global function definition for
     ‘raster’
    predict,unmarkedFitColExt: no visible global function definition for
     ‘extent<-’
    predict,unmarkedFitColExt: no visible global function definition for
     ‘extent’
    predict,unmarkedFitColExt: no visible global function definition for
     ‘stack’
    predict,unmarkedFitGMM: no visible global function definition for
     ‘model.frame’
    predict,unmarkedFitGMM: no visible global function definition for
     ‘model.matrix’
    predict,unmarkedFitGMM: no visible global function definition for
     ‘model.offset’
    predict,unmarkedFitGMM: no visible global function definition for
     ‘getValues’
    predict,unmarkedFitGMM: no visible global function definition for
     ‘raster’
    predict,unmarkedFitGMM: no visible global function definition for
     ‘extent<-’
    predict,unmarkedFitGMM: no visible global function definition for
     ‘extent’
    predict,unmarkedFitGMM: no visible global function definition for
     ‘stack’
    predict,unmarkedFitOccuFP: no visible global function definition for
     ‘model.frame’
    predict,unmarkedFitOccuFP: no visible global function definition for
     ‘model.matrix’
    predict,unmarkedFitOccuFP: no visible global function definition for
     ‘model.offset’
    predict,unmarkedFitOccuFP: no visible binding for global variable ‘z’
    predict,unmarkedFitPCO: no visible global function definition for
     ‘model.frame’
    predict,unmarkedFitPCO: no visible global function definition for
     ‘model.matrix’
    predict,unmarkedFitPCO: no visible global function definition for
     ‘model.offset’
    predict,unmarkedFitPCO: no visible global function definition for
     ‘getValues’
    predict,unmarkedFitPCO: no visible global function definition for
     ‘plogis’
    predict,unmarkedFitPCO: no visible global function definition for
     ‘raster’
    predict,unmarkedFitPCO: no visible global function definition for
     ‘extent<-’
    predict,unmarkedFitPCO: no visible global function definition for
     ‘extent’
    predict,unmarkedFitPCO: no visible global function definition for
     ‘stack’
    predict,unmarkedFitPCount: no visible global function definition for
     ‘as.formula’
    predict,unmarkedFitPCount: no visible global function definition for
     ‘model.frame’
    predict,unmarkedFitPCount: no visible global function definition for
     ‘model.matrix’
    predict,unmarkedFitPCount: no visible global function definition for
     ‘model.offset’
    predict,unmarkedFitPCount: no visible global function definition for
     ‘getValues’
    predict,unmarkedFitPCount: no visible global function definition for
     ‘plogis’
    predict,unmarkedFitPCount: no visible global function definition for
     ‘raster’
    predict,unmarkedFitPCount: no visible global function definition for
     ‘extent<-’
    predict,unmarkedFitPCount: no visible global function definition for
     ‘extent’
    predict,unmarkedFitPCount: no visible global function definition for
     ‘stack’
    profile,unmarkedFit : f: no visible global function definition for
     ‘optim’
    ranef,unmarkedFitColExt: no visible global function definition for
     ‘plogis’
    ranef,unmarkedFitColExt: no visible global function definition for
     ‘dbinom’
    ranef,unmarkedFitDS: no visible global function definition for ‘dpois’
    ranef,unmarkedFitDS: no visible global function definition for
     ‘dmultinom’
    ranef,unmarkedFitGMMorGDS: no visible global function definition for
     ‘plogis’
    ranef,unmarkedFitGMMorGDS: no visible global function definition for
     ‘dpois’
    ranef,unmarkedFitGMMorGDS: no visible global function definition for
     ‘dnbinom’
    ranef,unmarkedFitGMMorGDS: no visible global function definition for
     ‘dmultinom’
    ranef,unmarkedFitGPC: no visible global function definition for
     ‘plogis’
    ranef,unmarkedFitGPC: no visible global function definition for ‘dpois’
    ranef,unmarkedFitGPC: no visible global function definition for
     ‘dnbinom’
    ranef,unmarkedFitGPC: no visible global function definition for
     ‘dbinom’
    ranef,unmarkedFitMPois: no visible global function definition for
     ‘dpois’
    ranef,unmarkedFitMPois: no visible global function definition for
     ‘dmultinom’
    ranef,unmarkedFitOccu: no visible global function definition for
     ‘dbinom’
    ranef,unmarkedFitOccuRN: no visible global function definition for
     ‘dpois’
    ranef,unmarkedFitOccuRN: no visible global function definition for
     ‘dbinom’
    ranef,unmarkedFitPCO: no visible global function definition for
     ‘as.formula’
    ranef,unmarkedFitPCO : tp: no visible global function definition for
     ‘dbinom’
    ranef,unmarkedFitPCO : tp: no visible global function definition for
     ‘dpois’
    ranef,unmarkedFitPCO: no visible global function definition for ‘dpois’
    ranef,unmarkedFitPCO: no visible global function definition for
     ‘dnbinom’
    ranef,unmarkedFitPCO: no visible global function definition for
     ‘plogis’
    ranef,unmarkedFitPCO: no visible global function definition for
     ‘dbinom’
    ranef,unmarkedFitPCount: no visible global function definition for
     ‘dpois’
    ranef,unmarkedFitPCount: no visible global function definition for
     ‘dnbinom’
    ranef,unmarkedFitPCount: no visible global function definition for
     ‘plogis’
    ranef,unmarkedFitPCount: no visible global function definition for
     ‘dbinom’
    show,parboot: no visible binding for global variable ‘sd’
    show,parboot: no visible binding for global variable ‘quantile’
    show,unmarkedEstimate: no visible global function definition for
     ‘pnorm’
    simulate,unmarkedFitColExt: no visible global function definition for
     ‘plogis’
    simulate,unmarkedFitColExt: no visible global function definition for
     ‘rbinom’
    simulate,unmarkedFitDS: no visible global function definition for
     ‘rpois’
    simulate,unmarkedFitGDS: no visible global function definition for
     ‘plogis’
    simulate,unmarkedFitGDS: no visible global function definition for
     ‘rpois’
    simulate,unmarkedFitGDS: no visible global function definition for
     ‘rnbinom’
    simulate,unmarkedFitGDS: no visible global function definition for
     ‘rbinom’
    simulate,unmarkedFitGDS: no visible global function definition for
     ‘rmultinom’
    simulate,unmarkedFitGMM: no visible global function definition for
     ‘plogis’
    simulate,unmarkedFitGMM: no visible global function definition for
     ‘rpois’
    simulate,unmarkedFitGMM: no visible global function definition for
     ‘rnbinom’
    simulate,unmarkedFitGMM: no visible global function definition for
     ‘rbinom’
    simulate,unmarkedFitGMM: no visible global function definition for
     ‘rmultinom’
    simulate,unmarkedFitGPC: no visible global function definition for
     ‘plogis’
    simulate,unmarkedFitGPC: no visible global function definition for
     ‘rpois’
    simulate,unmarkedFitGPC: no visible global function definition for
     ‘rnbinom’
    simulate,unmarkedFitGPC: no visible global function definition for
     ‘rbinom’
    simulate,unmarkedFitMPois: no visible global function definition for
     ‘rpois’
    simulate,unmarkedFitOccu: no visible global function definition for
     ‘plogis’
    simulate,unmarkedFitOccu: no visible global function definition for
     ‘rbinom’
    simulate,unmarkedFitOccuFP: no visible binding for global variable
     ‘newdata’
    simulate,unmarkedFitOccuFP: no visible global function definition for
     ‘plogis’
    simulate,unmarkedFitOccuFP: no visible global function definition for
     ‘rbinom’
    simulate,unmarkedFitOccuFP : <anonymous>: no visible global function
     definition for ‘rmultinom’
    simulate,unmarkedFitOccuRN: no visible global function definition for
     ‘plogis’
    simulate,unmarkedFitOccuRN: no visible global function definition for
     ‘rpois’
    simulate,unmarkedFitOccuRN: no visible global function definition for
     ‘rbinom’
    simulate,unmarkedFitPCO: no visible global function definition for
     ‘plogis’
    simulate,unmarkedFitPCO: no visible global function definition for
     ‘rpois’
    simulate,unmarkedFitPCO: no visible global function definition for
     ‘rnbinom’
    simulate,unmarkedFitPCO: no visible global function definition for
     ‘rbinom’
    simulate,unmarkedFitPCount: no visible global function definition for
     ‘rpois’
    simulate,unmarkedFitPCount: no visible global function definition for
     ‘rnbinom’
    simulate,unmarkedFitPCount: no visible global function definition for
     ‘plogis’
    simulate,unmarkedFitPCount: no visible global function definition for
     ‘rbinom’
    summary,unmarkedEstimate: no visible global function definition for
     ‘pnorm’
    update,unmarkedFit: no visible global function definition for ‘formula’
    update,unmarkedFit: no visible global function definition for
     ‘as.formula’
    update,unmarkedFit: no visible global function definition for
     ‘update.formula’
    update,unmarkedFitGMM: no visible global function definition for
     ‘update.formula’
    update,unmarkedFitPCO: no visible global function definition for
     ‘as.formula’
    update,unmarkedFitPCO: no visible global function definition for
     ‘update.formula’
    Undefined global functions or variables:
     .site abline as.formula cov dbinom devAskNewPage dmultinom dnbinom
     dnorm dpois extent extent<- formula getValues integrate median
     model.frame model.matrix model.offset newdata optim pchisq plogis
     pnorm qchisq qnorm quantile raster rbinom read.csv rmultinom rnbinom
     rpois runif sd stack uniroot update.formula z
    Consider adding
     importFrom("grDevices", "devAskNewPage")
     importFrom("graphics", "abline")
     importFrom("stats", "as.formula", "cov", "dbinom", "dmultinom",
     "dnbinom", "dnorm", "dpois", "formula", "integrate",
     "median", "model.frame", "model.matrix", "model.offset",
     "optim", "pchisq", "plogis", "pnorm", "qchisq", "qnorm",
     "quantile", "rbinom", "rmultinom", "rnbinom", "rpois",
     "runif", "sd", "uniroot", "update.formula")
     importFrom("utils", "read.csv", "stack")
    to your NAMESPACE.
Flavors: r-devel-linux-x86_64-debian-clang, r-devel-linux-x86_64-debian-gcc, r-devel-linux-x86_64-fedora-clang, r-devel-linux-x86_64-fedora-gcc, r-devel-windows-ix86+x86_64

Version: 0.10-6
Check: for GNU extensions in Makefiles
Result: NOTE
    GNU make is a SystemRequirements.
Flavors: r-devel-linux-x86_64-debian-clang, r-devel-linux-x86_64-debian-gcc, r-devel-linux-x86_64-fedora-clang, r-devel-linux-x86_64-fedora-gcc, r-devel-osx-x86_64-clang, r-devel-windows-ix86+x86_64, r-patched-linux-x86_64, r-patched-solaris-x86, r-release-linux-x86_64, r-release-osx-x86_64-mavericks, r-release-windows-ix86+x86_64, r-oldrel-windows-ix86+x86_64

Version: 0.10-6
Check: installed package size
Result: NOTE
     installed size is 5.5Mb
     sub-directories of 1Mb or more:
     doc 1.6Mb
     libs 2.7Mb
Flavors: r-devel-linux-x86_64-debian-gcc, r-devel-linux-x86_64-fedora-clang, r-devel-linux-x86_64-fedora-gcc, r-patched-linux-x86_64, r-release-linux-x86_64

Version: 0.10-6
Check: R code for possible problems
Result: NOTE
    update,unmarkedFit: warning in deparse(upDetformula, width = 500):
     partial argument match of 'width' to 'width.cutoff'
    update,unmarkedFit: warning in deparse(upStateformula, width = 500):
     partial argument match of 'width' to 'width.cutoff'
    [,unmarkedFrame-numeric-missing-missing : <anonymous>: no visible
     binding for global variable ‘.site’
    [,unmarkedMultFrame-numeric-missing-missing : <anonymous>: no visible
     binding for global variable ‘.site’
    getB,unmarkedFitOccuFP: no visible binding for global variable
     ‘newdata’
    getFP,unmarkedFitOccuFP: no visible binding for global variable
     ‘newdata’
    getP,unmarkedFitOccuFP: no visible binding for global variable
     ‘newdata’
    predict,unmarkedFit: no visible global function definition for
     ‘getValues’
    predict,unmarkedFit: no visible global function definition for ‘raster’
    predict,unmarkedFit: no visible global function definition for
     ‘extent<-’
    predict,unmarkedFit: no visible global function definition for ‘extent’
    predict,unmarkedFitColExt: no visible global function definition for
     ‘getValues’
    predict,unmarkedFitColExt: no visible global function definition for
     ‘raster’
    predict,unmarkedFitColExt: no visible global function definition for
     ‘extent<-’
    predict,unmarkedFitColExt: no visible global function definition for
     ‘extent’
    predict,unmarkedFitGMM: no visible global function definition for
     ‘getValues’
    predict,unmarkedFitGMM: no visible global function definition for
     ‘raster’
    predict,unmarkedFitGMM: no visible global function definition for
     ‘extent<-’
    predict,unmarkedFitGMM: no visible global function definition for
     ‘extent’
    predict,unmarkedFitOccuFP: no visible binding for global variable ‘z’
    predict,unmarkedFitPCO: no visible global function definition for
     ‘getValues’
    predict,unmarkedFitPCO: no visible global function definition for
     ‘raster’
    predict,unmarkedFitPCO: no visible global function definition for
     ‘extent<-’
    predict,unmarkedFitPCO: no visible global function definition for
     ‘extent’
    predict,unmarkedFitPCount: no visible global function definition for
     ‘getValues’
    predict,unmarkedFitPCount: no visible global function definition for
     ‘raster’
    predict,unmarkedFitPCount: no visible global function definition for
     ‘extent<-’
    predict,unmarkedFitPCount: no visible global function definition for
     ‘extent’
    simulate,unmarkedFitOccuFP: no visible binding for global variable
     ‘newdata’
    Undefined global functions or variables:
     .site extent extent<- getValues newdata raster z
Flavor: r-devel-osx-x86_64-clang

Version: 0.10-6
Check: R code for possible problems
Result: NOTE
    update,unmarkedFit : .local: warning in deparse(upDetformula, width =
     500): partial argument match of ‘width’ to ‘width.cutoff’
    update,unmarkedFit : .local: warning in deparse(upStateformula, width =
     500): partial argument match of ‘width’ to ‘width.cutoff’
    [,unmarkedFrame-numeric-missing-missing : .local : <anonymous>: no
     visible binding for global variable ‘.site’
    [,unmarkedMultFrame-numeric-missing-missing : .local : <anonymous>: no
     visible binding for global variable ‘.site’
    getB,unmarkedFitOccuFP : .local: no visible binding for global variable
     ‘newdata’
    getFP,unmarkedFitOccuFP : .local: no visible binding for global
     variable ‘newdata’
    getP,unmarkedFitOccuFP : .local: no visible binding for global variable
     ‘newdata’
    predict,unmarkedFit : .local: no visible global function definition for
     ‘getValues’
    predict,unmarkedFit : .local: no visible global function definition for
     ‘raster’
    predict,unmarkedFit : .local: no visible global function definition for
     ‘extent<-’
    predict,unmarkedFit : .local: no visible global function definition for
     ‘extent’
    predict,unmarkedFitColExt : .local: no visible global function
     definition for ‘getValues’
    predict,unmarkedFitColExt : .local: no visible global function
     definition for ‘raster’
    predict,unmarkedFitColExt : .local: no visible global function
     definition for ‘extent<-’
    predict,unmarkedFitColExt : .local: no visible global function
     definition for ‘extent’
    predict,unmarkedFitGMM : .local: no visible global function definition
     for ‘getValues’
    predict,unmarkedFitGMM : .local: no visible global function definition
     for ‘raster’
    predict,unmarkedFitGMM : .local: no visible global function definition
     for ‘extent<-’
    predict,unmarkedFitGMM : .local: no visible global function definition
     for ‘extent’
    predict,unmarkedFitOccuFP : .local: no visible binding for global
     variable ‘z’
    predict,unmarkedFitPCO : .local: no visible global function definition
     for ‘getValues’
    predict,unmarkedFitPCO : .local: no visible global function definition
     for ‘raster’
    predict,unmarkedFitPCO : .local: no visible global function definition
     for ‘extent<-’
    predict,unmarkedFitPCO : .local: no visible global function definition
     for ‘extent’
    predict,unmarkedFitPCount : .local: no visible global function
     definition for ‘getValues’
    predict,unmarkedFitPCount : .local: no visible global function
     definition for ‘raster’
    predict,unmarkedFitPCount : .local: no visible global function
     definition for ‘extent<-’
    predict,unmarkedFitPCount : .local: no visible global function
     definition for ‘extent’
    simulate,unmarkedFitOccuFP : .local: no visible binding for global
     variable ‘newdata’
Flavors: r-patched-linux-x86_64, r-patched-solaris-x86, r-release-linux-x86_64, r-release-windows-ix86+x86_64, r-oldrel-windows-ix86+x86_64

Version: 0.10-6
Flags: --no-vignettes
Check: R code for possible problems
Result: NOTE
    update,unmarkedFit : .local: warning in deparse(upDetformula, width =
     500): partial argument match of 'width' to 'width.cutoff'
    update,unmarkedFit : .local: warning in deparse(upStateformula, width =
     500): partial argument match of 'width' to 'width.cutoff'
    [,unmarkedFrame-numeric-missing-missing : .local : <anonymous>: no
     visible binding for global variable ‘.site’
    [,unmarkedMultFrame-numeric-missing-missing : .local : <anonymous>: no
     visible binding for global variable ‘.site’
    getB,unmarkedFitOccuFP : .local: no visible binding for global variable
     ‘newdata’
    getFP,unmarkedFitOccuFP : .local: no visible binding for global
     variable ‘newdata’
    getP,unmarkedFitOccuFP : .local: no visible binding for global variable
     ‘newdata’
    predict,unmarkedFit : .local: no visible global function definition for
     ‘getValues’
    predict,unmarkedFit : .local: no visible global function definition for
     ‘raster’
    predict,unmarkedFit : .local: no visible global function definition for
     ‘extent<-’
    predict,unmarkedFit : .local: no visible global function definition for
     ‘extent’
    predict,unmarkedFitColExt : .local: no visible global function
     definition for ‘getValues’
    predict,unmarkedFitColExt : .local: no visible global function
     definition for ‘raster’
    predict,unmarkedFitColExt : .local: no visible global function
     definition for ‘extent<-’
    predict,unmarkedFitColExt : .local: no visible global function
     definition for ‘extent’
    predict,unmarkedFitGMM : .local: no visible global function definition
     for ‘getValues’
    predict,unmarkedFitGMM : .local: no visible global function definition
     for ‘raster’
    predict,unmarkedFitGMM : .local: no visible global function definition
     for ‘extent<-’
    predict,unmarkedFitGMM : .local: no visible global function definition
     for ‘extent’
    predict,unmarkedFitOccuFP : .local: no visible binding for global
     variable ‘z’
    predict,unmarkedFitPCO : .local: no visible global function definition
     for ‘getValues’
    predict,unmarkedFitPCO : .local: no visible global function definition
     for ‘raster’
    predict,unmarkedFitPCO : .local: no visible global function definition
     for ‘extent<-’
    predict,unmarkedFitPCO : .local: no visible global function definition
     for ‘extent’
    predict,unmarkedFitPCount : .local: no visible global function
     definition for ‘getValues’
    predict,unmarkedFitPCount : .local: no visible global function
     definition for ‘raster’
    predict,unmarkedFitPCount : .local: no visible global function
     definition for ‘extent<-’
    predict,unmarkedFitPCount : .local: no visible global function
     definition for ‘extent’
    simulate,unmarkedFitOccuFP : .local: no visible binding for global
     variable ‘newdata’
Flavor: r-patched-solaris-sparc

Version: 0.10-6
Flags: --no-vignettes
Check: for GNU extensions in Makefiles
Result: NOTE
    GNU make is a SystemRequirements.
Flavor: r-patched-solaris-sparc