CRAN Package Check Results for Package unmarked

Last updated on 2016-07-30 21:47:02.

Flavor Version Tinstall Tcheck Ttotal Status Flags
r-devel-linux-x86_64-debian-clang 0.11-0 42.39 115.06 157.45 NOTE
r-devel-linux-x86_64-debian-gcc 0.11-0 46.79 112.14 158.93 NOTE
r-devel-linux-x86_64-fedora-clang 0.11-0 286.89 NOTE
r-devel-linux-x86_64-fedora-gcc 0.11-0 260.09 NOTE
r-devel-osx-x86_64-clang 0.11-0 210.06 NOTE
r-devel-windows-ix86+x86_64 0.11-0 113.00 236.00 349.00 NOTE
r-patched-linux-x86_64 0.11-0 32.94 112.04 144.99 NOTE
r-patched-solaris-sparc 0.11-0 1442.00 NOTE --no-vignettes
r-patched-solaris-x86 0.11-0 293.70 NOTE
r-release-linux-x86_64 0.11-0 38.04 128.51 166.54 NOTE
r-release-osx-x86_64-mavericks 0.11-0 NOTE
r-release-windows-ix86+x86_64 0.11-0 153.00 299.00 452.00 NOTE
r-oldrel-windows-ix86+x86_64 0.11-0 139.00 380.00 519.00 NOTE

Check Details

Version: 0.11-0
Check: installed package size
Result: NOTE
     installed size is 5.4Mb
     sub-directories of 1Mb or more:
     doc 1.6Mb
     libs 2.0Mb
Flavors: r-devel-linux-x86_64-debian-clang, r-devel-linux-x86_64-debian-gcc, r-devel-linux-x86_64-fedora-clang, r-devel-linux-x86_64-fedora-gcc, r-devel-windows-ix86+x86_64, r-patched-linux-x86_64, r-release-linux-x86_64, r-release-osx-x86_64-mavericks

Version: 0.11-0
Check: for GNU extensions in Makefiles
Result: NOTE
    GNU make is a SystemRequirements.
Flavors: r-devel-linux-x86_64-debian-clang, r-devel-linux-x86_64-debian-gcc, r-devel-linux-x86_64-fedora-clang, r-devel-linux-x86_64-fedora-gcc, r-devel-osx-x86_64-clang, r-devel-windows-ix86+x86_64, r-patched-linux-x86_64, r-patched-solaris-x86, r-release-linux-x86_64, r-release-osx-x86_64-mavericks, r-release-windows-ix86+x86_64, r-oldrel-windows-ix86+x86_64

Version: 0.11-0
Flags: --no-vignettes
Check: for GNU extensions in Makefiles
Result: NOTE
    GNU make is a SystemRequirements.
Flavor: r-patched-solaris-sparc