CRAN Package Check Results for Package unmarked

Last updated on 2016-05-27 23:47:33.

Flavor Version Tinstall Tcheck Ttotal Status Flags
r-devel-linux-x86_64-debian-gcc 0.11-0 48.14 107.08 155.22 NOTE
r-devel-linux-x86_64-fedora-clang 0.11-0 282.68 NOTE
r-devel-linux-x86_64-fedora-gcc 0.11-0 264.43 NOTE
r-devel-osx-x86_64-clang 0.11-0 272.39 NOTE
r-devel-windows-ix86+x86_64 0.11-0 113.00 239.00 352.00 NOTE
r-patched-linux-x86_64 0.11-0 33.60 104.55 138.14 NOTE
r-patched-solaris-sparc 0.11-0 1431.40 NOTE --no-vignettes
r-patched-solaris-x86 0.11-0 305.20 NOTE
r-release-linux-x86_64 0.11-0 33.74 104.28 138.02 NOTE
r-release-osx-x86_64-mavericks 0.11-0 NOTE
r-release-windows-ix86+x86_64 0.11-0 159.00 240.00 399.00 NOTE

Check Details

Version: 0.11-0
Check: installed package size
Result: NOTE
     installed size is 6.6Mb
     sub-directories of 1Mb or more:
     doc 1.6Mb
     libs 3.3Mb
Flavors: r-devel-linux-x86_64-debian-gcc, r-devel-linux-x86_64-fedora-clang, r-devel-linux-x86_64-fedora-gcc, r-devel-windows-ix86+x86_64, r-patched-linux-x86_64, r-release-linux-x86_64, r-release-osx-x86_64-mavericks

Version: 0.11-0
Check: for GNU extensions in Makefiles
Result: NOTE
    GNU make is a SystemRequirements.
Flavors: r-devel-linux-x86_64-debian-gcc, r-devel-linux-x86_64-fedora-clang, r-devel-linux-x86_64-fedora-gcc, r-devel-osx-x86_64-clang, r-devel-windows-ix86+x86_64, r-patched-linux-x86_64, r-patched-solaris-x86, r-release-linux-x86_64, r-release-osx-x86_64-mavericks, r-release-windows-ix86+x86_64, r-oldrel-windows-ix86+x86_64

Version: 0.11-0
Flags: --no-vignettes
Check: for GNU extensions in Makefiles
Result: NOTE
    GNU make is a SystemRequirements.
Flavor: r-patched-solaris-sparc