CRAN Package Check Results for Package unmarked

Last updated on 2015-05-28 19:47:47.

Flavor Version Tinstall Tcheck Ttotal Status Flags
r-devel-linux-x86_64-debian-clang 0.10-6 27.80 98.62 126.42 NOTE
r-devel-linux-x86_64-debian-gcc 0.10-6 28.12 95.91 124.03 NOTE
r-devel-linux-x86_64-fedora-clang 0.10-6 259.49 NOTE
r-devel-linux-x86_64-fedora-gcc 0.10-6 240.48 NOTE
r-devel-osx-x86_64-clang 0.10-6 203.49 NOTE
r-devel-windows-ix86+x86_64 0.10-6 92.00 185.00 277.00 NOTE
r-patched-linux-x86_64 0.10-6 28.13 98.39 126.52 NOTE
r-patched-solaris-sparc 0.10-6 1118.30 NOTE --no-vignettes
r-patched-solaris-x86 0.10-6 285.40 NOTE
r-release-linux-x86_64 0.10-6 28.66 99.71 128.36 NOTE
r-release-osx-x86_64-mavericks 0.10-6 NOTE
r-release-osx-x86_64-snowleopard 0.10-6 WARN
r-release-windows-ix86+x86_64 0.10-6 90.00 181.00 271.00 NOTE
r-oldrel-windows-ix86+x86_64 0.10-6 91.00 202.00 293.00 NOTE

Check Details

Version: 0.10-6
Check: for GNU extensions in Makefiles
Result: NOTE
    GNU make is a SystemRequirements.
Flavors: r-devel-linux-x86_64-debian-clang, r-devel-linux-x86_64-debian-gcc, r-devel-linux-x86_64-fedora-clang, r-devel-linux-x86_64-fedora-gcc, r-devel-osx-x86_64-clang, r-devel-windows-ix86+x86_64, r-patched-linux-x86_64, r-patched-solaris-x86, r-release-linux-x86_64, r-release-osx-x86_64-mavericks, r-release-osx-x86_64-snowleopard, r-release-windows-ix86+x86_64, r-oldrel-windows-ix86+x86_64

Version: 0.10-6
Check: installed package size
Result: NOTE
     installed size is 5.6Mb
     sub-directories of 1Mb or more:
     doc 1.6Mb
     libs 2.7Mb
Flavors: r-devel-linux-x86_64-debian-gcc, r-devel-linux-x86_64-fedora-clang, r-devel-linux-x86_64-fedora-gcc, r-patched-linux-x86_64, r-patched-solaris-x86, r-release-linux-x86_64

Version: 0.10-6
Flags: --no-vignettes
Check: installed package size
Result: NOTE
     installed size is 6.3Mb
     sub-directories of 1Mb or more:
     doc 1.9Mb
     libs 3.0Mb
Flavor: r-patched-solaris-sparc

Version: 0.10-6
Flags: --no-vignettes
Check: for GNU extensions in Makefiles
Result: NOTE
    GNU make is a SystemRequirements.
Flavor: r-patched-solaris-sparc

Version: 0.10-6
Check: package dependencies
Result: NOTE
    Package suggested but not available for checking: ‘raster’
Flavor: r-release-osx-x86_64-snowleopard

Version: 0.10-6
Check: running R code from vignettes
Result: WARN
    Errors in running code in vignettes:
    when running code in ‘spp-dist.Rnw’
     ...
    > library(unmarked)
    Loading required package: reshape
    Loading required package: lattice
    Loading required package: Rcpp
    
    > library(raster)
    
     When sourcing ‘spp-dist.R’:
    Error: there is no package called ‘raster’
    Execution halted
Flavor: r-release-osx-x86_64-snowleopard

Version: 0.10-6
Check: re-building of vignette outputs
Result: NOTE
    Error in re-building vignettes:
     ...
    Loading required package: reshape
    Loading required package: lattice
    Loading required package: Rcpp
    
    Error: processing vignette 'spp-dist.Rnw' failed with diagnostics:
     chunk 2
    Error in library(raster) : there is no package called ‘raster’
    Execution halted
Flavor: r-release-osx-x86_64-snowleopard