CRAN Package Check Results for Package unmarked

Last updated on 2015-03-30 08:50:14.

Flavor Version Tinstall Tcheck Ttotal Status Flags
r-devel-linux-x86_64-debian-clang 0.10-6 25.47 96.73 122.20 NOTE
r-devel-linux-x86_64-debian-gcc 0.10-6 29.11 95.07 124.18 NOTE
r-devel-linux-x86_64-fedora-clang 0.10-6 259.90 NOTE
r-devel-linux-x86_64-fedora-gcc 0.10-6 239.54 NOTE
r-devel-osx-x86_64-clang 0.10-6 217.66 NOTE
r-prerel-windows-ix86+x86_64 0.10-6 88.00 185.00 273.00 NOTE
r-prerel-linux-x86_64 0.10-6 27.14 95.34 122.48 NOTE
r-prerel-solaris-sparc 0.10-6 1126.40 NOTE --no-vignettes
r-prerel-solaris-x86 0.10-6 282.40 NOTE
r-release-linux-x86_64 0.10-6 28.42 105.16 133.58 NOTE
r-release-osx-x86_64-mavericks 0.10-6 NOTE
r-release-osx-x86_64-snowleopard 0.10-6 NOTE
r-release-windows-ix86+x86_64 0.10-6 86.00 209.00 295.00 NOTE
r-oldrel-windows-ix86+x86_64 0.10-6 88.00 216.00 304.00 OK

Check Details

Version: 0.10-6
Check: for GNU extensions in Makefiles
Result: NOTE
    GNU make is a SystemRequirements.
Flavors: r-devel-linux-x86_64-debian-clang, r-devel-linux-x86_64-debian-gcc, r-devel-linux-x86_64-fedora-clang, r-devel-linux-x86_64-fedora-gcc, r-devel-osx-x86_64-clang, r-prerel-windows-ix86+x86_64, r-prerel-linux-x86_64, r-prerel-solaris-x86, r-release-linux-x86_64, r-release-osx-x86_64-mavericks, r-release-osx-x86_64-snowleopard, r-release-windows-ix86+x86_64

Version: 0.10-6
Check: installed package size
Result: NOTE
     installed size is 5.5Mb
     sub-directories of 1Mb or more:
     doc 1.6Mb
     libs 2.6Mb
Flavors: r-devel-linux-x86_64-debian-gcc, r-devel-linux-x86_64-fedora-clang, r-devel-linux-x86_64-fedora-gcc, r-prerel-linux-x86_64, r-prerel-solaris-x86, r-release-linux-x86_64

Version: 0.10-6
Flags: --no-vignettes
Check: installed package size
Result: NOTE
     installed size is 6.3Mb
     sub-directories of 1Mb or more:
     doc 1.9Mb
     libs 3.0Mb
Flavor: r-prerel-solaris-sparc

Version: 0.10-6
Flags: --no-vignettes
Check: for GNU extensions in Makefiles
Result: NOTE
    GNU make is a SystemRequirements.
Flavor: r-prerel-solaris-sparc