CRAN Package Check Results for Package unmarked

Last updated on 2018-04-21 16:47:17 CEST.

Flavor Version Tinstall Tcheck Ttotal Status Flags
r-devel-linux-x86_64-debian-clang 0.12-2 87.01 182.37 269.38 NOTE
r-devel-linux-x86_64-debian-gcc 0.12-2 71.01 137.87 208.88 NOTE
r-devel-linux-x86_64-fedora-clang 0.12-2 327.94 NOTE
r-devel-linux-x86_64-fedora-gcc 0.12-2 334.62 NOTE
r-devel-windows-ix86+x86_64 0.12-2 192.00 244.00 436.00 NOTE
r-devel-osx-x86_64 0.12-2 NOTE
r-patched-linux-x86_64 0.12-2 91.01 174.90 265.91 NOTE
r-patched-solaris-x86 0.12-2 369.10 NOTE
r-release-linux-x86_64 0.12-2 73.51 193.00 266.51 NOTE
r-release-windows-ix86+x86_64 0.12-2 129.00 354.00 483.00 NOTE
r-release-osx-x86_64 0.12-2 NOTE
r-oldrel-windows-ix86+x86_64 0.12-2 194.00 252.00 446.00 NOTE

Check Details

Version: 0.12-2
Check: for GNU extensions in Makefiles
Result: NOTE
    GNU make is a SystemRequirements.
Flavors: r-devel-linux-x86_64-debian-clang, r-devel-linux-x86_64-debian-gcc, r-devel-linux-x86_64-fedora-clang, r-devel-linux-x86_64-fedora-gcc, r-devel-windows-ix86+x86_64, r-devel-osx-x86_64, r-patched-linux-x86_64, r-patched-solaris-x86, r-release-linux-x86_64, r-release-windows-ix86+x86_64, r-release-osx-x86_64, r-oldrel-windows-ix86+x86_64

Version: 0.12-2
Check: installed package size
Result: NOTE
     installed size is 6.2Mb
     sub-directories of 1Mb or more:
     R 1.0Mb
     doc 1.6Mb
     libs 2.7Mb
Flavors: r-devel-linux-x86_64-fedora-clang, r-devel-linux-x86_64-fedora-gcc, r-devel-windows-ix86+x86_64, r-devel-osx-x86_64

Version: 0.12-2
Check: re-building of vignette outputs
Result: NOTE
    Error in re-building vignettes:
     ...
    Loading required package: reshape
    Loading required package: lattice
    Loading required package: parallel
    Loading required package: Rcpp
    Error in texi2dvi(file = file, pdf = TRUE, clean = clean, quiet = quiet, :
     Running 'texi2dvi' on 'cap-recap.tex' failed.
    LaTeX errors:
    ! LaTeX Error: File `fullpage.sty' not found.
    
    Type X to quit or <RETURN> to proceed,
    or enter new name. (Default extension: sty)
    
    ! Emergency stop.
    <read *>
    
    l.7 \usepackage
     {amsmath}^^M
    ! ==> Fatal error occurred, no output PDF file produced!
    Calls: buildVignettes -> texi2pdf -> texi2dvi
    Execution halted
Flavor: r-release-osx-x86_64