CRAN Package Check Results for Package unmarked

Last updated on 2019-05-25 05:47:03 CEST.

Flavor Version Tinstall Tcheck Ttotal Status Flags
r-devel-linux-x86_64-debian-clang 0.12-3 108.59 256.88 365.47 NOTE
r-devel-linux-x86_64-debian-gcc 0.12-3 92.63 195.32 287.95 NOTE
r-devel-linux-x86_64-fedora-clang 0.12-3 503.78 NOTE
r-devel-linux-x86_64-fedora-gcc 0.12-3 455.01 NOTE
r-devel-windows-ix86+x86_64 0.12-3 199.00 407.00 606.00 NOTE
r-patched-linux-x86_64 0.12-3 NOTE
r-patched-solaris-x86 0.12-3 555.60 NOTE
r-release-linux-x86_64 0.12-3 117.73 257.93 375.66 NOTE
r-release-windows-ix86+x86_64 0.12-3 265.00 386.00 651.00 NOTE
r-release-osx-x86_64 0.12-3 NOTE
r-oldrel-windows-ix86+x86_64 0.12-3 253.00 321.00 574.00 NOTE
r-oldrel-osx-x86_64 0.12-3 NOTE

Check Details

Version: 0.12-3
Check: for GNU extensions in Makefiles
Result: NOTE
    GNU make is a SystemRequirements.
Flavors: r-devel-linux-x86_64-debian-clang, r-devel-linux-x86_64-debian-gcc, r-devel-linux-x86_64-fedora-clang, r-devel-linux-x86_64-fedora-gcc, r-devel-windows-ix86+x86_64, r-patched-linux-x86_64, r-patched-solaris-x86, r-release-linux-x86_64, r-release-windows-ix86+x86_64, r-release-osx-x86_64, r-oldrel-windows-ix86+x86_64, r-oldrel-osx-x86_64

Version: 0.12-3
Check: installed package size
Result: NOTE
     installed size is 7.9Mb
     sub-directories of 1Mb or more:
     R 1.2Mb
     doc 1.6Mb
     libs 4.2Mb
Flavors: r-devel-linux-x86_64-fedora-clang, r-devel-windows-ix86+x86_64, r-release-windows-ix86+x86_64, r-release-osx-x86_64, r-oldrel-windows-ix86+x86_64, r-oldrel-osx-x86_64