CRAN Package Check Results for Package unmarked

Last updated on 2016-09-26 17:48:36.

Flavor Version Tinstall Tcheck Ttotal Status Flags
r-devel-linux-x86_64-debian-clang 0.11-0 38.06 110.35 148.41 NOTE
r-devel-linux-x86_64-debian-gcc 0.11-0 40.84 110.90 151.74 NOTE
r-devel-linux-x86_64-fedora-clang 0.11-0 201.39 NOTE
r-devel-linux-x86_64-fedora-gcc 0.11-0 272.83 NOTE
r-devel-macos-x86_64-clang 0.11-0 200.06 NOTE
r-devel-windows-ix86+x86_64 0.11-0 156.00 290.00 446.00 NOTE
r-patched-linux-x86_64 0.11-0 33.50 112.04 145.54 NOTE
r-patched-solaris-sparc 0.11-0 1372.50 NOTE --no-vignettes
r-patched-solaris-x86 0.11-0 293.60 NOTE
r-release-linux-x86_64 0.11-0 33.31 112.02 145.32 NOTE
r-release-osx-x86_64-mavericks 0.11-0 NOTE
r-release-windows-ix86+x86_64 0.11-0 173.00 296.00 469.00 NOTE
r-oldrel-windows-ix86+x86_64 0.11-0 146.00 350.00 496.00 NOTE

Check Details

Version: 0.11-0
Check: installed package size
Result: NOTE
     installed size is 5.3Mb
     sub-directories of 1Mb or more:
     doc 1.6Mb
     libs 2.0Mb
Flavors: r-devel-linux-x86_64-debian-clang, r-devel-linux-x86_64-debian-gcc, r-devel-linux-x86_64-fedora-clang, r-devel-linux-x86_64-fedora-gcc, r-devel-windows-ix86+x86_64, r-patched-linux-x86_64, r-release-linux-x86_64, r-release-osx-x86_64-mavericks, r-release-windows-ix86+x86_64

Version: 0.11-0
Check: for GNU extensions in Makefiles
Result: NOTE
    GNU make is a SystemRequirements.
Flavors: r-devel-linux-x86_64-debian-clang, r-devel-linux-x86_64-debian-gcc, r-devel-linux-x86_64-fedora-clang, r-devel-linux-x86_64-fedora-gcc, r-devel-macos-x86_64-clang, r-devel-windows-ix86+x86_64, r-patched-linux-x86_64, r-patched-solaris-x86, r-release-linux-x86_64, r-release-osx-x86_64-mavericks, r-release-windows-ix86+x86_64, r-oldrel-windows-ix86+x86_64

Version: 0.11-0
Flags: --no-vignettes
Check: for GNU extensions in Makefiles
Result: NOTE
    GNU make is a SystemRequirements.
Flavor: r-patched-solaris-sparc