CRAN Package Check Results for Package unmarked

Last updated on 2017-01-24 05:49:18.

Flavor Version Tinstall Tcheck Ttotal Status Flags
r-devel-linux-x86_64-debian-clang 0.11-0 38.59 123.61 162.20 NOTE
r-devel-linux-x86_64-debian-gcc 0.11-0 41.77 119.76 161.53 NOTE
r-devel-linux-x86_64-fedora-clang 0.11-0 303.65 NOTE --no-stop-on-test-error
r-devel-linux-x86_64-fedora-gcc 0.11-0 296.30 NOTE --no-stop-on-test-error
r-devel-macos-x86_64-clang 0.11-0 213.08 NOTE --no-stop-on-test-error
r-devel-windows-ix86+x86_64 0.11-0 118.00 262.00 380.00 NOTE
r-patched-linux-x86_64 0.11-0 33.60 111.88 145.48 NOTE
r-patched-solaris-sparc 0.11-0 1428.00 NOTE --no-vignettes
r-patched-solaris-x86 0.11-0 309.20 NOTE
r-release-linux-x86_64 0.11-0 34.16 109.48 143.64 NOTE
r-release-osx-x86_64-mavericks 0.11-0 NOTE
r-release-windows-ix86+x86_64 0.11-0 223.00 250.00 473.00 NOTE
r-oldrel-windows-ix86+x86_64 0.11-0 222.00 451.00 673.00 NOTE

Check Details

Version: 0.11-0
Check: for GNU extensions in Makefiles
Result: NOTE
    GNU make is a SystemRequirements.
Flavors: r-devel-linux-x86_64-debian-clang, r-devel-linux-x86_64-debian-gcc, r-devel-windows-ix86+x86_64, r-patched-linux-x86_64, r-patched-solaris-x86, r-release-linux-x86_64, r-release-osx-x86_64-mavericks, r-release-windows-ix86+x86_64, r-oldrel-windows-ix86+x86_64

Version: 0.11-0
Flags: --no-stop-on-test-error
Check: installed package size
Result: NOTE
     installed size is 5.5Mb
     sub-directories of 1Mb or more:
     doc 1.6Mb
     libs 2.2Mb
Flavors: r-devel-linux-x86_64-fedora-clang, r-devel-linux-x86_64-fedora-gcc

Version: 0.11-0
Flags: --no-stop-on-test-error
Check: for GNU extensions in Makefiles
Result: NOTE
    GNU make is a SystemRequirements.
Flavors: r-devel-linux-x86_64-fedora-clang, r-devel-linux-x86_64-fedora-gcc, r-devel-macos-x86_64-clang

Version: 0.11-0
Check: installed package size
Result: NOTE
     installed size is 5.0Mb
     sub-directories of 1Mb or more:
     doc 1.6Mb
     libs 1.7Mb
Flavors: r-devel-windows-ix86+x86_64, r-release-osx-x86_64-mavericks, r-release-windows-ix86+x86_64

Version: 0.11-0
Flags: --no-vignettes
Check: for GNU extensions in Makefiles
Result: NOTE
    GNU make is a SystemRequirements.
Flavor: r-patched-solaris-sparc