CRAN Package Check Results for Package unmarked

Last updated on 2016-06-30 03:47:19.

Flavor Version Tinstall Tcheck Ttotal Status Flags
r-devel-linux-x86_64-debian-gcc 0.11-0 48.44 112.72 161.16 NOTE
r-devel-linux-x86_64-fedora-clang 0.11-0 286.96 NOTE
r-devel-linux-x86_64-fedora-gcc 0.11-0 267.51 NOTE
r-devel-osx-x86_64-clang 0.11-0 207.49 NOTE
r-devel-windows-ix86+x86_64 0.11-0 115.00 222.00 337.00 NOTE
r-patched-linux-x86_64 0.11-0 33.45 110.84 144.29 NOTE
r-patched-solaris-sparc 0.11-0 1445.10 NOTE --no-vignettes
r-patched-solaris-x86 0.11-0 298.60 NOTE
r-release-linux-x86_64 0.11-0 33.02 105.69 138.71 NOTE
r-release-osx-x86_64-mavericks 0.11-0 NOTE
r-release-windows-ix86+x86_64 0.11-0 152.00 311.00 463.00 NOTE
r-oldrel-windows-ix86+x86_64 0.11-0 148.00 279.00 427.00 NOTE

Check Details

Version: 0.11-0
Check: installed package size
Result: NOTE
     installed size is 6.6Mb
     sub-directories of 1Mb or more:
     doc 1.6Mb
     libs 3.3Mb
Flavors: r-devel-linux-x86_64-debian-gcc, r-devel-linux-x86_64-fedora-clang, r-devel-linux-x86_64-fedora-gcc, r-devel-windows-ix86+x86_64, r-patched-linux-x86_64, r-patched-solaris-x86, r-release-linux-x86_64, r-release-osx-x86_64-mavericks

Version: 0.11-0
Check: for GNU extensions in Makefiles
Result: NOTE
    GNU make is a SystemRequirements.
Flavors: r-devel-linux-x86_64-debian-gcc, r-devel-linux-x86_64-fedora-clang, r-devel-linux-x86_64-fedora-gcc, r-devel-osx-x86_64-clang, r-devel-windows-ix86+x86_64, r-patched-linux-x86_64, r-patched-solaris-x86, r-release-linux-x86_64, r-release-osx-x86_64-mavericks, r-release-windows-ix86+x86_64, r-oldrel-windows-ix86+x86_64

Version: 0.11-0
Flags: --no-vignettes
Check: installed package size
Result: NOTE
     installed size is 9.2Mb
     sub-directories of 1Mb or more:
     doc 1.9Mb
     libs 5.4Mb
Flavor: r-patched-solaris-sparc

Version: 0.11-0
Flags: --no-vignettes
Check: for GNU extensions in Makefiles
Result: NOTE
    GNU make is a SystemRequirements.
Flavor: r-patched-solaris-sparc