CRAN Package Check Results for Package unmarked

Last updated on 2016-04-29 11:48:48.

Flavor Version Tinstall Tcheck Ttotal Status Flags
r-devel-linux-x86_64-debian-gcc 0.11-0 32.94 104.93 137.87 NOTE
r-devel-linux-x86_64-fedora-clang 0.11-0 281.77 NOTE
r-devel-linux-x86_64-fedora-gcc 0.11-0 262.99 NOTE
r-devel-osx-x86_64-clang 0.11-0 268.16 NOTE
r-devel-windows-ix86+x86_64 0.11-0 119.00 229.00 348.00 NOTE
r-patched-linux-x86_64 0.11-0 33.33 105.74 139.07 NOTE
r-patched-solaris-sparc 0.11-0 1421.70 NOTE --no-vignettes
r-patched-solaris-x86 0.11-0 299.10 NOTE
r-release-linux-x86_64 0.11-0 33.51 128.67 162.18 NOTE
r-release-osx-x86_64-mavericks 0.11-0 NOTE
r-release-windows-ix86+x86_64 0.11-0 113.00 259.00 372.00 NOTE
r-oldrel-windows-ix86+x86_64 0.11-0 141.00 280.00 421.00 NOTE

Check Details

Version: 0.11-0
Check: installed package size
Result: NOTE
     installed size is 6.4Mb
     sub-directories of 1Mb or more:
     doc 1.6Mb
     libs 3.0Mb
Flavors: r-devel-linux-x86_64-debian-gcc, r-devel-linux-x86_64-fedora-clang, r-devel-linux-x86_64-fedora-gcc, r-devel-windows-ix86+x86_64, r-patched-linux-x86_64, r-release-linux-x86_64, r-release-osx-x86_64-mavericks

Version: 0.11-0
Check: for GNU extensions in Makefiles
Result: NOTE
    GNU make is a SystemRequirements.
Flavors: r-devel-linux-x86_64-debian-gcc, r-devel-linux-x86_64-fedora-clang, r-devel-linux-x86_64-fedora-gcc, r-devel-osx-x86_64-clang, r-devel-windows-ix86+x86_64, r-patched-linux-x86_64, r-patched-solaris-x86, r-release-linux-x86_64, r-release-osx-x86_64-mavericks, r-release-windows-ix86+x86_64, r-oldrel-windows-ix86+x86_64

Version: 0.11-0
Flags: --no-vignettes
Check: for GNU extensions in Makefiles
Result: NOTE
    GNU make is a SystemRequirements.
Flavor: r-patched-solaris-sparc