CRAN Package Check Results for Package unnest

Last updated on 2021-04-10 15:48:01 CEST.

Flavor Version Tinstall Tcheck Ttotal Status Flags
r-devel-linux-x86_64-debian-clang 0.0.2 13.61 41.87 55.48 NOTE
r-devel-linux-x86_64-debian-gcc 0.0.2 10.73 29.99 40.72 NOTE
r-devel-linux-x86_64-fedora-clang 0.0.2 76.73 NOTE
r-devel-linux-x86_64-fedora-gcc 0.0.2 66.27 NOTE
r-devel-windows-ix86+x86_64 0.0.2 36.00 61.00 97.00 NOTE
r-devel-windows-x86_64-gcc10-UCRT 0.0.2 NOTE
r-patched-linux-x86_64 0.0.2 13.61 38.16 51.77 OK
r-patched-solaris-x86 0.0.2 116.20 OK
r-release-linux-x86_64 0.0.2 12.74 38.13 50.87 OK
r-release-macos-x86_64 0.0.2 OK
r-release-windows-ix86+x86_64 0.0.2 31.00 86.00 117.00 OK
r-oldrel-macos-x86_64 0.0.2 OK
r-oldrel-windows-ix86+x86_64 0.0.2 35.00 55.00 90.00 OK

Check Details

Version: 0.0.2
Check: LazyData
Result: NOTE
     'LazyData' is specified without a 'data' directory
Flavors: r-devel-linux-x86_64-debian-clang, r-devel-linux-x86_64-debian-gcc, r-devel-linux-x86_64-fedora-clang, r-devel-linux-x86_64-fedora-gcc, r-devel-windows-ix86+x86_64, r-devel-windows-x86_64-gcc10-UCRT