Last updated on 2021-04-15 04:48:59 CEST.
Flavor | Version | Tinstall | Tcheck | Ttotal | Status | Flags |
---|---|---|---|---|---|---|
r-devel-linux-x86_64-debian-clang | 0.1.0 | 9.41 | 61.18 | 70.59 | OK | |
r-devel-linux-x86_64-debian-gcc | 0.1.0 | 7.74 | 45.93 | 53.67 | OK | |
r-devel-linux-x86_64-fedora-clang | 0.1.0 | 95.19 | NOTE | |||
r-devel-linux-x86_64-fedora-gcc | 0.1.0 | 85.67 | NOTE | |||
r-devel-windows-ix86+x86_64 | 0.1.0 | 19.00 | 71.00 | 90.00 | OK | |
r-devel-windows-x86_64-gcc10-UCRT | 0.1.0 | NOTE | ||||
r-patched-linux-x86_64 | 0.1.0 | 9.57 | 56.76 | 66.33 | OK | |
r-patched-solaris-x86 | 0.1.0 | 122.40 | NOTE | |||
r-release-linux-x86_64 | 0.1.0 | 8.14 | 56.73 | 64.87 | OK | |
r-release-macos-x86_64 | 0.1.0 | NOTE | ||||
r-release-windows-ix86+x86_64 | 0.1.0 | 20.00 | 88.00 | 108.00 | OK | |
r-oldrel-macos-x86_64 | 0.1.0 | NOTE | ||||
r-oldrel-windows-ix86+x86_64 | 0.1.0 | 12.00 | 58.00 | 70.00 | OK |
Version: 0.1.0
Check: data for non-ASCII characters
Result: NOTE
Note: found 3345 marked UTF-8 strings
Flavors: r-devel-linux-x86_64-fedora-clang, r-devel-linux-x86_64-fedora-gcc, r-devel-windows-x86_64-gcc10-UCRT, r-patched-solaris-x86, r-release-macos-x86_64, r-oldrel-macos-x86_64