CRAN Package Check Results for Package unsystation

Last updated on 2022-12-08 02:51:15 CET.

Flavor Version Tinstall Tcheck Ttotal Status Flags
r-devel-linux-x86_64-debian-clang 0.2.0 34.74 29.42 64.16 NOTE
r-devel-linux-x86_64-debian-gcc 0.2.0 25.59 22.51 48.10 NOTE
r-devel-linux-x86_64-fedora-clang 0.2.0 98.64 NOTE
r-devel-linux-x86_64-fedora-gcc 0.2.0 91.04 NOTE
r-devel-windows-x86_64 0.2.0 35.00 78.00 113.00 NOTE
r-patched-linux-x86_64 0.2.0 27.95 27.53 55.48 NOTE
r-release-linux-x86_64 0.2.0 27.23 28.18 55.41 NOTE
r-release-macos-arm64 0.2.0 29.00 NOTE
r-release-macos-x86_64 0.2.0 34.00 NOTE
r-release-windows-x86_64 0.2.0 31.00 80.00 111.00 NOTE
r-oldrel-macos-arm64 0.2.0 33.00 NOTE
r-oldrel-macos-x86_64 0.2.0 47.00 NOTE
r-oldrel-windows-ix86+x86_64 0.2.0 83.00 76.00 159.00 NOTE

Check Details

Version: 0.2.0
Check: LazyData
Result: NOTE
     'LazyData' is specified without a 'data' directory
Flavors: r-devel-linux-x86_64-debian-clang, r-devel-linux-x86_64-debian-gcc, r-devel-linux-x86_64-fedora-clang, r-devel-linux-x86_64-fedora-gcc, r-devel-windows-x86_64, r-patched-linux-x86_64, r-release-linux-x86_64, r-release-macos-arm64, r-release-macos-x86_64, r-release-windows-x86_64, r-oldrel-macos-arm64, r-oldrel-macos-x86_64, r-oldrel-windows-ix86+x86_64