CRAN Package Check Results for Package untb

Last updated on 2015-03-03 03:49:11.

Flavor Version Tinstall Tcheck Ttotal Status Flags
r-devel-linux-x86_64-debian-clang 1.7-2 3.37 52.56 55.92 NOTE
r-devel-linux-x86_64-debian-gcc 1.7-2 3.03 50.23 53.26 NOTE
r-devel-linux-x86_64-fedora-clang 1.7-2 109.00 NOTE
r-devel-linux-x86_64-fedora-gcc 1.7-2 104.37 NOTE
r-devel-osx-x86_64-clang 1.7-2 97.90 NOTE
r-devel-windows-ix86+x86_64 1.7-2 12.00 98.00 110.00 OK
r-patched-linux-x86_64 1.7-2 3.78 60.10 63.88 OK
r-patched-solaris-sparc 1.7-2 767.20 OK
r-patched-solaris-x86 1.7-2 149.90 OK
r-release-linux-ix86 1.7-2 4.81 76.47 81.28 OK
r-release-linux-x86_64 1.7-2 4.34 61.12 65.45 OK
r-release-osx-x86_64-mavericks 1.7-2 OK
r-release-osx-x86_64-snowleopard 1.7-2 OK
r-release-windows-ix86+x86_64 1.7-2 14.00 87.00 101.00 OK
r-oldrel-windows-ix86+x86_64 1.7-2 10.00 91.00 101.00 OK

Check Details

Version: 1.7-2
Check: S3 generic/method consistency
Result: NOTE
    Found the following apparent S3 methods exported but not registered:
     +.census +.count plot.census plot.count plot.preston print.preston
     print.summary.count summary.census summary.count
    See section ‘Registering S3 methods’ in the ‘Writing R Extensions’
    manual.
Flavors: r-devel-linux-x86_64-debian-clang, r-devel-linux-x86_64-debian-gcc, r-devel-linux-x86_64-fedora-clang, r-devel-linux-x86_64-fedora-gcc, r-devel-osx-x86_64-clang