CRAN Package Check Results for Package untb

Last updated on 2015-07-05 03:47:51.

Flavor Version Tinstall Tcheck Ttotal Status Flags
r-devel-linux-x86_64-debian-clang 1.7-2 3.08 50.68 53.76 NOTE
r-devel-linux-x86_64-debian-gcc 1.7-2 3.00 49.79 52.79 NOTE
r-devel-linux-x86_64-fedora-clang 1.7-2 106.29 NOTE
r-devel-linux-x86_64-fedora-gcc 1.7-2 100.27 NOTE
r-devel-osx-x86_64-clang 1.7-2 78.74 NOTE
r-devel-windows-ix86+x86_64 1.7-2 8.00 76.00 84.00 NOTE
r-patched-linux-x86_64 1.7-2 3.03 49.51 52.54 NOTE
r-patched-solaris-sparc 1.7-2 673.90 NOTE
r-patched-solaris-x86 1.7-2 130.80 NOTE
r-release-linux-x86_64 1.7-2 3.06 51.39 54.45 NOTE
r-release-osx-x86_64-mavericks 1.7-2 OK
r-release-windows-ix86+x86_64 1.7-2 12.00 74.00 86.00 OK
r-oldrel-windows-ix86+x86_64 1.7-2 9.00 91.00 100.00 OK

Check Details

Version: 1.7-2
Check: S3 generic/method consistency
Result: NOTE
    Found the following apparent S3 methods exported but not registered:
     +.census +.count plot.census plot.count plot.preston print.preston
     print.summary.count summary.census summary.count
    See section ‘Registering S3 methods’ in the ‘Writing R Extensions’
    manual.
Flavors: r-devel-linux-x86_64-debian-clang, r-devel-linux-x86_64-debian-gcc, r-devel-linux-x86_64-fedora-clang, r-devel-linux-x86_64-fedora-gcc, r-devel-osx-x86_64-clang, r-patched-linux-x86_64, r-patched-solaris-sparc, r-patched-solaris-x86, r-release-linux-x86_64

Version: 1.7-2
Check: R code for possible problems
Result: NOTE
    alonso.eqn12: no visible global function definition for ‘integrate’
    display.untb: no visible global function definition for ‘rgb’
    display.untb: no visible global function definition for ‘runif’
    display.untb: no visible global function definition for ‘plot’
    display.untb: no visible global function definition for ‘points’
    fisher.ecosystem: no visible global function definition for ‘rpois’
    fishers.alpha: no visible global function definition for ‘uniroot’
    logkda.polyn: no visible global function definition for ‘coef’
    optimal.params: no visible global function definition for ‘optim’
    optimal.params.gst: no visible global function definition for
     ‘quantile’
    optimal.params.sloss: no visible global function definition for
     ‘optimize’
    optimal.params.sloss: no visible global function definition for
     ‘quantile’
    optimal.theta: no visible global function definition for ‘optimize’
    optimal.theta: no visible global function definition for ‘uniroot’
    plot.census: no visible global function definition for ‘plot.default’
    plot.census: no visible global function definition for ‘points’
    plot.count: no visible global function definition for ‘plot.default’
    plot.count: no visible global function definition for ‘points’
    plot.preston: no visible global function definition for ‘barplot’
    preston: no visible global function definition for ‘hist’
    rand.neutral: no visible global function definition for ‘runif’
    select.immigrate: no visible global function definition for ‘runif’
    select.mutate: no visible global function definition for ‘runif’
    vallade.eqn17: no visible global function definition for ‘integrate’
    volkov : f: no visible global function definition for ‘integrate’
    Undefined global functions or variables:
     barplot coef hist integrate optim optimize plot plot.default points
     quantile rgb rpois runif uniroot
Flavors: r-devel-linux-x86_64-debian-clang, r-devel-linux-x86_64-debian-gcc, r-devel-linux-x86_64-fedora-clang, r-devel-linux-x86_64-fedora-gcc, r-devel-windows-ix86+x86_64