CRAN Package Check Results for Package untb

Last updated on 2015-04-19 19:52:08.

Flavor Version Tinstall Tcheck Ttotal Status Flags
r-devel-linux-x86_64-debian-clang 1.7-2 3.35 51.06 54.40 NOTE
r-devel-linux-x86_64-debian-gcc 1.7-2 3.22 49.68 52.90 NOTE
r-devel-linux-x86_64-fedora-clang 1.7-2 105.36 NOTE
r-devel-linux-x86_64-fedora-gcc 1.7-2 102.96 NOTE
r-devel-osx-x86_64-clang 1.7-2 92.88 NOTE
r-devel-windows-ix86+x86_64 1.7-2 10.00 70.00 80.00 OK
r-patched-linux-x86_64 1.7-2 3.10 50.70 53.80 NOTE
r-patched-solaris-sparc 1.7-2 686.70 OK
r-patched-solaris-x86 1.7-2 129.80 OK
r-release-linux-x86_64 1.7-2 3.05 46.55 49.60 NOTE
r-release-osx-x86_64-mavericks 1.7-2 OK
r-release-osx-x86_64-snowleopard 1.7-2 OK
r-release-windows-ix86+x86_64 1.7-2 6.00 66.00 72.00 OK
r-oldrel-windows-ix86+x86_64 1.7-2 7.00 101.00 108.00 OK

Check Details

Version: 1.7-2
Check: S3 generic/method consistency
Result: NOTE
    Found the following apparent S3 methods exported but not registered:
     +.census +.count plot.census plot.count plot.preston print.preston
     print.summary.count summary.census summary.count
    See section ‘Registering S3 methods’ in the ‘Writing R Extensions’
    manual.
Flavors: r-devel-linux-x86_64-debian-clang, r-devel-linux-x86_64-debian-gcc, r-devel-linux-x86_64-fedora-clang, r-devel-linux-x86_64-fedora-gcc, r-devel-osx-x86_64-clang, r-patched-linux-x86_64, r-release-linux-x86_64