CRAN Package Check Results for Package untb

Last updated on 2015-05-28 12:48:12.

Flavor Version Tinstall Tcheck Ttotal Status Flags
r-devel-linux-x86_64-debian-clang 1.7-2 3.24 50.58 53.82 NOTE
r-devel-linux-x86_64-debian-gcc 1.7-2 3.53 49.94 53.47 NOTE
r-devel-linux-x86_64-fedora-clang 1.7-2 107.77 NOTE
r-devel-linux-x86_64-fedora-gcc 1.7-2 103.41 NOTE
r-devel-osx-x86_64-clang 1.7-2 92.81 NOTE
r-devel-windows-ix86+x86_64 1.7-2 9.00 64.00 73.00 OK
r-patched-linux-x86_64 1.7-2 3.14 50.79 53.94 NOTE
r-patched-solaris-sparc 1.7-2 673.90 NOTE
r-patched-solaris-x86 1.7-2 130.20 NOTE
r-release-linux-x86_64 1.7-2 3.42 51.42 54.84 NOTE
r-release-osx-x86_64-mavericks 1.7-2 OK
r-release-osx-x86_64-snowleopard 1.7-2 OK
r-release-windows-ix86+x86_64 1.7-2 8.00 74.00 82.00 OK
r-oldrel-windows-ix86+x86_64 1.7-2 9.00 118.00 127.00 OK

Check Details

Version: 1.7-2
Check: S3 generic/method consistency
Result: NOTE
    Found the following apparent S3 methods exported but not registered:
     +.census +.count plot.census plot.count plot.preston print.preston
     print.summary.count summary.census summary.count
    See section ‘Registering S3 methods’ in the ‘Writing R Extensions’
    manual.
Flavors: r-devel-linux-x86_64-debian-clang, r-devel-linux-x86_64-debian-gcc, r-devel-linux-x86_64-fedora-clang, r-devel-linux-x86_64-fedora-gcc, r-devel-osx-x86_64-clang, r-patched-linux-x86_64, r-patched-solaris-sparc, r-patched-solaris-x86, r-release-linux-x86_64