CRAN Package Check Results for Package untb

Last updated on 2015-01-26 10:47:23.

Flavor Version Tinstall Tcheck Ttotal Status Flags
r-devel-linux-x86_64-debian-clang 1.7-2 3.46 57.24 60.70 OK
r-devel-linux-x86_64-debian-gcc 1.7-2 3.38 53.83 57.21 OK
r-devel-linux-x86_64-fedora-clang 1.7-2 123.18 NOTE
r-devel-linux-x86_64-fedora-gcc 1.7-2 117.21 NOTE
r-devel-osx-x86_64-clang 1.7-2 108.69 NOTE
r-devel-windows-ix86+x86_64 1.7-2 12.00 90.00 102.00 OK
r-patched-linux-x86_64 1.7-2 3.73 59.62 63.36 OK
r-patched-solaris-sparc 1.7-2 767.20 OK
r-patched-solaris-x86 1.7-2 150.50 OK
r-release-linux-ix86 1.7-2 4.89 73.52 78.41 OK
r-release-linux-x86_64 1.7-2 3.72 60.51 64.23 OK
r-release-osx-x86_64-mavericks 1.7-2 OK
r-release-osx-x86_64-snowleopard 1.7-2 OK
r-release-windows-ix86+x86_64 1.7-2 9.00 84.00 93.00 OK
r-oldrel-windows-ix86+x86_64 1.7-2 14.00 100.00 114.00 OK

Check Details

Version: 1.7-2
Check: S3 generic/method consistency
Result: NOTE
    Found the following apparent S3 methods exported but not registered:
     print.preston print.summary.count summary.census summary.count
     plot.census plot.count plot.preston +.census +.count
    See section ‘Registering S3 methods’ in the ‘Writing R Extensions’
    manual.
Flavors: r-devel-linux-x86_64-fedora-clang, r-devel-linux-x86_64-fedora-gcc, r-devel-osx-x86_64-clang