CRAN Package Check Results for Package untb

Last updated on 2015-09-03 09:47:20.

Flavor Version Tinstall Tcheck Ttotal Status Flags
r-devel-linux-x86_64-debian-clang 1.7-2 3.00 49.77 52.77 NOTE
r-devel-linux-x86_64-debian-gcc 1.7-2 3.20 50.10 53.30 NOTE
r-devel-linux-x86_64-fedora-clang 1.7-2 102.94 NOTE
r-devel-linux-x86_64-fedora-gcc 1.7-2 98.95 NOTE
r-devel-osx-x86_64-clang 1.7-2 77.01 NOTE
r-devel-windows-ix86+x86_64 1.7-2 9.00 78.00 87.00 NOTE
r-patched-linux-x86_64 1.7-2 3.09 50.23 53.32 NOTE
r-patched-solaris-sparc 1.7-2 694.50 NOTE
r-patched-solaris-x86 1.7-2 130.20 NOTE
r-release-linux-x86_64 1.7-2 3.18 51.03 54.21 NOTE
r-release-osx-x86_64-mavericks 1.7-2 OK
r-release-windows-ix86+x86_64 1.7-2 10.00 72.00 82.00 OK
r-oldrel-windows-ix86+x86_64 1.7-2 12.00 94.00 106.00 OK

Check Details

Version: 1.7-2
Check: S3 generic/method consistency
Result: NOTE
    Found the following apparent S3 methods exported but not registered:
     +.census +.count plot.census plot.count plot.preston print.preston
     print.summary.count summary.census summary.count
    See section ‘Registering S3 methods’ in the ‘Writing R Extensions’
    manual.
Flavors: r-devel-linux-x86_64-debian-clang, r-devel-linux-x86_64-debian-gcc, r-devel-linux-x86_64-fedora-clang, r-devel-linux-x86_64-fedora-gcc, r-devel-osx-x86_64-clang, r-patched-linux-x86_64, r-patched-solaris-sparc, r-patched-solaris-x86, r-release-linux-x86_64

Version: 1.7-2
Check: R code for possible problems
Result: NOTE
    alonso.eqn12: no visible global function definition for ‘integrate’
    display.untb: no visible global function definition for ‘rgb’
    display.untb: no visible global function definition for ‘runif’
    display.untb: no visible global function definition for ‘plot’
    display.untb: no visible global function definition for ‘points’
    fisher.ecosystem: no visible global function definition for ‘rpois’
    fishers.alpha: no visible global function definition for ‘uniroot’
    logkda.polyn: no visible global function definition for ‘coef’
    optimal.params: no visible global function definition for ‘optim’
    optimal.params.gst: no visible global function definition for
     ‘quantile’
    optimal.params.sloss: no visible global function definition for
     ‘optimize’
    optimal.params.sloss: no visible global function definition for
     ‘quantile’
    optimal.theta: no visible global function definition for ‘optimize’
    optimal.theta: no visible global function definition for ‘uniroot’
    plot.census: no visible global function definition for ‘plot.default’
    plot.census: no visible global function definition for ‘points’
    plot.count: no visible global function definition for ‘plot.default’
    plot.count: no visible global function definition for ‘points’
    plot.preston: no visible global function definition for ‘barplot’
    preston: no visible global function definition for ‘hist’
    rand.neutral: no visible global function definition for ‘runif’
    select.immigrate: no visible global function definition for ‘runif’
    select.mutate: no visible global function definition for ‘runif’
    vallade.eqn17: no visible global function definition for ‘integrate’
    volkov : f: no visible global function definition for ‘integrate’
    Undefined global functions or variables:
     barplot coef hist integrate optim optimize plot plot.default points
     quantile rgb rpois runif uniroot
    Consider adding
     importFrom("grDevices", "rgb")
     importFrom("graphics", "barplot", "hist", "plot", "plot.default",
     "points")
     importFrom("stats", "coef", "integrate", "optim", "optimize",
     "quantile", "rpois", "runif", "uniroot")
    to your NAMESPACE.
Flavors: r-devel-linux-x86_64-debian-clang, r-devel-linux-x86_64-debian-gcc, r-devel-linux-x86_64-fedora-clang, r-devel-linux-x86_64-fedora-gcc, r-devel-windows-ix86+x86_64