CRAN Package Check Results for Package unvotes

Last updated on 2019-10-23 17:50:14 CEST.

Flavor Version Tinstall Tcheck Ttotal Status Flags
r-devel-linux-x86_64-debian-clang 0.2.0 4.70 51.96 56.66 OK
r-devel-linux-x86_64-debian-gcc 0.2.0 4.60 45.36 49.96 OK
r-devel-linux-x86_64-fedora-clang 0.2.0 77.96 NOTE
r-devel-linux-x86_64-fedora-gcc 0.2.0 78.60 NOTE
r-devel-windows-ix86+x86_64 0.2.0 11.00 102.00 113.00 OK
r-patched-linux-x86_64 0.2.0 4.34 51.94 56.28 OK
r-patched-solaris-x86 0.2.0 116.70 NOTE
r-release-linux-x86_64 0.2.0 4.91 51.98 56.89 OK
r-release-windows-ix86+x86_64 0.2.0 17.00 97.00 114.00 OK
r-release-osx-x86_64 0.2.0 NOTE
r-oldrel-windows-ix86+x86_64 0.2.0 10.00 133.00 143.00 OK
r-oldrel-osx-x86_64 0.2.0 NOTE

Check Details

Version: 0.2.0
Check: data for non-ASCII characters
Result: NOTE
     Note: found 4494 marked UTF-8 strings
Flavors: r-devel-linux-x86_64-fedora-clang, r-devel-linux-x86_64-fedora-gcc, r-patched-solaris-x86, r-release-osx-x86_64, r-oldrel-osx-x86_64