CRAN Package Check Results for Package upclass

Last updated on 2018-02-24 10:49:14 CET.

Flavor Version Tinstall Tcheck Ttotal Status Flags
r-devel-linux-x86_64-debian-clang 2.0 1.15 28.35 29.50 NOTE
r-devel-linux-x86_64-debian-gcc 2.0 1.09 22.31 23.40 NOTE
r-devel-linux-x86_64-fedora-clang 2.0 36.56 NOTE
r-devel-linux-x86_64-fedora-gcc 2.0 35.56 NOTE
r-devel-windows-ix86+x86_64 2.0 7.00 61.00 68.00 NOTE
r-patched-linux-x86_64 2.0 1.00 27.81 28.81 NOTE
r-patched-solaris-x86 2.0 43.70 NOTE
r-release-linux-x86_64 2.0 0.78 27.74 28.52 NOTE
r-release-windows-ix86+x86_64 2.0 3.00 62.00 65.00 NOTE
r-release-osx-x86_64 2.0 NOTE
r-oldrel-windows-ix86+x86_64 2.0 2.00 57.00 59.00 NOTE
r-oldrel-osx-x86_64 2.0 NOTE

Check Details

Version: 2.0
Check: S3 generic/method consistency
Result: NOTE
    Found the following apparent S3 methods exported but not registered:
     plot.upclassfit print.upclassfit summary.upclassfit
    See section ‘Registering S3 methods’ in the ‘Writing R Extensions’
    manual.
Flavors: r-devel-linux-x86_64-debian-clang, r-devel-linux-x86_64-debian-gcc, r-devel-linux-x86_64-fedora-clang, r-devel-linux-x86_64-fedora-gcc, r-patched-linux-x86_64, r-patched-solaris-x86, r-release-linux-x86_64

Version: 2.0
Check: R code for possible problems
Result: NOTE
    plot.upclassfit: no visible global function definition for ‘frame’
    plot.upclassfit: no visible global function definition for ‘par’
    plot.upclassfit: no visible global function definition for ‘axis’
    plot.upclassfit: no visible global function definition for ‘matplot’
    plot.upclassfit: no visible global function definition for ‘legend’
    plot.upclassfit: no visible global function definition for ‘title’
    Undefined global functions or variables:
     axis frame legend matplot par title
    Consider adding
     importFrom("graphics", "axis", "frame", "legend", "matplot", "par",
     "title")
    to your NAMESPACE file.
Flavors: r-devel-linux-x86_64-debian-clang, r-devel-linux-x86_64-debian-gcc, r-devel-linux-x86_64-fedora-clang, r-devel-linux-x86_64-fedora-gcc, r-devel-windows-ix86+x86_64, r-patched-linux-x86_64, r-patched-solaris-x86, r-release-linux-x86_64, r-release-windows-ix86+x86_64, r-release-osx-x86_64, r-oldrel-windows-ix86+x86_64, r-oldrel-osx-x86_64