CRAN Package Check Results for Package upclass

Last updated on 2015-05-27 11:49:40.

Flavor Version Tinstall Tcheck Ttotal Status Flags
r-devel-linux-x86_64-debian-clang 2.0 0.79 15.99 16.78 NOTE
r-devel-linux-x86_64-debian-gcc 2.0 0.66 15.69 16.36 NOTE
r-devel-linux-x86_64-fedora-clang 2.0 33.06 NOTE
r-devel-linux-x86_64-fedora-gcc 2.0 31.65 NOTE
r-devel-osx-x86_64-clang 2.0 37.97 NOTE
r-devel-windows-ix86+x86_64 2.0 2.00 28.00 30.00 OK
r-patched-linux-x86_64 2.0 0.67 15.88 16.55 NOTE
r-patched-solaris-sparc 2.0 187.10 NOTE
r-patched-solaris-x86 2.0 41.50 NOTE
r-release-linux-x86_64 2.0 0.74 15.84 16.59 NOTE
r-release-osx-x86_64-mavericks 2.0 OK
r-release-osx-x86_64-snowleopard 2.0 OK
r-release-windows-ix86+x86_64 2.0 3.00 29.00 32.00 OK
r-oldrel-windows-ix86+x86_64 2.0 4.00 28.00 32.00 OK

Check Details

Version: 2.0
Check: S3 generic/method consistency
Result: NOTE
    Found the following apparent S3 methods exported but not registered:
     plot.upclassfit print.upclassfit summary.upclassfit
    See section ‘Registering S3 methods’ in the ‘Writing R Extensions’
    manual.
Flavors: r-devel-linux-x86_64-debian-clang, r-devel-linux-x86_64-debian-gcc, r-devel-linux-x86_64-fedora-clang, r-devel-linux-x86_64-fedora-gcc, r-devel-osx-x86_64-clang, r-patched-linux-x86_64, r-patched-solaris-sparc, r-patched-solaris-x86, r-release-linux-x86_64