CRAN Package Check Results for Package upclass

Last updated on 2015-07-31 04:48:23.

Flavor Version Tinstall Tcheck Ttotal Status Flags
r-devel-linux-x86_64-debian-clang 2.0 0.70 21.33 22.02 NOTE
r-devel-linux-x86_64-debian-gcc 2.0 0.92 16.14 17.06 NOTE
r-devel-linux-x86_64-fedora-clang 2.0 32.51 NOTE
r-devel-linux-x86_64-fedora-gcc 2.0 30.49 NOTE
r-devel-osx-x86_64-clang 2.0 28.60 NOTE
r-devel-windows-ix86+x86_64 2.0 5.00 27.00 32.00 NOTE
r-patched-linux-x86_64 2.0 0.75 15.59 16.34 NOTE
r-patched-solaris-sparc 2.0 189.70 NOTE
r-patched-solaris-x86 2.0 41.50 NOTE
r-release-linux-x86_64 2.0 0.71 16.29 17.00 NOTE
r-release-osx-x86_64-mavericks 2.0 OK
r-release-windows-ix86+x86_64 2.0 4.00 42.00 46.00 OK
r-oldrel-windows-ix86+x86_64 2.0 5.00 50.00 55.00 OK

Check Details

Version: 2.0
Check: S3 generic/method consistency
Result: NOTE
    Found the following apparent S3 methods exported but not registered:
     plot.upclassfit print.upclassfit summary.upclassfit
    See section ‘Registering S3 methods’ in the ‘Writing R Extensions’
    manual.
Flavors: r-devel-linux-x86_64-debian-clang, r-devel-linux-x86_64-debian-gcc, r-devel-linux-x86_64-fedora-clang, r-devel-linux-x86_64-fedora-gcc, r-devel-osx-x86_64-clang, r-patched-linux-x86_64, r-patched-solaris-sparc, r-patched-solaris-x86, r-release-linux-x86_64

Version: 2.0
Check: R code for possible problems
Result: NOTE
    plot.upclassfit: no visible global function definition for ‘frame’
    plot.upclassfit: no visible global function definition for ‘par’
    plot.upclassfit: no visible global function definition for ‘axis’
    plot.upclassfit: no visible global function definition for ‘matplot’
    plot.upclassfit: no visible global function definition for ‘legend’
    plot.upclassfit: no visible global function definition for ‘title’
    Undefined global functions or variables:
     axis frame legend matplot par title
    Consider adding
     importFrom("graphics", "axis", "frame", "legend", "matplot", "par",
     "title")
    to your NAMESPACE.
Flavors: r-devel-linux-x86_64-debian-clang, r-devel-linux-x86_64-debian-gcc, r-devel-linux-x86_64-fedora-clang, r-devel-linux-x86_64-fedora-gcc, r-devel-windows-ix86+x86_64