CRAN Package Check Results for Package upclass

Last updated on 2016-12-02 18:47:56.

Flavor Version Tinstall Tcheck Ttotal Status Flags
r-devel-linux-x86_64-debian-clang 2.0 0.72 18.47 19.19 NOTE
r-devel-linux-x86_64-debian-gcc 2.0 0.80 17.95 18.75 NOTE
r-devel-linux-x86_64-fedora-clang 2.0 34.73 NOTE
r-devel-linux-x86_64-fedora-gcc 2.0 33.76 NOTE
r-devel-macos-x86_64-clang 2.0 28.99 NOTE
r-devel-windows-ix86+x86_64 2.0 3.00 56.00 59.00 NOTE
r-patched-linux-x86_64 2.0 0.72 16.30 17.02 NOTE
r-patched-solaris-sparc 2.0 159.80 NOTE
r-patched-solaris-x86 2.0 34.60 NOTE
r-release-linux-x86_64 2.0 0.74 16.65 17.39 NOTE
r-release-osx-x86_64-mavericks 2.0 NOTE
r-release-windows-ix86+x86_64 2.0 4.00 64.00 68.00 NOTE
r-oldrel-windows-ix86+x86_64 2.0 8.00 40.00 48.00 OK

Check Details

Version: 2.0
Check: S3 generic/method consistency
Result: NOTE
    Found the following apparent S3 methods exported but not registered:
     plot.upclassfit print.upclassfit summary.upclassfit
    See section ‘Registering S3 methods’ in the ‘Writing R Extensions’
    manual.
Flavors: r-devel-linux-x86_64-debian-clang, r-devel-linux-x86_64-debian-gcc, r-devel-linux-x86_64-fedora-clang, r-devel-linux-x86_64-fedora-gcc, r-devel-macos-x86_64-clang, r-patched-linux-x86_64, r-patched-solaris-sparc, r-patched-solaris-x86, r-release-linux-x86_64

Version: 2.0
Check: R code for possible problems
Result: NOTE
    plot.upclassfit: no visible global function definition for ‘frame’
    plot.upclassfit: no visible global function definition for ‘par’
    plot.upclassfit: no visible global function definition for ‘axis’
    plot.upclassfit: no visible global function definition for ‘matplot’
    plot.upclassfit: no visible global function definition for ‘legend’
    plot.upclassfit: no visible global function definition for ‘title’
    Undefined global functions or variables:
     axis frame legend matplot par title
    Consider adding
     importFrom("graphics", "axis", "frame", "legend", "matplot", "par",
     "title")
    to your NAMESPACE file.
Flavors: r-devel-linux-x86_64-debian-clang, r-devel-linux-x86_64-debian-gcc, r-devel-linux-x86_64-fedora-clang, r-devel-linux-x86_64-fedora-gcc, r-devel-macos-x86_64-clang, r-devel-windows-ix86+x86_64, r-patched-linux-x86_64, r-patched-solaris-sparc, r-patched-solaris-x86, r-release-linux-x86_64, r-release-osx-x86_64-mavericks, r-release-windows-ix86+x86_64