CRAN Package Check Results for Package upclass

Last updated on 2017-04-24 18:47:50.

Flavor Version Tinstall Tcheck Ttotal Status Flags
r-devel-linux-x86_64-debian-clang 2.0 0.76 19.21 19.97 NOTE
r-devel-linux-x86_64-debian-gcc 2.0 0.79 18.60 19.39 NOTE
r-devel-linux-x86_64-fedora-clang 2.0 37.75 NOTE --no-stop-on-test-error
r-devel-linux-x86_64-fedora-gcc 2.0 33.75 NOTE --no-stop-on-test-error
r-devel-windows-ix86+x86_64 2.0 NOTE
r-patched-linux-x86_64 2.0 0.78 18.68 19.46 NOTE
r-patched-solaris-sparc 2.0 192.20 NOTE
r-patched-solaris-x86 2.0 42.80 NOTE
r-release-linux-x86_64 2.0 0.72 18.59 19.31 NOTE
r-release-windows-ix86+x86_64 2.0 3.00 42.00 45.00 NOTE
r-release-osx-x86_64 2.0 NOTE
r-oldrel-windows-ix86+x86_64 2.0 3.00 43.00 46.00 NOTE
r-oldrel-osx-x86_64 2.0 NOTE

Check Details

Version: 2.0
Check: S3 generic/method consistency
Result: NOTE
    Found the following apparent S3 methods exported but not registered:
     plot.upclassfit print.upclassfit summary.upclassfit
    See section ‘Registering S3 methods’ in the ‘Writing R Extensions’
    manual.
Flavors: r-devel-linux-x86_64-debian-clang, r-devel-linux-x86_64-debian-gcc, r-patched-linux-x86_64, r-patched-solaris-sparc, r-patched-solaris-x86, r-release-linux-x86_64

Version: 2.0
Check: R code for possible problems
Result: NOTE
    plot.upclassfit: no visible global function definition for ‘frame’
    plot.upclassfit: no visible global function definition for ‘par’
    plot.upclassfit: no visible global function definition for ‘axis’
    plot.upclassfit: no visible global function definition for ‘matplot’
    plot.upclassfit: no visible global function definition for ‘legend’
    plot.upclassfit: no visible global function definition for ‘title’
    Undefined global functions or variables:
     axis frame legend matplot par title
    Consider adding
     importFrom("graphics", "axis", "frame", "legend", "matplot", "par",
     "title")
    to your NAMESPACE file.
Flavors: r-devel-linux-x86_64-debian-clang, r-devel-linux-x86_64-debian-gcc, r-devel-windows-ix86+x86_64, r-patched-linux-x86_64, r-patched-solaris-sparc, r-patched-solaris-x86, r-release-linux-x86_64, r-release-windows-ix86+x86_64, r-release-osx-x86_64, r-oldrel-windows-ix86+x86_64, r-oldrel-osx-x86_64

Version: 2.0
Flags: --no-stop-on-test-error
Check: S3 generic/method consistency
Result: NOTE
    Found the following apparent S3 methods exported but not registered:
     plot.upclassfit print.upclassfit summary.upclassfit
    See section ‘Registering S3 methods’ in the ‘Writing R Extensions’
    manual.
Flavors: r-devel-linux-x86_64-fedora-clang, r-devel-linux-x86_64-fedora-gcc

Version: 2.0
Flags: --no-stop-on-test-error
Check: R code for possible problems
Result: NOTE
    plot.upclassfit: no visible global function definition for ‘frame’
    plot.upclassfit: no visible global function definition for ‘par’
    plot.upclassfit: no visible global function definition for ‘axis’
    plot.upclassfit: no visible global function definition for ‘matplot’
    plot.upclassfit: no visible global function definition for ‘legend’
    plot.upclassfit: no visible global function definition for ‘title’
    Undefined global functions or variables:
     axis frame legend matplot par title
    Consider adding
     importFrom("graphics", "axis", "frame", "legend", "matplot", "par",
     "title")
    to your NAMESPACE file.
Flavors: r-devel-linux-x86_64-fedora-clang, r-devel-linux-x86_64-fedora-gcc