CRAN Package Check Results for Package upclass

Last updated on 2015-04-27 17:48:38.

Flavor Version Tinstall Tcheck Ttotal Status Flags
r-devel-linux-x86_64-debian-clang 2.0 0.68 15.73 16.41 NOTE
r-devel-linux-x86_64-debian-gcc 2.0 0.92 16.05 16.97 NOTE
r-devel-linux-x86_64-fedora-clang 2.0 33.09 NOTE
r-devel-linux-x86_64-fedora-gcc 2.0 31.66 NOTE
r-devel-osx-x86_64-clang 2.0 38.10 NOTE
r-devel-windows-ix86+x86_64 2.0 3.00 30.00 33.00 OK
r-patched-linux-x86_64 2.0 0.68 15.69 16.38 NOTE
r-patched-solaris-sparc 2.0 197.20 OK
r-patched-solaris-x86 2.0 41.00 NOTE
r-release-linux-x86_64 2.0 0.67 15.73 16.40 NOTE
r-release-osx-x86_64-mavericks 2.0 OK
r-release-osx-x86_64-snowleopard 2.0 OK
r-release-windows-ix86+x86_64 2.0 5.00 37.00 42.00 OK
r-oldrel-windows-ix86+x86_64 2.0 3.00 28.00 31.00 OK

Check Details

Version: 2.0
Check: S3 generic/method consistency
Result: NOTE
    Found the following apparent S3 methods exported but not registered:
     plot.upclassfit print.upclassfit summary.upclassfit
    See section ‘Registering S3 methods’ in the ‘Writing R Extensions’
    manual.
Flavors: r-devel-linux-x86_64-debian-clang, r-devel-linux-x86_64-debian-gcc, r-devel-linux-x86_64-fedora-clang, r-devel-linux-x86_64-fedora-gcc, r-devel-osx-x86_64-clang, r-patched-solaris-x86, r-release-linux-x86_64