CRAN Package Check Results for Package upclass

Last updated on 2015-03-02 05:47:57.

Flavor Version Tinstall Tcheck Ttotal Status Flags
r-devel-linux-x86_64-debian-clang 2.0 0.68 15.74 16.43 NOTE
r-devel-linux-x86_64-debian-gcc 2.0 0.69 15.47 16.16 NOTE
r-devel-linux-x86_64-fedora-clang 2.0 32.57 NOTE
r-devel-linux-x86_64-fedora-gcc 2.0 31.07 NOTE
r-devel-osx-x86_64-clang 2.0 38.27 NOTE
r-devel-windows-ix86+x86_64 2.0 7.00 34.00 41.00 OK
r-patched-linux-x86_64 2.0 0.85 17.27 18.12 OK
r-patched-solaris-sparc 2.0 191.80 OK
r-patched-solaris-x86 2.0 46.80 OK
r-release-linux-ix86 2.0 1.12 26.00 27.12 OK
r-release-linux-x86_64 2.0 0.77 17.19 17.96 OK
r-release-osx-x86_64-mavericks 2.0 OK
r-release-osx-x86_64-snowleopard 2.0 OK
r-release-windows-ix86+x86_64 2.0 6.00 32.00 38.00 OK
r-oldrel-windows-ix86+x86_64 2.0 3.00 49.00 52.00 OK

Check Details

Version: 2.0
Check: S3 generic/method consistency
Result: NOTE
    Found the following apparent S3 methods exported but not registered:
     plot.upclassfit print.upclassfit summary.upclassfit
    See section ‘Registering S3 methods’ in the ‘Writing R Extensions’
    manual.
Flavors: r-devel-linux-x86_64-debian-clang, r-devel-linux-x86_64-debian-gcc, r-devel-linux-x86_64-fedora-clang, r-devel-linux-x86_64-fedora-gcc, r-devel-osx-x86_64-clang