CRAN Package Check Results for Package upclass

Last updated on 2017-09-19 19:47:01.

Flavor Version Tinstall Tcheck Ttotal Status Flags
r-devel-linux-x86_64-debian-clang 2.0 0.76 19.64 20.40 NOTE
r-devel-linux-x86_64-debian-gcc 2.0 0.76 20.15 20.91 NOTE
r-devel-linux-x86_64-fedora-clang 2.0 36.33 NOTE
r-devel-linux-x86_64-fedora-gcc 2.0 34.41 NOTE
r-devel-windows-ix86+x86_64 2.0 3.00 59.00 62.00 NOTE
r-patched-linux-x86_64 2.0 0.75 19.11 19.86 NOTE
r-patched-solaris-x86 2.0 45.50 NOTE
r-release-linux-x86_64 2.0 0.88 19.03 19.90 NOTE
r-release-windows-ix86+x86_64 2.0 3.00 48.00 51.00 NOTE
r-release-osx-x86_64 2.0 NOTE
r-oldrel-windows-ix86+x86_64 2.0 3.00 42.00 45.00 NOTE
r-oldrel-osx-x86_64 2.0 NOTE

Check Details

Version: 2.0
Check: S3 generic/method consistency
Result: NOTE
    Found the following apparent S3 methods exported but not registered:
     plot.upclassfit print.upclassfit summary.upclassfit
    See section ‘Registering S3 methods’ in the ‘Writing R Extensions’
    manual.
Flavors: r-devel-linux-x86_64-debian-clang, r-devel-linux-x86_64-debian-gcc, r-devel-linux-x86_64-fedora-clang, r-devel-linux-x86_64-fedora-gcc, r-patched-linux-x86_64, r-patched-solaris-x86, r-release-linux-x86_64

Version: 2.0
Check: R code for possible problems
Result: NOTE
    plot.upclassfit: no visible global function definition for ‘frame’
    plot.upclassfit: no visible global function definition for ‘par’
    plot.upclassfit: no visible global function definition for ‘axis’
    plot.upclassfit: no visible global function definition for ‘matplot’
    plot.upclassfit: no visible global function definition for ‘legend’
    plot.upclassfit: no visible global function definition for ‘title’
    Undefined global functions or variables:
     axis frame legend matplot par title
    Consider adding
     importFrom("graphics", "axis", "frame", "legend", "matplot", "par",
     "title")
    to your NAMESPACE file.
Flavors: r-devel-linux-x86_64-debian-clang, r-devel-linux-x86_64-debian-gcc, r-devel-linux-x86_64-fedora-clang, r-devel-linux-x86_64-fedora-gcc, r-devel-windows-ix86+x86_64, r-patched-linux-x86_64, r-patched-solaris-x86, r-release-linux-x86_64, r-release-windows-ix86+x86_64, r-release-osx-x86_64, r-oldrel-windows-ix86+x86_64, r-oldrel-osx-x86_64