CRAN Package Check Results for Package upclass

Last updated on 2015-01-31 04:48:10.

Flavor Version Tinstall Tcheck Ttotal Status Flags
r-devel-linux-x86_64-debian-clang 2.0 0.74 15.58 16.32 NOTE
r-devel-linux-x86_64-debian-gcc 2.0 0.69 15.39 16.08 NOTE
r-devel-linux-x86_64-fedora-clang 2.0 35.23 NOTE
r-devel-linux-x86_64-fedora-gcc 2.0 34.52 NOTE
r-devel-osx-x86_64-clang 2.0 41.08 NOTE
r-devel-windows-ix86+x86_64 2.0 5.00 26.00 31.00 OK
r-patched-linux-x86_64 2.0 0.81 17.08 17.89 OK
r-patched-solaris-sparc 2.0 191.80 OK
r-patched-solaris-x86 2.0 46.00 OK
r-release-linux-ix86 2.0 1.11 22.64 23.75 OK
r-release-linux-x86_64 2.0 0.75 17.04 17.79 OK
r-release-osx-x86_64-mavericks 2.0 OK
r-release-osx-x86_64-snowleopard 2.0 OK
r-release-windows-ix86+x86_64 2.0 4.00 26.00 30.00 OK
r-oldrel-windows-ix86+x86_64 2.0 3.00 29.00 32.00 OK

Check Details

Version: 2.0
Check: S3 generic/method consistency
Result: NOTE
    Found the following apparent S3 methods exported but not registered:
     print.upclassfit summary.upclassfit plot.upclassfit
    See section ‘Registering S3 methods’ in the ‘Writing R Extensions’
    manual.
Flavors: r-devel-linux-x86_64-debian-clang, r-devel-linux-x86_64-debian-gcc, r-devel-linux-x86_64-fedora-clang, r-devel-linux-x86_64-fedora-gcc, r-devel-osx-x86_64-clang