CRAN Package Check Results for Package upclass

Last updated on 2014-07-31 03:48:42.

Flavor Version Tinstall Tcheck Ttotal Status Flags
r-devel-linux-x86_64-debian-clang 1.0 0.84 13.22 14.07 NOTE
r-devel-linux-x86_64-debian-gcc 1.0 0.85 13.44 14.28 NOTE
r-devel-linux-x86_64-fedora-clang 1.0 33.10 NOTE
r-devel-linux-x86_64-fedora-gcc 1.0 30.39 NOTE
r-devel-osx-x86_64-clang 1.0 29.69 NOTE
r-devel-windows-ix86+x86_64 1.0 3.00 21.00 24.00 NOTE
r-patched-linux-x86_64 1.0 0.84 13.14 13.98 NOTE
r-patched-solaris-sparc 1.0 158.10 NOTE
r-patched-solaris-x86 1.0 44.80 NOTE
r-release-linux-ix86 1.0 1.24 19.79 21.03 NOTE
r-release-linux-x86_64 1.0 0.89 13.52 14.41 NOTE
r-release-osx-x86_64-mavericks 1.0 NOTE
r-release-osx-x86_64-snowleopard 1.0 NOTE
r-release-windows-ix86+x86_64 1.0 6.00 32.00 38.00 NOTE
r-oldrel-windows-ix86+x86_64 1.0 5.00 37.00 42.00 NOTE

Check Details

Version: 1.0
Check: dependencies in R code
Result: NOTE
    Packages in Depends field not imported from:
     classifly gclus mclust
     These packages need to be imported from (in the NAMESPACE file)
     for when this namespace is loaded but not attached.
    See the information on DESCRIPTION files in the chapter Creating R
    packages of the Writing R Extensions manual.
Flavors: r-devel-linux-x86_64-debian-clang, r-devel-linux-x86_64-debian-gcc, r-devel-linux-x86_64-fedora-clang, r-devel-linux-x86_64-fedora-gcc, r-devel-osx-x86_64-clang, r-devel-windows-ix86+x86_64, r-patched-linux-x86_64, r-patched-solaris-sparc, r-patched-solaris-x86, r-release-linux-ix86, r-release-linux-x86_64, r-release-osx-x86_64-mavericks, r-release-windows-ix86+x86_64, r-oldrel-windows-ix86+x86_64

Version: 1.0
Check: for old-style vignette sources
Result: NOTE
    Vignette sources only in inst/doc :
     manual.Rnw
    A vignettes directory is required as from R 3.1.0
    and these will not be indexed nor checked
Flavors: r-devel-linux-x86_64-debian-clang, r-devel-linux-x86_64-debian-gcc, r-devel-linux-x86_64-fedora-clang, r-devel-linux-x86_64-fedora-gcc, r-devel-osx-x86_64-clang, r-devel-windows-ix86+x86_64, r-patched-linux-x86_64, r-patched-solaris-sparc, r-patched-solaris-x86, r-release-linux-ix86, r-release-linux-x86_64, r-release-osx-x86_64-mavericks, r-release-osx-x86_64-snowleopard, r-release-windows-ix86+x86_64

Version: 1.0
Check: top-level files
Result: NOTE
    Non-standard file/directory found at top level:
     LICENSE.txt
Flavors: r-devel-linux-x86_64-fedora-clang, r-devel-linux-x86_64-fedora-gcc

Version: 1.0
Check: Rd line widths
Result: NOTE
    Rd file 'noupclassify.Rd':
     \usage lines wider than 90 characters:
     noupclassify(Xtrain, cltrain, Xtest, cltest = NULL, modelscope = NULL, reportrate = TRUE, ...)
    
    Rd file 'noupclassifymodel.Rd':
     \usage lines wider than 90 characters:
     noupclassifymodel(Xtrain, cltrain, Xtest, cltest = NULL, modelName = "EEE", reportrate = TRUE, ...)
     \examples lines wider than 100 characters:
     fitnoup <- noupclassifymodel(Xtrain = X[indtrain,], cltrain = cl[indtrain], Xtest = X[indtest, ], cltest = cl[indtest])
    
    Rd file 'plot.upclassfit.Rd':
     \examples lines wider than 100 characters:
     fitup <- upclassifymodel(Xtrain = X[indtrain,], cltrain = cl[indtrain], Xtest = X[indtest, ], cltest = cl[indtest])
    
    Rd file 'print.upclassfit.Rd':
     \examples lines wider than 100 characters:
     fitup <- upclassifymodel(Xtrain = X[indtrain,], cltrain = cl[indtrain], Xtest = X[indtest, ], cltest = cl[indtest])
    
    Rd file 'summary.upclassfit.Rd':
     \examples lines wider than 100 characters:
     fitup <- upclassifymodel(Xtrain = X[indtrain,], cltrain = cl[indtrain], Xtest = X[indtest, ], cltest = cl[indtest])
    
    Rd file 'upclassify.Rd':
     \usage lines wider than 90 characters:
     upclassify(Xtrain, cltrain, Xtest, cltest = NULL, modelscope = NULL, tol = 10^-5, iterlim = 1000, Aitken = TRUE, reportrate = TRUE, ... ... [TRUNCATED]
    
    Rd file 'upclassifymodel.Rd':
     \usage lines wider than 90 characters:
     upclassifymodel(Xtrain, cltrain, Xtest, cltest = NULL, modelName = "EEE", tol = 10^-5, iterlim = 1000, Aitken = TRUE, reportrate = TRUE ... [TRUNCATED]
     \examples lines wider than 100 characters:
     fitup <- upclassifymodel(Xtrain = X[indtrain,], cltrain = cl[indtrain], Xtest = X[indtest, ], cltest = cl[indtest])
    
    These lines will be truncated in the PDF manual.
Flavors: r-devel-linux-x86_64-fedora-clang, r-devel-linux-x86_64-fedora-gcc

Version: 1.0
Check: for old-style vignette sources
Result: NOTE
    Vignette sources only in 'inst/doc':
     'manual.Rnw'
    A 'vignettes' directory will be required as from R 3.1.0
Flavor: r-oldrel-windows-ix86+x86_64