CRAN Package Check Results for Package updog

Last updated on 2019-05-22 03:47:56 CEST.

Flavor Version Tinstall Tcheck Ttotal Status Flags
r-devel-linux-x86_64-debian-clang 1.0.1 128.30 121.65 249.95 NOTE
r-devel-linux-x86_64-debian-gcc 1.0.1 106.14 88.48 194.62 NOTE
r-devel-linux-x86_64-fedora-clang 1.0.1 379.33 NOTE
r-devel-linux-x86_64-fedora-gcc 1.0.1 332.16 NOTE
r-devel-windows-ix86+x86_64 1.0.1 274.00 269.00 543.00 OK
r-patched-linux-x86_64 1.0.1 121.99 116.15 238.14 NOTE
r-patched-solaris-x86 1.0.1 466.00 OK
r-release-linux-x86_64 1.0.1 124.58 115.96 240.54 NOTE
r-release-windows-ix86+x86_64 1.0.1 394.00 271.00 665.00 OK
r-release-osx-x86_64 1.0.1 NOTE
r-oldrel-windows-ix86+x86_64 1.0.1 265.00 192.00 457.00 OK
r-oldrel-osx-x86_64 1.0.1 OK

Check Details

Version: 1.0.1
Check: use of SHLIB_OPENMP_*FLAGS in Makefiles
Result: NOTE
     src/Makevars: SHLIB_OPENMP_CXXFLAGS is included in PKG_CXXFLAGS but not in PKG_LIBS
     src/Makevars: SHLIB_OPENMP_CFLAGS is included in PKG_LIBS but linking is by C++
     src/Makevars.win: SHLIB_OPENMP_CXXFLAGS is included in PKG_CXXFLAGS but not in PKG_LIBS
     src/Makevars.win: SHLIB_OPENMP_CFLAGS is included in PKG_LIBS but linking is by C++
    Use of these macros is discussed in sect 1.2.1.1 of 'Writing R
    Extensions'. The macros for different languages may differ so the
    matching macro must be used in PKG_CXXFLAGS (etc) and match that used
    in PKG_LIBS (except for Fortran: see the manual).
Flavors: r-devel-linux-x86_64-debian-clang, r-devel-linux-x86_64-debian-gcc, r-devel-linux-x86_64-fedora-clang, r-devel-linux-x86_64-fedora-gcc, r-patched-linux-x86_64, r-release-linux-x86_64

Version: 1.0.1
Check: installed package size
Result: NOTE
     installed size is 5.5Mb
     sub-directories of 1Mb or more:
     libs 4.5Mb
Flavors: r-devel-linux-x86_64-fedora-clang, r-release-osx-x86_64