CRAN Package Check Results for Package updog

Last updated on 2020-05-28 17:50:21 CEST.

Flavor Version Tinstall Tcheck Ttotal Status Flags
r-devel-linux-x86_64-debian-clang 1.2.0 168.88 109.07 277.95 OK
r-devel-linux-x86_64-debian-gcc 1.2.0 128.87 80.45 209.32 OK
r-devel-linux-x86_64-fedora-clang 1.2.0 391.33 NOTE
r-devel-linux-x86_64-fedora-gcc 1.2.0 343.44 OK
r-devel-windows-ix86+x86_64 1.2.0 413.00 243.00 656.00 OK
r-patched-linux-x86_64 1.2.0 133.53 106.45 239.98 OK
r-patched-solaris-x86 1.2.0 400.90 OK
r-release-linux-x86_64 1.2.0 132.66 106.20 238.86 OK
r-release-osx-x86_64 1.2.0 NOTE
r-release-windows-ix86+x86_64 1.2.0 315.00 204.00 519.00 OK
r-oldrel-osx-x86_64 1.2.0 NOTE
r-oldrel-windows-ix86+x86_64 1.2.0 308.00 188.00 496.00 OK

Check Details

Version: 1.2.0
Check: installed package size
Result: NOTE
     installed size is 6.9Mb
     sub-directories of 1Mb or more:
     libs 5.9Mb
Flavors: r-devel-linux-x86_64-fedora-clang, r-release-osx-x86_64, r-oldrel-osx-x86_64