CRAN Package Check Results for Package updog

Last updated on 2019-07-18 15:47:38 CEST.

Flavor Version Tinstall Tcheck Ttotal Status Flags
r-devel-linux-x86_64-debian-clang 1.0.1 126.80 121.93 248.73 NOTE
r-devel-linux-x86_64-debian-gcc 1.0.1 107.93 89.12 197.05 NOTE
r-devel-linux-x86_64-fedora-clang 1.0.1 309.02 NOTE
r-devel-linux-x86_64-fedora-gcc 1.0.1 316.30 NOTE
r-devel-windows-ix86+x86_64 1.0.1 356.00 276.00 632.00 OK
r-patched-linux-x86_64 1.0.1 123.94 118.21 242.15 NOTE
r-patched-solaris-x86 1.0.1 470.00 OK
r-release-linux-x86_64 1.0.1 125.53 119.92 245.45 NOTE
r-release-windows-ix86+x86_64 1.0.1 306.00 296.00 602.00 OK
r-release-osx-x86_64 1.0.1 NOTE
r-oldrel-windows-ix86+x86_64 1.0.1 293.00 269.00 562.00 OK
r-oldrel-osx-x86_64 1.0.1 OK

Check Details

Version: 1.0.1
Check: use of SHLIB_OPENMP_*FLAGS in Makefiles
Result: NOTE
     src/Makevars: SHLIB_OPENMP_CXXFLAGS is included in PKG_CXXFLAGS but not in PKG_LIBS
     src/Makevars: SHLIB_OPENMP_CFLAGS is included in PKG_LIBS but linking is by C++
     src/Makevars.win: SHLIB_OPENMP_CXXFLAGS is included in PKG_CXXFLAGS but not in PKG_LIBS
     src/Makevars.win: SHLIB_OPENMP_CFLAGS is included in PKG_LIBS but linking is by C++
    Use of these macros is discussed in sect 1.2.1.1 of 'Writing R
    Extensions'. The macros for different languages may differ so the
    matching macro must be used in PKG_CXXFLAGS (etc) and match that used
    in PKG_LIBS (except for Fortran: see the manual).
Flavors: r-devel-linux-x86_64-debian-clang, r-devel-linux-x86_64-debian-gcc, r-devel-linux-x86_64-fedora-clang, r-devel-linux-x86_64-fedora-gcc, r-patched-linux-x86_64, r-release-linux-x86_64

Version: 1.0.1
Check: installed package size
Result: NOTE
     installed size is 5.5Mb
     sub-directories of 1Mb or more:
     libs 4.5Mb
Flavors: r-devel-linux-x86_64-fedora-clang, r-release-osx-x86_64