CRAN Package Check Results for Package upmfit

Last updated on 2018-02-25 18:48:30 CET.

Flavor Version Tinstall Tcheck Ttotal Status Flags
r-devel-linux-x86_64-debian-clang 0.1.0 1.07 28.29 29.36 OK
r-devel-linux-x86_64-debian-gcc 0.1.0 0.72 23.07 23.79 OK
r-devel-linux-x86_64-fedora-clang 0.1.0 35.86 NOTE
r-devel-linux-x86_64-fedora-gcc 0.1.0 35.18 NOTE
r-devel-windows-ix86+x86_64 0.1.0 5.00 55.00 60.00 NOTE
r-patched-linux-x86_64 0.1.0 0.91 30.41 31.32 OK
r-patched-solaris-x86 0.1.0 97.00 NOTE
r-release-linux-x86_64 0.1.0 0.86 30.25 31.11 OK
r-release-windows-ix86+x86_64 0.1.0 4.00 53.00 57.00 NOTE
r-release-osx-x86_64 0.1.0 NOTE
r-oldrel-windows-ix86+x86_64 0.1.0 2.00 40.00 42.00 NOTE
r-oldrel-osx-x86_64 0.1.0 NOTE

Check Details

Version: 0.1.0
Check: dependencies in R code
Result: NOTE
    Namespace in Imports field not imported from: ‘mcmcplots’
     All declared Imports should be used.
Flavors: r-devel-linux-x86_64-fedora-clang, r-devel-linux-x86_64-fedora-gcc, r-patched-solaris-x86, r-release-osx-x86_64, r-oldrel-osx-x86_64

Version: 0.1.0
Check: package dependencies
Result: NOTE
    Package suggested but not available for checking: 'doMC'
Flavors: r-devel-windows-ix86+x86_64, r-release-windows-ix86+x86_64, r-oldrel-windows-ix86+x86_64