CRAN Package Check Results for Package upmfit

Last updated on 2018-12-12 01:46:47 CET.

Flavor Version Tinstall Tcheck Ttotal Status Flags
r-devel-linux-x86_64-debian-clang 0.1.0 1.06 29.99 31.05 OK
r-devel-linux-x86_64-debian-gcc 0.1.0 0.87 24.62 25.49 OK
r-devel-linux-x86_64-fedora-clang 0.1.0 37.67 NOTE
r-devel-linux-x86_64-fedora-gcc 0.1.0 36.68 NOTE
r-devel-windows-ix86+x86_64 0.1.0 3.00 40.00 43.00 NOTE
r-patched-linux-x86_64 0.1.0 0.85 28.46 29.31 OK
r-patched-solaris-x86 0.1.0 106.80 NOTE
r-release-linux-x86_64 0.1.0 1.05 28.30 29.35 OK
r-release-windows-ix86+x86_64 0.1.0 5.00 39.00 44.00 NOTE
r-release-osx-x86_64 0.1.0 NOTE
r-oldrel-windows-ix86+x86_64 0.1.0 2.00 51.00 53.00 NOTE
r-oldrel-osx-x86_64 0.1.0 NOTE

Check Details

Version: 0.1.0
Check: dependencies in R code
Result: NOTE
    Namespace in Imports field not imported from: ‘mcmcplots’
     All declared Imports should be used.
Flavors: r-devel-linux-x86_64-fedora-clang, r-devel-linux-x86_64-fedora-gcc, r-patched-solaris-x86, r-release-osx-x86_64, r-oldrel-osx-x86_64

Version: 0.1.0
Check: package dependencies
Result: NOTE
    Package suggested but not available for checking: 'doMC'
Flavors: r-devel-windows-ix86+x86_64, r-release-windows-ix86+x86_64, r-oldrel-windows-ix86+x86_64