CRAN Package Check Results for Package upmfit

Last updated on 2018-06-21 15:49:34 CEST.

Flavor Version Tinstall Tcheck Ttotal Status Flags
r-devel-linux-x86_64-debian-clang 0.1.0 1.07 27.40 28.47 OK
r-devel-linux-x86_64-debian-gcc 0.1.0 0.87 24.16 25.03 OK
r-devel-linux-x86_64-fedora-clang 0.1.0 37.62 NOTE
r-devel-linux-x86_64-fedora-gcc 0.1.0 35.36 NOTE
r-devel-windows-ix86+x86_64 0.1.0 4.00 65.00 69.00 NOTE
r-patched-linux-x86_64 0.1.0 0.93 28.43 29.36 OK
r-patched-solaris-x86 0.1.0 103.90 NOTE
r-release-linux-x86_64 0.1.0 1.14 27.89 29.03 OK
r-release-windows-ix86+x86_64 0.1.0 2.00 41.00 43.00 NOTE
r-release-osx-x86_64 0.1.0 NOTE
r-oldrel-windows-ix86+x86_64 0.1.0 3.00 43.00 46.00 NOTE
r-oldrel-osx-x86_64 0.1.0 NOTE

Check Details

Version: 0.1.0
Check: dependencies in R code
Result: NOTE
    Namespace in Imports field not imported from: ‘mcmcplots’
     All declared Imports should be used.
Flavors: r-devel-linux-x86_64-fedora-clang, r-devel-linux-x86_64-fedora-gcc, r-patched-solaris-x86, r-release-osx-x86_64, r-oldrel-osx-x86_64

Version: 0.1.0
Check: package dependencies
Result: NOTE
    Package suggested but not available for checking: 'doMC'
Flavors: r-devel-windows-ix86+x86_64, r-release-windows-ix86+x86_64, r-oldrel-windows-ix86+x86_64