CRAN Package Check Results for Package upsetjs

Last updated on 2021-12-07 18:52:16 CET.

Flavor Version Tinstall Tcheck Ttotal Status Flags
r-devel-linux-x86_64-debian-clang 1.9.0 3.75 54.44 58.19 OK
r-devel-linux-x86_64-debian-gcc 1.9.0 3.33 42.66 45.99 OK
r-devel-linux-x86_64-fedora-clang 1.9.0 78.43 OK
r-devel-linux-x86_64-fedora-gcc 1.9.0 61.90 OK
r-devel-windows-x86_64-new-UL 1.9.0 18.00 126.00 144.00 OK
r-devel-windows-x86_64-new-TK 1.9.0 OK
r-devel-windows-x86_64-old 1.9.0 6.00 63.00 69.00 OK
r-patched-linux-x86_64 1.9.0 4.26 55.34 59.60 OK
r-release-linux-x86_64 1.9.0 3.77 55.43 59.20 OK
r-release-macos-arm64 1.9.0 OK
r-release-macos-x86_64 1.9.0 WARN
r-release-windows-ix86+x86_64 1.9.0 6.00 81.00 87.00 OK
r-oldrel-macos-x86_64 1.9.0 WARN
r-oldrel-windows-ix86+x86_64 1.9.0 9.00 82.00 91.00 OK

Check Details

Version: 1.9.0
Check: re-building of vignette outputs
Result: WARN
    Error(s) in re-building vignettes:
    --- re-building ‘colors.Rmd’ using rmarkdown
    Warning in engine$weave(file, quiet = quiet, encoding = enc) :
     Pandoc (>= 1.12.3) not available. Falling back to R Markdown v1.
    Quitting from lines 38-40 (colors.Rmd)
    Error: processing vignette 'colors.Rmd' failed with diagnostics:
    invalid 'path' argument
    --- failed re-building ‘colors.Rmd’
    
    --- re-building ‘combinationModes.Rmd’ using rmarkdown
    Warning in engine$weave(file, quiet = quiet, encoding = enc) :
     Pandoc (>= 1.12.3) not available. Falling back to R Markdown v1.
    Quitting from lines 53-55 (combinationModes.Rmd)
    Error: processing vignette 'combinationModes.Rmd' failed with diagnostics:
    invalid 'path' argument
    --- failed re-building ‘combinationModes.Rmd’
    
    --- re-building ‘got.Rmd’ using rmarkdown
    Warning in engine$weave(file, quiet = quiet, encoding = enc) :
     Pandoc (>= 1.12.3) not available. Falling back to R Markdown v1.
    Quitting from lines 33-34 (got.Rmd)
    Error: processing vignette 'got.Rmd' failed with diagnostics:
    invalid 'path' argument
    --- failed re-building ‘got.Rmd’
    
    --- re-building ‘kmap.Rmd’ using rmarkdown
    Warning in engine$weave(file, quiet = quiet, encoding = enc) :
     Pandoc (>= 1.12.3) not available. Falling back to R Markdown v1.
    Quitting from lines 28-32 (kmap.Rmd)
    Error: processing vignette 'kmap.Rmd' failed with diagnostics:
    invalid 'path' argument
    --- failed re-building ‘kmap.Rmd’
    
    --- re-building ‘upsetjs.Rmd’ using rmarkdown
    Warning in engine$weave(file, quiet = quiet, encoding = enc) :
     Pandoc (>= 1.12.3) not available. Falling back to R Markdown v1.
    Quitting from lines 38-42 (upsetjs.Rmd)
    Error: processing vignette 'upsetjs.Rmd' failed with diagnostics:
    invalid 'path' argument
    --- failed re-building ‘upsetjs.Rmd’
    
    --- re-building ‘venn.Rmd’ using rmarkdown
    Warning in engine$weave(file, quiet = quiet, encoding = enc) :
     Pandoc (>= 1.12.3) not available. Falling back to R Markdown v1.
    Quitting from lines 28-32 (venn.Rmd)
    Error: processing vignette 'venn.Rmd' failed with diagnostics:
    invalid 'path' argument
    --- failed re-building ‘venn.Rmd’
    
    SUMMARY: processing the following files failed:
     ‘colors.Rmd’ ‘combinationModes.Rmd’ ‘got.Rmd’ ‘kmap.Rmd’
     ‘upsetjs.Rmd’ ‘venn.Rmd’
    
    Error: Vignette re-building failed.
    Execution halted
Flavor: r-release-macos-x86_64

Version: 1.9.0
Check: re-building of vignette outputs
Result: WARN
    Error(s) in re-building vignettes:
    --- re-building ‘colors.Rmd’ using rmarkdown
    Warning in engine$weave(file, quiet = quiet, encoding = enc) :
     Pandoc (>= 1.12.3) and/or pandoc-citeproc not available. Falling back to R Markdown v1.
    Quitting from lines 38-40 (colors.Rmd)
    Error: processing vignette 'colors.Rmd' failed with diagnostics:
    invalid 'path' argument
    --- failed re-building ‘colors.Rmd’
    
    --- re-building ‘combinationModes.Rmd’ using rmarkdown
    Warning in engine$weave(file, quiet = quiet, encoding = enc) :
     Pandoc (>= 1.12.3) and/or pandoc-citeproc not available. Falling back to R Markdown v1.
    Quitting from lines 53-55 (combinationModes.Rmd)
    Error: processing vignette 'combinationModes.Rmd' failed with diagnostics:
    invalid 'path' argument
    --- failed re-building ‘combinationModes.Rmd’
    
    --- re-building ‘got.Rmd’ using rmarkdown
    Warning in engine$weave(file, quiet = quiet, encoding = enc) :
     Pandoc (>= 1.12.3) and/or pandoc-citeproc not available. Falling back to R Markdown v1.
    Quitting from lines 33-34 (got.Rmd)
    Error: processing vignette 'got.Rmd' failed with diagnostics:
    invalid 'path' argument
    --- failed re-building ‘got.Rmd’
    
    --- re-building ‘kmap.Rmd’ using rmarkdown
    Warning in engine$weave(file, quiet = quiet, encoding = enc) :
     Pandoc (>= 1.12.3) and/or pandoc-citeproc not available. Falling back to R Markdown v1.
    Quitting from lines 28-32 (kmap.Rmd)
    Error: processing vignette 'kmap.Rmd' failed with diagnostics:
    invalid 'path' argument
    --- failed re-building ‘kmap.Rmd’
    
    --- re-building ‘upsetjs.Rmd’ using rmarkdown
    Warning in engine$weave(file, quiet = quiet, encoding = enc) :
     Pandoc (>= 1.12.3) and/or pandoc-citeproc not available. Falling back to R Markdown v1.
    Quitting from lines 38-42 (upsetjs.Rmd)
    Error: processing vignette 'upsetjs.Rmd' failed with diagnostics:
    invalid 'path' argument
    --- failed re-building ‘upsetjs.Rmd’
    
    --- re-building ‘venn.Rmd’ using rmarkdown
    Warning in engine$weave(file, quiet = quiet, encoding = enc) :
     Pandoc (>= 1.12.3) and/or pandoc-citeproc not available. Falling back to R Markdown v1.
    Quitting from lines 28-32 (venn.Rmd)
    Error: processing vignette 'venn.Rmd' failed with diagnostics:
    invalid 'path' argument
    --- failed re-building ‘venn.Rmd’
    
    SUMMARY: processing the following files failed:
     ‘colors.Rmd’ ‘combinationModes.Rmd’ ‘got.Rmd’ ‘kmap.Rmd’
     ‘upsetjs.Rmd’ ‘venn.Rmd’
    
    Error: Vignette re-building failed.
    Execution halted
Flavor: r-oldrel-macos-x86_64