CRAN Package Check Results for Package upstartr

Last updated on 2021-04-23 08:47:43 CEST.

Flavor Version Tinstall Tcheck Ttotal Status Flags
r-devel-linux-x86_64-debian-clang 0.1.1 10.45 90.37 100.82 NOTE
r-devel-linux-x86_64-debian-gcc 0.1.1 7.74 67.43 75.17 NOTE
r-devel-linux-x86_64-fedora-clang 0.1.1 126.64 NOTE
r-devel-linux-x86_64-fedora-gcc 0.1.1 123.35 NOTE
r-devel-windows-ix86+x86_64 0.1.1 25.00 122.00 147.00 NOTE
r-devel-windows-x86_64-gcc10-UCRT 0.1.1 NOTE
r-patched-linux-x86_64 0.1.1 10.30 83.98 94.28 NOTE
r-patched-solaris-x86 0.1.1 169.60 OK
r-release-linux-x86_64 0.1.1 8.21 81.56 89.77 OK
r-release-macos-x86_64 0.1.1 OK
r-release-windows-ix86+x86_64 0.1.1 23.00 94.00 117.00 OK
r-oldrel-macos-x86_64 0.1.1 OK
r-oldrel-windows-ix86+x86_64 0.1.1 20.00 104.00 124.00 OK

Check Details

Version: 0.1.1
Check: LazyData
Result: NOTE
     'LazyData' is specified without a 'data' directory
Flavors: r-devel-linux-x86_64-debian-clang, r-devel-linux-x86_64-debian-gcc, r-devel-linux-x86_64-fedora-clang, r-devel-linux-x86_64-fedora-gcc, r-devel-windows-ix86+x86_64, r-devel-windows-x86_64-gcc10-UCRT, r-patched-linux-x86_64