CRAN Package Check Results for Package usdampr

Last updated on 2020-09-19 17:49:33 CEST.

Flavor Version Tinstall Tcheck Ttotal Status Flags
r-devel-linux-x86_64-debian-clang 1.0.0 2.05 19.38 21.43 OK
r-devel-linux-x86_64-debian-gcc 1.0.0 1.58 15.50 17.08 OK
r-devel-linux-x86_64-fedora-clang 1.0.0 37.31 NOTE
r-devel-linux-x86_64-fedora-gcc 1.0.0 27.58 NOTE
r-devel-windows-ix86+x86_64 1.0.0 7.00 30.00 37.00 OK
r-patched-linux-x86_64 1.0.0 1.91 19.30 21.21 OK
r-patched-solaris-x86 1.0.0 42.60 NOTE
r-release-linux-x86_64 1.0.0 1.92 19.30 21.22 OK
r-release-macos-x86_64 1.0.0 NOTE
r-release-windows-ix86+x86_64 1.0.0 5.00 30.00 35.00 OK
r-oldrel-macos-x86_64 1.0.0 NOTE
r-oldrel-windows-ix86+x86_64 1.0.0 3.00 36.00 39.00 OK

Check Details

Version: 1.0.0
Check: data for non-ASCII characters
Result: NOTE
     Note: found 2 marked UTF-8 strings
Flavors: r-devel-linux-x86_64-fedora-clang, r-devel-linux-x86_64-fedora-gcc, r-patched-solaris-x86, r-release-macos-x86_64, r-oldrel-macos-x86_64