CRAN Package Check Results for Package usdm

Last updated on 2014-04-24 03:47:56.

Flavor Version Tinstall Tcheck Ttotal Status Flags
r-devel-linux-x86_64-debian-clang 1.1-12 3.51 47.09 50.60 NOTE
r-devel-linux-x86_64-debian-gcc 1.1-12 3.52 46.67 50.19 NOTE
r-devel-linux-x86_64-fedora-clang 1.1-12 112.84 NOTE
r-devel-linux-x86_64-fedora-gcc 1.1-12 109.11 NOTE
r-devel-osx-x86_64-clang 1.1-12 89.06 NOTE
r-devel-osx-x86_64-gcc 1.1-12 ERROR
r-devel-windows-ix86+x86_64 1.1-12 8.00 65.00 73.00 NOTE
r-patched-linux-x86_64 1.1-12 3.52 46.53 50.05 NOTE
r-patched-solaris-sparc 1.1-12 608.50 NOTE
r-patched-solaris-x86 1.1-12 136.10 NOTE
r-release-linux-ix86 1.1-12 5.00 73.00 78.00 NOTE
r-release-linux-x86_64 1.1-12 3.56 46.54 50.10 NOTE
r-release-osx-x86_64-mavericks 1.1-12 WARN
r-release-osx-x86_64-snowleopard 1.1-12 NOTE
r-release-windows-ix86+x86_64 1.1-12 9.00 73.00 82.00 NOTE
r-oldrel-windows-ix86+x86_64 1.1-12 8.00 59.00 67.00 NOTE

Check Details

Version: 1.1-12
Check: dependencies in R code
Result: NOTE
    Package in Depends field not imported from: ‘methods’
     These packages need to be imported from (in the NAMESPACE file)
     for when this namespace is loaded but not attached.
    See the information on DESCRIPTION files in the chapter ‘Creating R
    packages’ of the ‘Writing R Extensions’ manual.
Flavors: r-devel-linux-x86_64-debian-clang, r-devel-linux-x86_64-debian-gcc, r-devel-linux-x86_64-fedora-clang, r-devel-linux-x86_64-fedora-gcc, r-devel-osx-x86_64-clang, r-devel-windows-ix86+x86_64, r-patched-linux-x86_64, r-patched-solaris-sparc, r-patched-solaris-x86, r-release-linux-ix86, r-release-linux-x86_64, r-release-osx-x86_64-mavericks, r-release-windows-ix86+x86_64, r-oldrel-windows-ix86+x86_64

Version: 1.1-12
Check: package dependencies
Result: ERROR
    Package required but not available: ‘raster’
    
    See the information on DESCRIPTION files in the chapter ‘Creating R
    packages’ of the ‘Writing R Extensions’ manual.
Flavor: r-devel-osx-x86_64-gcc

Version: 1.1-12
Check: package dependencies
Result: NOTE
    Package suggested but not available for checking: ‘rgdal’
Flavor: r-release-osx-x86_64-mavericks

Version: 1.1-12
Check: PDF version of manual
Result: WARNING
    LaTeX errors when creating PDF version.
    This typically indicates Rd problems.
    LaTeX errors found:
    ! LaTeX Error: File `upquote.sty' not found.
    
    Type X to quit or <RETURN> to proceed,
    or enter new name. (Default extension: sty)
    
    1e0b35c1/Rd2.tex:8: ==> Fatal error occurred, no output PDF file produced!
Flavor: r-release-osx-x86_64-mavericks

Version: 1.1-12
Check: dependencies in R code
Result: NOTE
    Package in Depends field not imported from: 'methods'
     These packages need to be imported from for the case when
     this namespace is loaded but not attached.
    See the information on DESCRIPTION files in the chapter 'Creating R
    packages' of the 'Writing R Extensions' manual.
Flavor: r-release-osx-x86_64-snowleopard