CRAN Package Check Results for Package usdm

Last updated on 2014-07-23 12:47:37.

Flavor Version Tinstall Tcheck Ttotal Status Flags
r-devel-linux-x86_64-debian-clang 1.1-12 3.51 44.72 48.23 NOTE
r-devel-linux-x86_64-debian-gcc 1.1-12 3.36 43.82 47.18 NOTE
r-devel-linux-x86_64-fedora-clang 1.1-12 112.19 NOTE
r-devel-linux-x86_64-fedora-gcc 1.1-12 105.30 NOTE
r-devel-osx-x86_64-clang 1.1-12 86.26 NOTE
r-devel-windows-ix86+x86_64 1.1-12 8.00 64.00 72.00 NOTE
r-patched-linux-x86_64 1.1-12 3.20 45.14 48.35 NOTE
r-patched-solaris-sparc 1.1-12 608.50 NOTE
r-patched-solaris-x86 1.1-12 133.30 NOTE
r-release-linux-ix86 1.1-12 3.90 55.28 59.18 NOTE
r-release-linux-x86_64 1.1-12 3.36 45.15 48.51 NOTE
r-release-osx-x86_64-mavericks 1.1-12 NOTE
r-release-osx-x86_64-snowleopard 1.1-12 NOTE
r-release-windows-ix86+x86_64 1.1-12 8.00 67.00 75.00 NOTE
r-oldrel-windows-ix86+x86_64 1.1-12 9.00 60.00 69.00 NOTE

Check Details

Version: 1.1-12
Check: dependencies in R code
Result: NOTE
    Package in Depends field not imported from: ‘methods’
     These packages need to be imported from (in the NAMESPACE file)
     for when this namespace is loaded but not attached.
    See the information on DESCRIPTION files in the chapter ‘Creating R
    packages’ of the ‘Writing R Extensions’ manual.
Flavors: r-devel-linux-x86_64-debian-clang, r-devel-linux-x86_64-debian-gcc, r-devel-linux-x86_64-fedora-clang, r-devel-linux-x86_64-fedora-gcc, r-devel-osx-x86_64-clang, r-devel-windows-ix86+x86_64, r-patched-linux-x86_64, r-patched-solaris-sparc, r-patched-solaris-x86, r-release-linux-ix86, r-release-linux-x86_64, r-release-osx-x86_64-mavericks, r-release-windows-ix86+x86_64, r-oldrel-windows-ix86+x86_64

Version: 1.1-12
Check: package dependencies
Result: NOTE
    Package suggested but not available for checking: ‘rgdal’
Flavor: r-release-osx-x86_64-mavericks

Version: 1.1-12
Check: dependencies in R code
Result: NOTE
    Package in Depends field not imported from: 'methods'
     These packages need to be imported from for the case when
     this namespace is loaded but not attached.
    See the information on DESCRIPTION files in the chapter 'Creating R
    packages' of the 'Writing R Extensions' manual.
Flavor: r-release-osx-x86_64-snowleopard