CRAN Package Check Results for Package usdm

Last updated on 2014-09-01 19:46:38.

Flavor Version Tinstall Tcheck Ttotal Status Flags
r-devel-linux-x86_64-debian-clang 1.1-12 3.30 43.55 46.85 NOTE
r-devel-linux-x86_64-debian-gcc 1.1-12 3.24 42.75 45.99 NOTE
r-devel-linux-x86_64-fedora-clang 1.1-12 108.51 NOTE
r-devel-linux-x86_64-fedora-gcc 1.1-12 100.90 NOTE
r-devel-osx-x86_64-clang 1.1-12 83.42 NOTE
r-devel-windows-ix86+x86_64 1.1-12 8.00 63.00 71.00 NOTE
r-patched-linux-x86_64 1.1-12 3.20 45.18 48.38 NOTE
r-patched-solaris-sparc 1.1-12 610.80 NOTE
r-patched-solaris-x86 1.1-12 134.60 NOTE
r-release-linux-ix86 1.1-12 3.92 55.54 59.46 NOTE
r-release-linux-x86_64 1.1-12 3.31 45.94 49.26 NOTE
r-release-osx-x86_64-mavericks 1.1-12 NOTE
r-release-osx-x86_64-snowleopard 1.1-12 NOTE
r-release-windows-ix86+x86_64 1.1-12 9.00 68.00 77.00 NOTE
r-oldrel-windows-ix86+x86_64 1.1-12 12.00 64.00 76.00 NOTE

Check Details

Version: 1.1-12
Check: dependencies in R code
Result: NOTE
    Package in Depends field not imported from: ‘methods’
     These packages need to be imported from (in the NAMESPACE file)
     for when this namespace is loaded but not attached.
    See the information on DESCRIPTION files in the chapter ‘Creating R
    packages’ of the ‘Writing R Extensions’ manual.
Flavors: r-devel-linux-x86_64-debian-clang, r-devel-linux-x86_64-debian-gcc, r-devel-linux-x86_64-fedora-clang, r-devel-linux-x86_64-fedora-gcc, r-devel-osx-x86_64-clang, r-devel-windows-ix86+x86_64, r-patched-linux-x86_64, r-patched-solaris-sparc, r-patched-solaris-x86, r-release-linux-ix86, r-release-linux-x86_64, r-release-osx-x86_64-mavericks, r-release-windows-ix86+x86_64, r-oldrel-windows-ix86+x86_64

Version: 1.1-12
Check: R code for possible problems
Result: NOTE
    .localG: no visible global function definition for ‘res’
    .localG: no visible global function definition for ‘cellStats’
    .localG: no visible global function definition for ‘ncell’
    .localG: no visible global function definition for ‘raster’
    .localG2: no visible global function definition for ‘res’
    .localG2: no visible global function definition for ‘cellStats’
    .localG2: no visible global function definition for ‘ncell’
    .localG2: no visible global function definition for ‘raster’
    .localGeary: no visible global function definition for ‘res’
    .localGeary: no visible global function definition for ‘cellStats’
    .localGeary: no visible global function definition for ‘ncell’
    .localGeary: no visible global function definition for ‘raster’
    .localK: no visible global function definition for ‘res’
    .localK: no visible global function definition for ‘ncell’
    .localK: no visible global function definition for ‘raster’
    .localMoran: no visible global function definition for ‘res’
    .localMoran: no visible global function definition for ‘ncell’
    .localMoran: no visible global function definition for ‘raster’
    .plot.specisLISA: no visible global function definition for ‘bbox’
    .plot.specisLISA: no visible global function definition for
     ‘coordinates’
    Variogram,RasterLayer: no visible global function definition for ‘xmin’
    Variogram,RasterLayer: no visible global function definition for ‘xmax’
    Variogram,RasterLayer: no visible global function definition for ‘ymin’
    Variogram,RasterLayer: no visible global function definition for ‘ymax’
    Variogram,RasterLayer: no visible global function definition for ‘res’
    Variogram,RasterLayer: no visible global function definition for
     ‘ncell’
    exclude,RasterBrick-VIF: no visible global function definition for
     ‘brick’
    lisa,Raster-SpatialPoints: no visible global function definition for
     ‘coordinates’
    lisa,Raster-SpatialPoints: no visible global function definition for
     ‘cellFromXY’
    lisa,Raster-SpatialPoints: no visible global function definition for
     ‘nlayers’
    lisa,Raster-SpatialPointsDataFrame: no visible global function
     definition for ‘coordinates’
    lisa,Raster-SpatialPointsDataFrame: no visible global function
     definition for ‘cellFromXY’
    lisa,Raster-SpatialPointsDataFrame: no visible global function
     definition for ‘nlayers’
    lisa,Raster-missing: no visible global function definition for
     ‘nlayers’
    lisa,Raster-missing: no visible global function definition for ‘raster’
    lisa,Raster-missing: no visible global function definition for
     ‘addLayer’
    lisa,Raster-missing: no visible global function definition for ‘brick’
    speciesLisa,Raster-SpatialPoints: no visible global function definition
     for ‘nlayers’
    speciesLisa,Raster-SpatialPointsDataFrame: no visible global function
     definition for ‘nlayers’
Flavors: r-devel-linux-x86_64-debian-clang, r-devel-linux-x86_64-debian-gcc, r-devel-linux-x86_64-fedora-clang, r-devel-linux-x86_64-fedora-gcc, r-devel-osx-x86_64-clang, r-devel-windows-ix86+x86_64

Version: 1.1-12
Check: package dependencies
Result: NOTE
    Package suggested but not available for checking: ‘rgdal’
Flavor: r-release-osx-x86_64-mavericks

Version: 1.1-12
Check: dependencies in R code
Result: NOTE
    Package in Depends field not imported from: 'methods'
     These packages need to be imported from for the case when
     this namespace is loaded but not attached.
    See the information on DESCRIPTION files in the chapter 'Creating R
    packages' of the 'Writing R Extensions' manual.
Flavor: r-release-osx-x86_64-snowleopard