CRAN Package Check Results for Package usdm

Last updated on 2015-06-29 23:47:18.

Flavor Version Tinstall Tcheck Ttotal Status Flags
r-devel-linux-x86_64-debian-clang 1.1-12 2.80 36.98 39.78 NOTE
r-devel-linux-x86_64-debian-gcc 1.1-12 2.74 36.28 39.02 NOTE
r-devel-linux-x86_64-fedora-clang 1.1-12 81.61 NOTE
r-devel-linux-x86_64-fedora-gcc 1.1-12 77.49 NOTE
r-devel-osx-x86_64-clang 1.1-12 60.74 NOTE
r-devel-windows-ix86+x86_64 1.1-12 10.00 53.00 63.00 NOTE
r-patched-linux-x86_64 1.1-12 2.62 37.58 40.20 NOTE
r-patched-solaris-sparc 1.1-12 501.30 NOTE
r-patched-solaris-x86 1.1-12 105.70 NOTE
r-release-linux-x86_64 1.1-12 2.53 36.68 39.21 NOTE
r-release-osx-x86_64-mavericks 1.1-12 NOTE
r-release-windows-ix86+x86_64 1.1-12 10.00 56.00 66.00 NOTE
r-oldrel-windows-ix86+x86_64 1.1-12 9.00 98.00 107.00 NOTE

Check Details

Version: 1.1-12
Check: dependencies in R code
Result: NOTE
    Package in Depends field not imported from: ‘methods’
     These packages need to be imported from (in the NAMESPACE file)
     for when this namespace is loaded but not attached.
Flavors: r-devel-linux-x86_64-debian-clang, r-devel-linux-x86_64-debian-gcc, r-devel-linux-x86_64-fedora-clang, r-devel-linux-x86_64-fedora-gcc, r-devel-osx-x86_64-clang, r-devel-windows-ix86+x86_64, r-patched-linux-x86_64, r-patched-solaris-sparc, r-patched-solaris-x86, r-release-linux-x86_64, r-release-osx-x86_64-mavericks, r-release-windows-ix86+x86_64, r-oldrel-windows-ix86+x86_64

Version: 1.1-12
Check: R code for possible problems
Result: NOTE
    .localG: no visible global function definition for ‘res’
    .localG: no visible global function definition for ‘cellStats’
    .localG: no visible global function definition for ‘ncell’
    .localG: no visible global function definition for ‘raster’
    .localG: no visible binding for global variable ‘var’
    .localG: no visible global function definition for ‘as’
    .localG: no visible global function definition for ‘na.omit’
    .localG2: no visible global function definition for ‘res’
    .localG2: no visible global function definition for ‘cellStats’
    .localG2: no visible global function definition for ‘ncell’
    .localG2: no visible global function definition for ‘raster’
    .localG2: no visible global function definition for ‘as’
    .localG2: no visible global function definition for ‘na.omit’
    .localGeary: no visible global function definition for ‘res’
    .localGeary: no visible global function definition for ‘cellStats’
    .localGeary: no visible global function definition for ‘ncell’
    .localGeary: no visible global function definition for ‘raster’
    .localGeary: no visible binding for global variable ‘var’
    .localGeary: no visible global function definition for ‘as’
    .localGeary: no visible global function definition for ‘na.omit’
    .localK: no visible global function definition for ‘res’
    .localK: no visible global function definition for ‘ncell’
    .localK: no visible global function definition for ‘raster’
    .localK: no visible global function definition for ‘as’
    .localK: no visible global function definition for ‘na.omit’
    .localMoran: no visible global function definition for ‘res’
    .localMoran: no visible global function definition for ‘ncell’
    .localMoran: no visible global function definition for ‘raster’
    .localMoran: no visible global function definition for ‘var’
    .localMoran: no visible global function definition for ‘as’
    .localMoran: no visible global function definition for ‘na.omit’
    .neighborRowCol: no visible global function definition for ‘as’
    .plot.specisLISA: no visible global function definition for ‘par’
    .plot.specisLISA: no visible global function definition for ‘bbox’
    .plot.specisLISA: no visible global function definition for ‘plot’
    .plot.specisLISA: no visible global function definition for
     ‘coordinates’
    .plot.specisLISA: no visible global function definition for ‘points’
    .plot.specisLISA: no visible global function definition for ‘legend’
    .vif: no visible global function definition for ‘lm’
    .vif2: no visible global function definition for ‘lm’
    .vif2: no visible global function definition for ‘as.formula’
    Variogram,RasterLayer: no visible global function definition for ‘xmin’
    Variogram,RasterLayer: no visible global function definition for ‘xmax’
    Variogram,RasterLayer: no visible global function definition for ‘ymin’
    Variogram,RasterLayer: no visible global function definition for ‘ymax’
    Variogram,RasterLayer: no visible global function definition for ‘res’
    Variogram,RasterLayer: no visible global function definition for
     ‘ncell’
    Variogram,RasterLayer: no visible global function definition for ‘as’
    Variogram,RasterLayer: no visible global function definition for ‘new’
    exclude,RasterBrick-VIF: no visible global function definition for
     ‘brick’
    lisa,Raster-SpatialPoints: no visible global function definition for
     ‘coordinates’
    lisa,Raster-SpatialPoints: no visible global function definition for
     ‘cellFromXY’
    lisa,Raster-SpatialPoints: no visible global function definition for
     ‘nlayers’
    lisa,Raster-SpatialPointsDataFrame: no visible global function
     definition for ‘coordinates’
    lisa,Raster-SpatialPointsDataFrame: no visible global function
     definition for ‘cellFromXY’
    lisa,Raster-SpatialPointsDataFrame: no visible global function
     definition for ‘nlayers’
    lisa,Raster-missing: no visible global function definition for
     ‘nlayers’
    lisa,Raster-missing: no visible global function definition for ‘raster’
    lisa,Raster-missing: no visible global function definition for
     ‘addLayer’
    lisa,Raster-missing: no visible global function definition for ‘brick’
    speciesLisa,Raster-SpatialPoints: no visible global function definition
     for ‘nlayers’
    speciesLisa,Raster-SpatialPoints: no visible global function definition
     for ‘new’
    speciesLisa,Raster-SpatialPointsDataFrame: no visible global function
     definition for ‘nlayers’
    speciesLisa,Raster-SpatialPointsDataFrame: no visible global function
     definition for ‘new’
    speciesLisa,Raster-SpatialPointsDataFrame: no visible global function
     definition for ‘as’
Flavors: r-devel-linux-x86_64-debian-clang, r-devel-linux-x86_64-debian-gcc, r-devel-windows-ix86+x86_64

Version: 1.1-12
Check: R code for possible problems
Result: NOTE
    .localG: no visible global function definition for ‘res’
    .localG: no visible global function definition for ‘cellStats’
    .localG: no visible global function definition for ‘ncell’
    .localG: no visible global function definition for ‘raster’
    .localG2: no visible global function definition for ‘res’
    .localG2: no visible global function definition for ‘cellStats’
    .localG2: no visible global function definition for ‘ncell’
    .localG2: no visible global function definition for ‘raster’
    .localGeary: no visible global function definition for ‘res’
    .localGeary: no visible global function definition for ‘cellStats’
    .localGeary: no visible global function definition for ‘ncell’
    .localGeary: no visible global function definition for ‘raster’
    .localK: no visible global function definition for ‘res’
    .localK: no visible global function definition for ‘ncell’
    .localK: no visible global function definition for ‘raster’
    .localMoran: no visible global function definition for ‘res’
    .localMoran: no visible global function definition for ‘ncell’
    .localMoran: no visible global function definition for ‘raster’
    .plot.specisLISA: no visible global function definition for ‘bbox’
    .plot.specisLISA: no visible global function definition for
     ‘coordinates’
    Variogram,RasterLayer: no visible global function definition for ‘xmin’
    Variogram,RasterLayer: no visible global function definition for ‘xmax’
    Variogram,RasterLayer: no visible global function definition for ‘ymin’
    Variogram,RasterLayer: no visible global function definition for ‘ymax’
    Variogram,RasterLayer: no visible global function definition for ‘res’
    Variogram,RasterLayer: no visible global function definition for
     ‘ncell’
    exclude,RasterBrick-VIF: no visible global function definition for
     ‘brick’
    lisa,Raster-SpatialPoints: no visible global function definition for
     ‘coordinates’
    lisa,Raster-SpatialPoints: no visible global function definition for
     ‘cellFromXY’
    lisa,Raster-SpatialPoints: no visible global function definition for
     ‘nlayers’
    lisa,Raster-SpatialPointsDataFrame: no visible global function
     definition for ‘coordinates’
    lisa,Raster-SpatialPointsDataFrame: no visible global function
     definition for ‘cellFromXY’
    lisa,Raster-SpatialPointsDataFrame: no visible global function
     definition for ‘nlayers’
    lisa,Raster-missing: no visible global function definition for
     ‘nlayers’
    lisa,Raster-missing: no visible global function definition for ‘raster’
    lisa,Raster-missing: no visible global function definition for
     ‘addLayer’
    lisa,Raster-missing: no visible global function definition for ‘brick’
    speciesLisa,Raster-SpatialPoints: no visible global function definition
     for ‘nlayers’
    speciesLisa,Raster-SpatialPointsDataFrame: no visible global function
     definition for ‘nlayers’
Flavors: r-devel-linux-x86_64-fedora-clang, r-devel-linux-x86_64-fedora-gcc, r-devel-osx-x86_64-clang, r-patched-linux-x86_64, r-patched-solaris-sparc, r-patched-solaris-x86, r-release-linux-x86_64, r-release-osx-x86_64-mavericks, r-release-windows-ix86+x86_64, r-oldrel-windows-ix86+x86_64

Version: 1.1-12
Check: package dependencies
Result: NOTE
    Package suggested but not available for checking: ‘rgdal’
Flavor: r-release-osx-x86_64-mavericks