CRAN Package Check Results for Package usdm

Last updated on 2017-06-22 19:47:30.

Flavor Version Tinstall Tcheck Ttotal Status Flags
r-devel-linux-x86_64-debian-clang 1.1-15 2.74 43.44 46.18 OK
r-devel-linux-x86_64-debian-gcc 1.1-15 3.12 41.62 44.74 OK
r-devel-linux-x86_64-fedora-clang 1.1-15 86.96 OK
r-devel-linux-x86_64-fedora-gcc 1.1-15 83.59 OK
r-devel-windows-ix86+x86_64 1.1-15 10.00 76.00 86.00 OK
r-patched-linux-x86_64 1.1-15 3.03 41.43 44.46 OK
r-patched-solaris-sparc 1.1-15 526.00 OK
r-patched-solaris-x86 1.1-15 109.70 OK
r-release-linux-x86_64 1.1-15 3.07 41.37 44.45 OK
r-release-windows-ix86+x86_64 1.1-15 10.00 107.00 117.00 OK
r-release-osx-x86_64 1.1-15 NOTE
r-oldrel-windows-ix86+x86_64 1.1-15 11.00 70.00 81.00 OK
r-oldrel-osx-x86_64 1.1-15 OK

Check Details

Version: 1.1-15
Check: package dependencies
Result: NOTE
    Package suggested but not available for checking: ‘rgdal’
Flavor: r-release-osx-x86_64