CRAN Package Check Results for Package usdm

Last updated on 2017-05-25 06:48:21.

Flavor Version Tinstall Tcheck Ttotal Status Flags
r-devel-linux-x86_64-debian-clang 1.1-15 2.77 42.07 44.84 OK
r-devel-linux-x86_64-debian-gcc 1.1-15 2.78 41.07 43.85 OK
r-devel-linux-x86_64-fedora-clang 1.1-15 93.61 OK --no-stop-on-test-error
r-devel-linux-x86_64-fedora-gcc 1.1-15 81.01 OK --no-stop-on-test-error
r-devel-windows-ix86+x86_64 1.1-15 8.00 106.00 114.00 OK
r-patched-linux-x86_64 1.1-15 2.76 40.89 43.65 OK
r-patched-solaris-sparc 1.1-15 526.00 OK --no-stop-on-test-error
r-patched-solaris-x86 1.1-15 104.70 OK --no-stop-on-test-error
r-release-linux-x86_64 1.1-15 3.18 42.56 45.74 OK
r-release-windows-ix86+x86_64 1.1-15 14.00 121.00 135.00 OK
r-release-osx-x86_64 1.1-15 NOTE
r-oldrel-windows-ix86+x86_64 1.1-15 12.00 89.00 101.00 OK
r-oldrel-osx-x86_64 1.1-15 OK

Check Details

Version: 1.1-15
Check: package dependencies
Result: NOTE
    Package suggested but not available for checking: ‘rgdal’
Flavor: r-release-osx-x86_64