CRAN Package Check Results for Package usedist

Last updated on 2022-08-14 02:51:58 CEST.

Flavor Version Tinstall Tcheck Ttotal Status Flags
r-devel-linux-x86_64-debian-clang 0.4.0 1.89 27.25 29.14 NOTE
r-devel-linux-x86_64-debian-gcc 0.4.0 1.55 21.47 23.02 NOTE
r-devel-linux-x86_64-fedora-clang 0.4.0 46.32 NOTE
r-devel-linux-x86_64-fedora-gcc 0.4.0 48.63 NOTE
r-devel-windows-x86_64 0.4.0 11.00 56.00 67.00 NOTE
r-patched-linux-x86_64 0.4.0 1.77 25.89 27.66 NOTE
r-release-linux-x86_64 0.4.0 1.86 26.26 28.12 NOTE
r-release-macos-arm64 0.4.0 16.00 NOTE
r-release-macos-x86_64 0.4.0 24.00 NOTE
r-release-windows-x86_64 0.4.0 12.00 54.00 66.00 NOTE
r-oldrel-macos-arm64 0.4.0 26.00 NOTE
r-oldrel-macos-x86_64 0.4.0 30.00 NOTE
r-oldrel-windows-ix86+x86_64 0.4.0 6.00 45.00 51.00 NOTE

Check Details

Version: 0.4.0
Check: LazyData
Result: NOTE
     'LazyData' is specified without a 'data' directory
Flavors: r-devel-linux-x86_64-debian-clang, r-devel-linux-x86_64-debian-gcc, r-devel-linux-x86_64-fedora-clang, r-devel-linux-x86_64-fedora-gcc, r-devel-windows-x86_64, r-patched-linux-x86_64, r-release-linux-x86_64, r-release-macos-arm64, r-release-macos-x86_64, r-release-windows-x86_64, r-oldrel-macos-arm64, r-oldrel-macos-x86_64, r-oldrel-windows-ix86+x86_64