CRAN Package Check Results for Package useful

Last updated on 2016-07-01 05:48:43.

Flavor Version Tinstall Tcheck Ttotal Status Flags
r-devel-linux-x86_64-debian-gcc 1.2.1 2.70 31.89 34.60 OK
r-devel-linux-x86_64-fedora-clang 1.2.1 31.27 OK
r-devel-linux-x86_64-fedora-gcc 1.2.1 30.79 OK
r-devel-osx-x86_64-clang 1.2.1 27.52 OK
r-devel-windows-ix86+x86_64 1.2.1 9.00 71.00 80.00 OK
r-patched-linux-x86_64 1.2.1 2.82 32.51 35.33 OK
r-patched-solaris-sparc 1.2.1 328.70 OK
r-patched-solaris-x86 1.2.1 67.10 OK
r-release-linux-x86_64 1.2.0 2.36 30.43 32.79 ERROR
r-release-osx-x86_64-mavericks 1.2.1 OK
r-release-windows-ix86+x86_64 1.2.1 10.00 68.00 78.00 OK
r-oldrel-windows-ix86+x86_64 1.2.1 12.00 71.00 83.00 OK

Check Details

Version: 1.2.0
Check: tests
Result: ERROR
    Running the tests in ‘tests/testthat.R’ failed.
    Last 13 lines of output:
     4. Failure: simple.impute.default properly imputes the mean (@test-simple-impute.r#41)
     all.equal(...) produced no output
    
    
     testthat results ================================================================
     OK: 324 SKIPPED: 0 FAILED: 4
     1. Failure: simple.impute.default properly imputes the mean (@test-simple-impute.r#32)
     2. Failure: simple.impute.default properly imputes the mean (@test-simple-impute.r#35)
     3. Failure: simple.impute.default properly imputes the mean (@test-simple-impute.r#38)
     4. Failure: simple.impute.default properly imputes the mean (@test-simple-impute.r#41)
    
     Error: testthat unit tests failed
     Execution halted
Flavor: r-release-linux-x86_64