CRAN Package Check Results for Package useful

Last updated on 2015-05-28 19:47:48.

Flavor Version Tinstall Tcheck Ttotal Status Flags
r-devel-linux-x86_64-debian-clang 1.1.8 1.59 24.83 26.42 WARN
r-devel-linux-x86_64-debian-gcc 1.1.8 1.62 24.57 26.18 WARN
r-devel-linux-x86_64-fedora-clang 1.1.8 54.55 WARN
r-devel-linux-x86_64-fedora-gcc 1.1.8 49.61 WARN
r-devel-osx-x86_64-clang 1.1.8 51.43 WARN
r-devel-windows-ix86+x86_64 1.1.8 6.00 43.00 49.00 WARN
r-patched-linux-x86_64 1.1.8 1.58 24.27 25.84 WARN
r-patched-solaris-sparc 1.1.8 341.20 WARN
r-patched-solaris-x86 1.1.8 74.90 WARN
r-release-linux-x86_64 1.1.8 1.58 24.42 26.00 WARN
r-release-osx-x86_64-mavericks 1.1.8 NOTE
r-release-osx-x86_64-snowleopard 1.1.8 ERROR
r-release-windows-ix86+x86_64 1.1.8 5.00 41.00 46.00 WARN
r-oldrel-windows-ix86+x86_64 1.1.8 9.00 54.00 63.00 OK

Check Details

Version: 1.1.8
Check: DESCRIPTION meta-information
Result: NOTE
    Malformed Description field: should contain one or more complete sentences.
Flavors: r-devel-linux-x86_64-debian-clang, r-devel-linux-x86_64-debian-gcc, r-devel-linux-x86_64-fedora-clang, r-devel-linux-x86_64-fedora-gcc, r-devel-osx-x86_64-clang, r-devel-windows-ix86+x86_64, r-patched-linux-x86_64, r-patched-solaris-sparc, r-patched-solaris-x86, r-release-linux-x86_64, r-release-osx-x86_64-mavericks, r-release-windows-ix86+x86_64

Version: 1.1.8
Check: use of S3 registration
Result: WARN
    Registered S3 method from a standard package overwritten by 'useful':
     method from
     plot.acf stats
Flavors: r-devel-linux-x86_64-debian-clang, r-devel-linux-x86_64-debian-gcc, r-devel-linux-x86_64-fedora-clang, r-devel-linux-x86_64-fedora-gcc, r-devel-osx-x86_64-clang, r-devel-windows-ix86+x86_64, r-patched-linux-x86_64, r-patched-solaris-sparc, r-patched-solaris-x86, r-release-linux-x86_64, r-release-windows-ix86+x86_64

Version: 1.1.8
Check: package dependencies
Result: ERROR
    Packages required but not available: ‘ggplot2’ ‘scales’
    
    See section ‘The DESCRIPTION file’ in the ‘Writing R Extensions’
    manual.
Flavor: r-release-osx-x86_64-snowleopard