CRAN Package Check Results for Package useful

Last updated on 2015-04-19 03:49:57.

Flavor Version Tinstall Tcheck Ttotal Status Flags
r-devel-linux-x86_64-debian-clang 1.1.8 1.59 24.44 26.03 WARN
r-devel-linux-x86_64-debian-gcc 1.1.8 1.57 23.97 25.54 WARN
r-devel-linux-x86_64-fedora-clang 1.1.8 50.91 WARN
r-devel-linux-x86_64-fedora-gcc 1.1.8 48.69 WARN
r-devel-osx-x86_64-clang 1.1.8 51.02 WARN
r-patched-linux-x86_64 1.1.8 1.58 23.77 25.34 WARN
r-patched-solaris-sparc 1.1.8 326.00 NOTE
r-patched-solaris-x86 1.1.8 67.80 NOTE
r-release-linux-x86_64 1.1.8 2.14 21.46 23.60 WARN
r-release-osx-x86_64-mavericks 1.1.8 NOTE
r-release-osx-x86_64-snowleopard 1.1.8 ERROR
r-release-windows-ix86+x86_64 1.1.8 5.00 48.00 53.00 WARN
r-oldrel-windows-ix86+x86_64 1.1.8 10.00 76.00 86.00 OK

Check Details

Version: 1.1.8
Check: DESCRIPTION meta-information
Result: NOTE
    Malformed Description field: should contain one or more complete sentences.
Flavors: r-devel-linux-x86_64-debian-clang, r-devel-linux-x86_64-debian-gcc, r-devel-linux-x86_64-fedora-clang, r-devel-linux-x86_64-fedora-gcc, r-devel-osx-x86_64-clang, r-patched-linux-x86_64, r-patched-solaris-sparc, r-patched-solaris-x86, r-release-linux-x86_64, r-release-osx-x86_64-mavericks, r-release-windows-ix86+x86_64

Version: 1.1.8
Check: use of S3 registration
Result: WARN
    Registered S3 method from a standard package overwritten by 'useful':
     method from
     plot.acf stats
Flavors: r-devel-linux-x86_64-debian-clang, r-devel-linux-x86_64-debian-gcc, r-devel-linux-x86_64-fedora-clang, r-devel-linux-x86_64-fedora-gcc, r-devel-osx-x86_64-clang, r-patched-linux-x86_64, r-release-linux-x86_64, r-release-windows-ix86+x86_64

Version: 1.1.8
Check: package dependencies
Result: ERROR
    Packages required but not available: ‘ggplot2’ ‘scales’
    
    See section ‘The DESCRIPTION file’ in the ‘Writing R Extensions’
    manual.
Flavor: r-release-osx-x86_64-snowleopard