CRAN Package Check Results for Package useful

Last updated on 2015-08-01 14:51:18.

Flavor Version Tinstall Tcheck Ttotal Status Flags
r-devel-linux-x86_64-debian-clang 1.1.8 1.55 24.67 26.22 WARN
r-devel-linux-x86_64-debian-gcc 1.1.8 1.66 24.41 26.07 WARN
r-devel-linux-x86_64-fedora-clang 1.1.8 52.45 WARN
r-devel-linux-x86_64-fedora-gcc 1.1.8 50.10 WARN
r-devel-osx-x86_64-clang 1.1.8 48.52 WARN
r-devel-windows-ix86+x86_64 1.1.8 10.00 47.00 57.00 WARN
r-patched-linux-x86_64 1.1.8 1.59 25.45 27.04 WARN
r-patched-solaris-sparc 1.1.8 340.60 WARN
r-patched-solaris-x86 1.1.8 74.70 WARN
r-release-linux-x86_64 1.1.8 1.54 24.98 26.52 WARN
r-release-osx-x86_64-mavericks 1.1.8 NOTE
r-release-windows-ix86+x86_64 1.1.8 8.00 46.00 54.00 WARN
r-oldrel-windows-ix86+x86_64 1.1.8 13.00 67.00 80.00 OK

Check Details

Version: 1.1.8
Check: DESCRIPTION meta-information
Result: NOTE
    Malformed Description field: should contain one or more complete sentences.
Flavors: r-devel-linux-x86_64-debian-clang, r-devel-linux-x86_64-debian-gcc, r-devel-linux-x86_64-fedora-clang, r-devel-linux-x86_64-fedora-gcc, r-devel-osx-x86_64-clang, r-devel-windows-ix86+x86_64, r-patched-linux-x86_64, r-patched-solaris-sparc, r-patched-solaris-x86, r-release-linux-x86_64, r-release-osx-x86_64-mavericks, r-release-windows-ix86+x86_64

Version: 1.1.8
Check: use of S3 registration
Result: WARN
    Registered S3 method from a standard package overwritten by 'useful':
     method from
     plot.acf stats
Flavors: r-devel-linux-x86_64-debian-clang, r-devel-linux-x86_64-debian-gcc, r-devel-linux-x86_64-fedora-clang, r-devel-linux-x86_64-fedora-gcc, r-devel-osx-x86_64-clang, r-devel-windows-ix86+x86_64, r-patched-linux-x86_64, r-patched-solaris-sparc, r-patched-solaris-x86, r-release-linux-x86_64, r-release-windows-ix86+x86_64

Version: 1.1.8
Check: R code for possible problems
Result: NOTE
    FitKMeans: no visible global function definition for ‘kmeans’
    build.formula: no visible global function definition for ‘as.formula’
    build.x: no visible global function definition for ‘model.matrix’
    build.x: no visible global function definition for ‘terms’
    build.y: no visible global function definition for ‘model.frame’
    corner.default: no visible global function definition for ‘head’
    fortify.kmeans: no visible global function definition for ‘cmdscale’
    fortify.kmeans: no visible global function definition for ‘dist’
    plotTimesSeries: no visible binding for global variable ‘na.fail’
    Undefined global functions or variables:
     as.formula cmdscale dist head kmeans model.frame model.matrix na.fail
     terms
    Consider adding
     importFrom("stats", "as.formula", "cmdscale", "dist", "kmeans",
     "model.frame", "model.matrix", "na.fail", "terms")
     importFrom("utils", "head")
    to your NAMESPACE.
Flavors: r-devel-linux-x86_64-debian-clang, r-devel-linux-x86_64-debian-gcc, r-devel-linux-x86_64-fedora-clang, r-devel-linux-x86_64-fedora-gcc, r-devel-windows-ix86+x86_64