CRAN Package Check Results for Package useful

Last updated on 2018-05-22 12:49:43 CEST.

Flavor Version Tinstall Tcheck Ttotal Status Flags
r-devel-linux-x86_64-debian-clang 1.2.4 2.73 65.34 68.07 ERROR
r-devel-linux-x86_64-debian-gcc 1.2.4 2.98 51.36 54.34 ERROR
r-devel-linux-x86_64-fedora-clang 1.2.4 47.90 OK
r-devel-linux-x86_64-fedora-gcc 1.2.4 46.01 OK
r-devel-windows-ix86+x86_64 1.2.4 11.00 105.00 116.00 OK
r-patched-linux-x86_64 1.2.3 2.43 52.80 55.23 ERROR
r-patched-solaris-x86 1.2.4 100.00 OK
r-release-linux-x86_64 1.2.4 3.28 58.38 61.66 ERROR
r-release-windows-ix86+x86_64 1.2.4 8.00 102.00 110.00 OK
r-release-osx-x86_64 1.2.4 OK
r-oldrel-windows-ix86+x86_64 1.2.3 10.00 102.00 112.00 OK
r-oldrel-osx-x86_64 1.2.3 OK

Check Details

Version: 1.2.4
Check: examples
Result: ERROR
    Running examples in ‘useful-Ex.R’ failed
    The error most likely occurred in:
    
    > base::assign(".ptime", proc.time(), pos = "CheckExEnv")
    > ### Name: plot.kmeans
    > ### Title: plot.kmeans
    > ### Aliases: plot.kmeans
    >
    > ### ** Examples
    >
    >
    > k1 <- kmeans(x=iris[, 1:4], centers=3)
    > plot(k1)
    Error in xy.coords(x, y, xlabel, ylabel, log) :
     'x' is a list, but does not have components 'x' and 'y'
    Calls: plot -> plot.default -> xy.coords
    Execution halted
Flavors: r-devel-linux-x86_64-debian-clang, r-devel-linux-x86_64-debian-gcc, r-release-linux-x86_64

Version: 1.2.3
Check: examples
Result: ERROR
    Running examples in ‘useful-Ex.R’ failed
    The error most likely occurred in:
    
    > base::assign(".ptime", proc.time(), pos = "CheckExEnv")
    > ### Name: plot.kmeans
    > ### Title: plot.kmeans
    > ### Aliases: plot.kmeans
    >
    > ### ** Examples
    >
    >
    > k1 <- kmeans(x=iris[, 1:4], centers=3)
    > plot(k1)
    Error in xy.coords(x, y, xlabel, ylabel, log) :
     'x' is a list, but does not have components 'x' and 'y'
    Calls: plot -> plot.default -> xy.coords
    Execution halted
Flavor: r-patched-linux-x86_64