CRAN Package Check Results for Package useful

Last updated on 2015-09-01 19:47:38.

Flavor Version Tinstall Tcheck Ttotal Status Flags
r-devel-linux-x86_64-debian-clang 1.1.8 1.51 23.53 25.04 WARN
r-devel-linux-x86_64-debian-gcc 1.1.8 1.53 23.38 24.90 WARN
r-devel-linux-x86_64-fedora-clang 1.1.8 50.55 WARN
r-devel-linux-x86_64-fedora-gcc 1.1.8 48.85 WARN
r-devel-osx-x86_64-clang 1.1.8 43.07 WARN
r-devel-windows-ix86+x86_64 1.1.8 10.00 49.00 59.00 WARN
r-patched-linux-x86_64 1.1.8 1.72 24.93 26.65 WARN
r-patched-solaris-sparc 1.1.8 340.60 WARN
r-patched-solaris-x86 1.1.8 75.20 WARN
r-release-linux-x86_64 1.1.8 1.59 25.12 26.71 WARN
r-release-osx-x86_64-mavericks 1.1.8 NOTE
r-release-windows-ix86+x86_64 1.1.8 8.00 46.00 54.00 WARN
r-oldrel-windows-ix86+x86_64 1.1.8 14.00 89.00 103.00 OK

Check Details

Version: 1.1.8
Check: DESCRIPTION meta-information
Result: NOTE
    Malformed Description field: should contain one or more complete sentences.
Flavors: r-devel-linux-x86_64-debian-clang, r-devel-linux-x86_64-debian-gcc, r-devel-linux-x86_64-fedora-clang, r-devel-linux-x86_64-fedora-gcc, r-devel-osx-x86_64-clang, r-devel-windows-ix86+x86_64, r-patched-linux-x86_64, r-patched-solaris-sparc, r-patched-solaris-x86, r-release-linux-x86_64, r-release-osx-x86_64-mavericks, r-release-windows-ix86+x86_64

Version: 1.1.8
Check: use of S3 registration
Result: WARN
    Registered S3 method from a standard package overwritten by 'useful':
     method from
     plot.acf stats
Flavors: r-devel-linux-x86_64-debian-clang, r-devel-linux-x86_64-debian-gcc, r-devel-linux-x86_64-fedora-clang, r-devel-linux-x86_64-fedora-gcc, r-devel-osx-x86_64-clang, r-devel-windows-ix86+x86_64, r-patched-linux-x86_64, r-patched-solaris-sparc, r-patched-solaris-x86, r-release-linux-x86_64, r-release-windows-ix86+x86_64

Version: 1.1.8
Check: R code for possible problems
Result: NOTE
    FitKMeans: no visible global function definition for ‘kmeans’
    build.formula: no visible global function definition for ‘as.formula’
    build.x: no visible global function definition for ‘model.matrix’
    build.x: no visible global function definition for ‘terms’
    build.y: no visible global function definition for ‘model.frame’
    corner.default: no visible global function definition for ‘head’
    fortify.kmeans: no visible global function definition for ‘cmdscale’
    fortify.kmeans: no visible global function definition for ‘dist’
    plotTimesSeries: no visible binding for global variable ‘na.fail’
    Undefined global functions or variables:
     as.formula cmdscale dist head kmeans model.frame model.matrix na.fail
     terms
    Consider adding
     importFrom("stats", "as.formula", "cmdscale", "dist", "kmeans",
     "model.frame", "model.matrix", "na.fail", "terms")
     importFrom("utils", "head")
    to your NAMESPACE.
Flavors: r-devel-linux-x86_64-debian-clang, r-devel-linux-x86_64-debian-gcc, r-devel-linux-x86_64-fedora-clang, r-devel-linux-x86_64-fedora-gcc, r-devel-windows-ix86+x86_64