CRAN Package Check Results for Package useful

Last updated on 2015-03-01 11:47:44.

Flavor Version Tinstall Tcheck Ttotal Status Flags
r-devel-linux-x86_64-debian-clang 1.1.8 1.61 24.51 26.12 WARN
r-devel-linux-x86_64-debian-gcc 1.1.8 1.56 23.84 25.41 WARN
r-devel-linux-x86_64-fedora-clang 1.1.8 52.19 WARN
r-devel-linux-x86_64-fedora-gcc 1.1.8 49.76 WARN
r-devel-osx-x86_64-clang 1.1.8 51.08 WARN
r-devel-windows-ix86+x86_64 1.1.8 9.00 43.00 52.00 WARN
r-patched-linux-x86_64 1.1.8 2.29 31.47 33.76 OK
r-patched-solaris-sparc 1.1.8 379.10 OK
r-patched-solaris-x86 1.1.8 87.30 OK
r-release-linux-ix86 1.1.8 2.38 39.26 41.64 OK
r-release-linux-x86_64 1.1.8 2.26 31.58 33.84 OK
r-release-osx-x86_64-mavericks 1.1.8 OK
r-release-osx-x86_64-snowleopard 1.1.8 OK
r-release-windows-ix86+x86_64 1.1.8 8.00 59.00 67.00 OK
r-oldrel-windows-ix86+x86_64 1.1.8 8.00 52.00 60.00 OK

Check Details

Version: 1.1.8
Check: DESCRIPTION meta-information
Result: NOTE
    Malformed Description field: should contain one or more complete sentences.
Flavors: r-devel-linux-x86_64-debian-clang, r-devel-linux-x86_64-debian-gcc, r-devel-linux-x86_64-fedora-clang, r-devel-linux-x86_64-fedora-gcc, r-devel-osx-x86_64-clang, r-devel-windows-ix86+x86_64

Version: 1.1.8
Check: use of S3 registration
Result: WARN
    Registered S3 method from a standard package overwritten by 'useful':
     method from
     plot.acf stats
Flavors: r-devel-linux-x86_64-debian-clang, r-devel-linux-x86_64-debian-gcc, r-devel-linux-x86_64-fedora-clang, r-devel-linux-x86_64-fedora-gcc, r-devel-osx-x86_64-clang, r-devel-windows-ix86+x86_64