CRAN Package Check Results for Package useful

Last updated on 2016-05-26 21:49:45.

Flavor Version Tinstall Tcheck Ttotal Status Flags
r-devel-linux-x86_64-debian-gcc 1.2.0 1.95 28.26 30.21 ERROR
r-devel-linux-x86_64-fedora-clang 1.2.0 54.77 ERROR
r-devel-linux-x86_64-fedora-gcc 1.2.0 52.74 ERROR
r-devel-osx-x86_64-clang 1.2.0 61.12 ERROR
r-devel-windows-ix86+x86_64 1.2.0 7.00 57.00 64.00 ERROR
r-patched-linux-x86_64 1.2.0 2.08 27.51 29.59 ERROR
r-patched-solaris-sparc 1.2.0 346.20 ERROR
r-patched-solaris-x86 1.2.0 73.30 ERROR
r-release-linux-x86_64 1.2.0 2.05 27.43 29.48 ERROR
r-release-osx-x86_64-mavericks 1.2.0 ERROR
r-release-windows-ix86+x86_64 1.2.0 9.00 54.00 63.00 ERROR
r-oldrel-windows-ix86+x86_64 1.2.0 7.00 52.00 59.00 ERROR

Check Details

Version: 1.2.0
Check: tests
Result: ERROR
    Running the tests in ‘tests/testthat.R’ failed.
    Last 13 lines of output:
    
    
     4. Failure: simple.impute.default properly imputes the mean (@test-simple-impute.r#41)
     all.equal(...) produced no output
    
    
     testthat results ================================================================
     OK: 324 SKIPPED: 0 FAILED: 4
     1. Failure: simple.impute.default properly imputes the mean (@test-simple-impute.r#32)
     2. Failure: simple.impute.default properly imputes the mean (@test-simple-impute.r#35)
     3. Failure: simple.impute.default properly imputes the mean (@test-simple-impute.r#38)
     4. Failure: simple.impute.default properly imputes the mean (@test-simple-impute.r#41)
    
     Error: testthat unit tests failed
     Execution halted
Flavors: r-devel-linux-x86_64-debian-gcc, r-devel-linux-x86_64-fedora-clang, r-devel-linux-x86_64-fedora-gcc, r-devel-osx-x86_64-clang, r-devel-windows-ix86+x86_64

Version: 1.2.0
Check: tests
Result: ERROR
    Running the tests in ‘tests/testthat.R’ failed.
    Last 13 lines of output:
     4. Failure: simple.impute.default properly imputes the mean (@test-simple-impute.r#41)
     all.equal(...) produced no output
    
    
     testthat results ================================================================
     OK: 324 SKIPPED: 0 FAILED: 4
     1. Failure: simple.impute.default properly imputes the mean (@test-simple-impute.r#32)
     2. Failure: simple.impute.default properly imputes the mean (@test-simple-impute.r#35)
     3. Failure: simple.impute.default properly imputes the mean (@test-simple-impute.r#38)
     4. Failure: simple.impute.default properly imputes the mean (@test-simple-impute.r#41)
    
     Error: testthat unit tests failed
     Execution halted
Flavors: r-patched-linux-x86_64, r-patched-solaris-sparc, r-patched-solaris-x86, r-release-linux-x86_64, r-release-osx-x86_64-mavericks, r-release-windows-ix86+x86_64, r-oldrel-windows-ix86+x86_64