CRAN Package Check Results for Package useful

Last updated on 2014-04-23 17:47:56.

Flavor Version Tinstall Tcheck Ttotal Status Flags
r-devel-linux-x86_64-debian-clang 1.1.8 2.23 32.53 34.76 OK
r-devel-linux-x86_64-debian-gcc 1.1.8 2.05 31.78 33.82 OK
r-devel-linux-x86_64-fedora-clang 1.1.8 69.00 OK
r-devel-linux-x86_64-fedora-gcc 1.1.8 67.03 OK
r-devel-osx-x86_64-clang 1.1.8 70.51 OK
r-devel-osx-x86_64-gcc 1.1.8 ERROR
r-devel-windows-ix86+x86_64 1.1.8 6.00 50.00 56.00 OK
r-patched-linux-x86_64 1.1.8 2.04 33.29 35.34 OK
r-patched-solaris-sparc 1.1.8 387.80 OK
r-patched-solaris-x86 1.1.8 88.30 OK
r-release-linux-ix86 1.1.8 4.00 58.00 62.00 OK
r-release-linux-x86_64 1.1.8 2.74 32.94 35.68 OK
r-release-osx-x86_64-mavericks 1.1.8 WARN
r-release-osx-x86_64-snowleopard 1.1.8 OK
r-release-windows-ix86+x86_64 1.1.8 7.00 48.00 55.00 OK
r-oldrel-windows-ix86+x86_64 1.1.8 7.00 48.00 55.00 OK

Check Details

Version: 1.1.8
Check: package dependencies
Result: ERROR
    Packages required but not available: ‘ggplot2’ ‘scales’
    
    See the information on DESCRIPTION files in the chapter ‘Creating R
    packages’ of the ‘Writing R Extensions’ manual.
Flavor: r-devel-osx-x86_64-gcc

Version: 1.1.8
Check: PDF version of manual
Result: WARNING
    LaTeX errors when creating PDF version.
    This typically indicates Rd problems.
    LaTeX errors found:
    ! LaTeX Error: File `upquote.sty' not found.
    
    Type X to quit or <RETURN> to proceed,
    or enter new name. (Default extension: sty)
    
    72690ebc/Rd2.tex:8: ==> Fatal error occurred, no output PDF file produced!
Flavor: r-release-osx-x86_64-mavericks